{"id":123,"date":"2016-08-18T14:39:31","date_gmt":"2016-08-18T12:39:31","guid":{"rendered":"http:\/\/www.festivals.be\/festivals-belgique\/?page_id=123"},"modified":"2016-08-18T14:39:31","modified_gmt":"2016-08-18T12:39:31","slug":"les-ardentes","status":"publish","type":"page","link":"https:\/\/www.festivals.be\/festivals-belgique\/festivals\/musique\/rock-et-divers\/les-ardentes\/","title":{"rendered":"Les Ardentes"},"content":{"rendered":"<p>Le festival li\u00e9geois accueille chaque ann\u00e9e 90.000 spectateurs pour une affiche tr\u00e8s vari\u00e9e, entre rock, chanson fran\u00e7aise, hip-hop &#8230; et stars internationales.<\/p>\n","protected":false},"excerpt":{"rendered":"<p>Le festival li\u00e9geois accueille chaque ann\u00e9e 90.000 spectateurs pour une affiche tr\u00e8s vari\u00e9e, entre rock, chanson fran\u00e7aise, hip-hop &#8230; et stars internationales.<\/p>\n","protected":false},"author":1,"featured_media":0,"parent":18,"menu_order":0,"comment_status":"closed","ping_status":"closed","template":"","meta":{"jetpack_post_was_ever_published":false,"footnotes":""},"class_list":["post-123","page","type-page","status-publish","hentry"],"aioseo_notices":[],"jetpack_sharing_enabled":true,"jetpack_shortlink":"https:\/\/wp.me\/P7Iv6j-1Z","jetpack_likes_enabled":true,"jetpack-related-posts":[],"_links":{"self":[{"href":"https:\/\/www.festivals.be\/festivals-belgique\/wp-json\/wp\/v2\/pages\/123","targetHints":{"allow":["GET"]}}],"collection":[{"href":"https:\/\/www.festivals.be\/festivals-belgique\/wp-json\/wp\/v2\/pages"}],"about":[{"href":"https:\/\/www.festivals.be\/festivals-belgique\/wp-json\/wp\/v2\/types\/page"}],"author":[{"embeddable":true,"href":"https:\/\/www.festivals.be\/festivals-belgique\/wp-json\/wp\/v2\/users\/1"}],"replies":[{"embeddable":true,"href":"https:\/\/www.festivals.be\/festivals-belgique\/wp-json\/wp\/v2\/comments?post=123"}],"version-history":[{"count":1,"href":"https:\/\/www.festivals.be\/festivals-belgique\/wp-json\/wp\/v2\/pages\/123\/revisions"}],"predecessor-version":[{"id":124,"href":"https:\/\/www.festivals.be\/festivals-belgique\/wp-json\/wp\/v2\/pages\/123\/revisions\/124"}],"up":[{"embeddable":true,"href":"https:\/\/www.festivals.be\/festivals-belgique\/wp-json\/wp\/v2\/pages\/18"}],"wp:attachment":[{"href":"https:\/\/www.festivals.be\/festivals-belgique\/wp-json\/wp\/v2\/media?parent=123"}],"curies":[{"name":"wp","href":"https:\/\/api.w.org\/{rel}","templated":true}]}}

<p>Le festival liégeois accueille chaque année 90.000 spectateurs pour une affiche très variée, entre rock, chanson française, hip-hop &#8230; et stars internationales.</p>
