{"id":151,"date":"2016-09-05T13:28:38","date_gmt":"2016-09-05T11:28:38","guid":{"rendered":"http:\/\/www.festivals.be\/festivals-belgique\/?page_id=151"},"modified":"2016-09-05T13:28:38","modified_gmt":"2016-09-05T11:28:38","slug":"wardin-rock","status":"publish","type":"page","link":"https:\/\/www.festivals.be\/festivals-belgique\/festivals\/musique\/rock-et-divers\/wardin-rock\/","title":{"rendered":"Ward&rsquo;in Rock"},"content":{"rendered":"<p>Le <strong>festival Ward&rsquo;in Rock<\/strong> se tient depuis 1996 dans la petite ville de Wardin, pr\u00e8s de Bastogne dans les Ardennes.<\/p>\n<p>Lors de l&rsquo;\u00e9dition 2016, 9.000 festivaliers ont assist\u00e9 au <strong>Ward&rsquo;in Rock<\/strong>.<\/p>\n<p>Website : <a href=\"http:\/\/www.wardinrock.be\">wardinrock.be<\/a><\/p>\n","protected":false},"excerpt":{"rendered":"<p>Le festival Ward&rsquo;in Rock se tient depuis 1996 dans la petite ville de Wardin, pr\u00e8s de Bastogne dans les Ardennes. Lors de l&rsquo;\u00e9dition 2016, 9.000 festivaliers ont assist\u00e9 au Ward&rsquo;in &hellip; <a href=\"https:\/\/www.festivals.be\/festivals-belgique\/festivals\/musique\/rock-et-divers\/wardin-rock\/\" class=\"more-link\">Continuer la lecture<span class=\"screen-reader-text\"> de &laquo;&nbsp;Ward&rsquo;in Rock&nbsp;&raquo;<\/span><\/a><\/p>\n","protected":false},"author":1,"featured_media":0,"parent":18,"menu_order":0,"comment_status":"closed","ping_status":"closed","template":"","meta":{"jetpack_post_was_ever_published":false,"footnotes":""},"class_list":["post-151","page","type-page","status-publish","hentry"],"aioseo_notices":[],"jetpack_sharing_enabled":true,"jetpack_shortlink":"https:\/\/wp.me\/P7Iv6j-2r","jetpack_likes_enabled":true,"jetpack-related-posts":[{"id":121,"url":"https:\/\/www.festivals.be\/festivals-belgique\/festivals\/musique\/rock-et-divers\/rock-werchter\/","url_meta":{"origin":151,"position":0},"title":"Rock Werchter","author":"Admin","date":"18 ao\u00fbt 2016","format":false,"excerpt":"Chaque ann\u00e9e plus de 80.000 festivaliers par jour, Rock Werchter est LE festival rock incontournable en Belgique.","rel":"","context":"Article similaire","block_context":{"text":"Article similaire","link":""},"img":{"alt_text":"","src":"","width":0,"height":0},"classes":[]},{"id":18,"url":"https:\/\/www.festivals.be\/festivals-belgique\/festivals\/musique\/rock-et-divers\/","url_meta":{"origin":151,"position":1},"title":"Rock et divers","author":"Admin","date":"13 juillet 2016","format":false,"excerpt":"Tous les festivals rock.","rel":"","context":"Article similaire","block_context":{"text":"Article similaire","link":""},"img":{"alt_text":"","src":"","width":0,"height":0},"classes":[]},{"id":446,"url":"https:\/\/www.festivals.be\/festivals-belgique\/festivals\/musique\/rock-et-divers\/belzik\/","url_meta":{"origin":151,"position":2},"title":"Belzik","author":"Admin","date":"23 mars 2017","format":false,"excerpt":"Le festival Bel'Zik se d\u00e9roule \u00e0 Herve sur 4 jours. Pendant ce long weekend le festival accueille des artistes rock et de chanson fran\u00e7aise \"grand public\" et se veut un \u00e9v\u00e9nement tr\u00e8s familial. L'entr\u00e9e est gratuite pour les enfants de moins de 10 ans. La premi\u00e8re \u00e9dition du festival a\u2026","rel":"","context":"Article similaire","block_context":{"text":"Article similaire","link":""},"img":{"alt_text":"Belzik","src":"https:\/\/i0.wp.com\/www.festivals.be\/festivals-belgique\/wp-content\/uploads\/2017\/03\/logoBelzik.png?resize=350%2C200","width":350,"height":200},"classes":[]},{"id":123,"url":"https:\/\/www.festivals.be\/festivals-belgique\/festivals\/musique\/rock-et-divers\/les-ardentes\/","url_meta":{"origin":151,"position":3},"title":"Les Ardentes","author":"Admin","date":"18 ao\u00fbt 2016","format":false,"excerpt":"Le festival li\u00e9geois accueille chaque ann\u00e9e 90.000 spectateurs pour une affiche tr\u00e8s vari\u00e9e, entre rock, chanson fran\u00e7aise, hip-hop ... et stars internationales.","rel":"","context":"Article similaire","block_context":{"text":"Article similaire","link":""},"img":{"alt_text":"","src":"","width":0,"height":0},"classes":[]},{"id":310,"url":"https:\/\/www.festivals.be\/festivals-belgique\/festivals\/musique\/rock-et-divers\/tw-classic\/","url_meta":{"origin":151,"position":4},"title":"TW Classic","author":"Admin","date":"2 mars 2017","format":false,"excerpt":"Le festival TW Classic est un festival d'un jour. Chaque ann\u00e9e une t\u00eate d'affiche de tr\u00e8s haut vol donne le ton \u00e0 une journ\u00e9e traditionnellement tr\u00e8s \"rock\" ! Date de la prochaine \u00e9dition : TW Classic 2017, le 24 juin 2017 Site internet : TW Classic \u00a0","rel":"","context":"Article similaire","block_context":{"text":"Article similaire","link":""},"img":{"alt_text":"","src":"","width":0,"height":0},"classes":[]},{"id":178,"url":"https:\/\/www.festivals.be\/festivals-belgique\/festivals\/musique\/rock-et-divers\/les-nuits-botanique\/","url_meta":{"origin":151,"position":5},"title":"Les Nuits Botanique","author":"Admin","date":"1 mars 2017","format":false,"excerpt":"Le festival Les Nuits Botaniques, que les intimes appellent \"Les Nuits\" est une magnifique vitrine annuelle sur ce que la pop, le rock, l'\u00e9lectro et toutes les autres musiques proposent de plus prometteur. Des artistes confirm\u00e9s comme des jeunes pousses belges et internationales se succ\u00e8dent sur l'ensemble des sc\u00e8nes du\u2026","rel":"","context":"Article similaire","block_context":{"text":"Article similaire","link":""},"img":{"alt_text":"","src":"","width":0,"height":0},"classes":[]}],"_links":{"self":[{"href":"https:\/\/www.festivals.be\/festivals-belgique\/wp-json\/wp\/v2\/pages\/151","targetHints":{"allow":["GET"]}}],"collection":[{"href":"https:\/\/www.festivals.be\/festivals-belgique\/wp-json\/wp\/v2\/pages"}],"about":[{"href":"https:\/\/www.festivals.be\/festivals-belgique\/wp-json\/wp\/v2\/types\/page"}],"author":[{"embeddable":true,"href":"https:\/\/www.festivals.be\/festivals-belgique\/wp-json\/wp\/v2\/users\/1"}],"replies":[{"embeddable":true,"href":"https:\/\/www.festivals.be\/festivals-belgique\/wp-json\/wp\/v2\/comments?post=151"}],"version-history":[{"count":1,"href":"https:\/\/www.festivals.be\/festivals-belgique\/wp-json\/wp\/v2\/pages\/151\/revisions"}],"predecessor-version":[{"id":152,"href":"https:\/\/www.festivals.be\/festivals-belgique\/wp-json\/wp\/v2\/pages\/151\/revisions\/152"}],"up":[{"embeddable":true,"href":"https:\/\/www.festivals.be\/festivals-belgique\/wp-json\/wp\/v2\/pages\/18"}],"wp:attachment":[{"href":"https:\/\/www.festivals.be\/festivals-belgique\/wp-json\/wp\/v2\/media?parent=151"}],"curies":[{"name":"wp","href":"https:\/\/api.w.org\/{rel}","templated":true}]}}

<p>Le <strong>festival Ward&rsquo;in Rock</strong> se tient depuis 1996 dans la petite ville de Wardin, près de Bastogne dans les Ardennes.</p>
<p>Lors de l&rsquo;édition 2016, 9.000 festivaliers ont assisté au <strong>Ward&rsquo;in Rock</strong>.</p>
<p>Website : <a href="http://www.wardinrock.be">wardinrock.be</a></p>

<p>Le festival Ward&rsquo;in Rock se tient depuis 1996 dans la petite ville de Wardin, près de Bastogne dans les Ardennes. Lors de l&rsquo;édition 2016, 9.000 festivaliers ont assisté au Ward&rsquo;in &hellip; <a href="https://www.festivals.be/festivals-belgique/festivals/musique/rock-et-divers/wardin-rock/" class="more-link">Continuer la lecture<span class="screen-reader-text"> de &laquo;&nbsp;Ward&rsquo;in Rock&nbsp;&raquo;</span></a></p>

18 août 2016

Chaque année plus de 80.000 festivaliers par jour, Rock Werchter est LE festival rock incontournable en Belgique.

Le festival Bel'Zik se déroule à Herve sur 4 jours. Pendant ce long weekend le festival accueille des artistes rock et de chanson française "grand public" et se veut un événement très familial. L'entrée est gratuite pour les enfants de moins de 10 ans. La première édition du festival a…

Le festival liégeois accueille chaque année 90.000 spectateurs pour une affiche très variée, entre rock, chanson française, hip-hop ... et stars internationales.

Le festival TW Classic est un festival d'un jour. Chaque année une tête d'affiche de très haut vol donne le ton à une journée traditionnellement très "rock" ! Date de la prochaine édition : TW Classic 2017, le 24 juin 2017 Site internet : TW Classic

Le festival Les Nuits Botaniques, que les intimes appellent "Les Nuits" est une magnifique vitrine annuelle sur ce que la pop, le rock, l'électro et toutes les autres musiques proposent de plus prometteur. Des artistes confirmés comme des jeunes pousses belges et internationales se succèdent sur l'ensemble des scènes du…
