{"id":158,"date":"2016-09-28T15:16:50","date_gmt":"2016-09-28T13:16:50","guid":{"rendered":"http:\/\/www.festivals.be\/festivals-belgique\/?page_id=158"},"modified":"2016-09-28T15:16:50","modified_gmt":"2016-09-28T13:16:50","slug":"nocturnes-de-lulb","status":"publish","type":"page","link":"https:\/\/www.festivals.be\/festivals-belgique\/festivals\/musique\/rock-et-divers\/nocturnes-de-lulb\/","title":{"rendered":"Nocturnes de l&rsquo;ULB"},"content":{"rendered":"<p>Le <strong>festival<\/strong>\u00a0Les <strong>Nocturnes de l&rsquo;ULB<\/strong> a lieu chaque ann\u00e9e peu apr\u00e8s la rentr\u00e9e acad\u00e9mique sur le campus de la Plaine entre Ixelles et Etterbeek, \u00e0 Bruxelles.<\/p>\n<p>Site internet :\u00a0<a href=\"https:\/\/www.nocturneulb.com\/\">https:\/\/www.nocturneulb.com\/<\/a><\/p>\n<p>&nbsp;<\/p>\n","protected":false},"excerpt":{"rendered":"<p>Le festival\u00a0Les Nocturnes de l&rsquo;ULB a lieu chaque ann\u00e9e peu apr\u00e8s la rentr\u00e9e acad\u00e9mique sur le campus de la Plaine entre Ixelles et Etterbeek, \u00e0 Bruxelles. Site internet :\u00a0https:\/\/www.nocturneulb.com\/ &nbsp;<\/p>\n","protected":false},"author":1,"featured_media":0,"parent":18,"menu_order":0,"comment_status":"closed","ping_status":"closed","template":"","meta":{"jetpack_post_was_ever_published":false,"footnotes":""},"class_list":["post-158","page","type-page","status-publish","hentry"],"aioseo_notices":[],"jetpack_sharing_enabled":true,"jetpack_shortlink":"https:\/\/wp.me\/P7Iv6j-2y","jetpack_likes_enabled":true,"jetpack-related-posts":[{"id":67,"url":"https:\/\/www.festivals.be\/festivals-belgique\/legal\/","url_meta":{"origin":158,"position":0},"title":"Legal","author":"Admin","date":"13 juillet 2016","format":false,"excerpt":"Notice l\u00e9gale importante Merci de lire attentivement cette notice l\u00e9gale avant de vous inscrire sur le site Festivals.be ou d'y communiquer des informations personnelles. Informations pour les visiteurs de Festivals Belgique \u2022 L'utilisation du site Festivals.be est r\u00e9serv\u00e9e aux personnes majeures (\u00e2g\u00e9es de plus de 18 ans) et qui r\u00e9sident\u2026","rel":"","context":"Article similaire","block_context":{"text":"Article similaire","link":""},"img":{"alt_text":"","src":"","width":0,"height":0},"classes":[]},{"id":463,"url":"https:\/\/www.festivals.be\/festivals-belgique\/festivals\/musique\/jazz\/jazz-a-liege\/","url_meta":{"origin":158,"position":1},"title":"Jazz \u00e0 Li\u00e8ge","author":"Admin","date":"27 avril 2017","format":false,"excerpt":"Plus de 25 ans d'existence pour festival incontournable pour tous les amateurs de jazz. Les plus grands noms se succ\u00e8dent sur diff\u00e9rentes sc\u00e8nes li\u00e9geoise l'espace d'un long weekend. Prochaine \u00e9dition : Jazz \u00e0 Li\u00e8ge 2017, du 11 au 13 mai 2017 Site internet : Jazz \u00e0 Li\u00e8ge \u00a0 \u00a0","rel":"","context":"Article similaire","block_context":{"text":"Article similaire","link":""},"img":{"alt_text":"Mithra Jazz \u00e0 Li\u00e8ge","src":"https:\/\/i0.wp.com\/www.festivals.be\/festivals-belgique\/wp-content\/uploads\/2017\/04\/jazz_a_liege-213x300.png?resize=350%2C200","width":350,"height":200},"classes":[]},{"id":118,"url":"https:\/\/www.festivals.be\/festivals-belgique\/festivals\/musique\/rock-et-divers\/francofolies-de-spa\/","url_meta":{"origin":158,"position":2},"title":"Francofolies de Spa","author":"Admin","date":"18 ao\u00fbt 2016","format":false,"excerpt":"En fran\u00e7ais ... et en famille. La ville de Spa accueille chaque ann\u00e9e durant le mois de juillet le festival tr\u00e8s familial des Francofolies, aussi bien connu sous le petit nom : \"Les Francos\" ! Inspir\u00e9 par le festival fran\u00e7ais les Francofolies de La Rochelle, cr\u00e9\u00e9 en 1985, la version\u2026","rel":"","context":"Article similaire","block_context":{"text":"Article similaire","link":""},"img":{"alt_text":"Francofolies","src":"https:\/\/i0.wp.com\/www.festivals.be\/festivals-belgique\/wp-content\/uploads\/2016\/08\/Francofolies-300x300.jpg?resize=350%2C200","width":350,"height":200},"classes":[]},{"id":13,"url":"https:\/\/www.festivals.be\/festivals-belgique\/festivals\/","url_meta":{"origin":158,"position":3},"title":"Festivals","author":"Admin","date":"13 juillet 2016","format":false,"excerpt":"Tous les festivals en Belgique. Agenda des festivals en Belgique Senneffe\u00a0 Waterlol\u00a0 Rock system\u00a0 Un festival\u00a0 Belzik\u00a0 Listen\u00a0 La smalla\u00a0 Avril en ville\u00a0 Confluent jazz festival\u00a0 Forest Sounds\u00a0 Kikk\u00a0 Into the blue\u00a0 Vibrations \u00e0 Malmedy Le refuge\u00a0 Fiestacity verviers\u00a0 Brdcst - broadcast \u00e0 l' Ancienne Belgique\u00a0 Le jour le plus\u2026","rel":"","context":"Article similaire","block_context":{"text":"Article similaire","link":""},"img":{"alt_text":"","src":"","width":0,"height":0},"classes":[]},{"id":2,"url":"https:\/\/www.festivals.be\/festivals-belgique\/page-d-exemple\/","url_meta":{"origin":158,"position":4},"title":"Page d&rsquo;exemple","author":"Admin","date":"13 juillet 2016","format":false,"excerpt":"Voici un exemple de page. Elle est diff\u00e9rente d'un article de blog, en cela qu'elle restera \u00e0 la m\u00eame place, et s'affichera dans le menu de navigation de votre site (en fonction de votre th\u00e8me). La plupart des gens commencent par \u00e9crire une page \u00ab \u00c0 Propos \u00bb qui les\u2026","rel":"","context":"Article similaire","block_context":{"text":"Article similaire","link":""},"img":{"alt_text":"","src":"","width":0,"height":0},"classes":[]},{"id":247,"url":"https:\/\/www.festivals.be\/festivals-belgique\/festivals\/musique\/metal\/alcatraz-metal-festival\/","url_meta":{"origin":158,"position":5},"title":"Alcatraz Metal Festival","author":"Admin","date":"2 mars 2017","format":false,"excerpt":"Alcatraz est un festival de m\u00e9tal qui a vu le jour en 2009. Le festival n'a fait que grandir tout au long de ces derni\u00e8res ann\u00e9es avec une affiche de plus en plus qualitative, accueillant des groupes \u00e0 la renomm\u00e9e internationale et donnant de la visibilit\u00e9 aux groupes belges. Une\u2026","rel":"","context":"Article similaire","block_context":{"text":"Article similaire","link":""},"img":{"alt_text":"Alcatraz Metal Festival","src":"https:\/\/i0.wp.com\/www.festivals.be\/festivals-belgique\/wp-content\/uploads\/2017\/03\/Alcatraz-300x90.jpg?resize=350%2C200","width":350,"height":200,"srcset":"https:\/\/i0.wp.com\/www.festivals.be\/festivals-belgique\/wp-content\/uploads\/2017\/03\/Alcatraz-300x90.jpg?resize=350%2C200 1x, https:\/\/i0.wp.com\/www.festivals.be\/festivals-belgique\/wp-content\/uploads\/2017\/03\/Alcatraz-300x90.jpg?resize=525%2C300 1.5x, https:\/\/i0.wp.com\/www.festivals.be\/festivals-belgique\/wp-content\/uploads\/2017\/03\/Alcatraz-300x90.jpg?resize=700%2C400 2x"},"classes":[]}],"_links":{"self":[{"href":"https:\/\/www.festivals.be\/festivals-belgique\/wp-json\/wp\/v2\/pages\/158","targetHints":{"allow":["GET"]}}],"collection":[{"href":"https:\/\/www.festivals.be\/festivals-belgique\/wp-json\/wp\/v2\/pages"}],"about":[{"href":"https:\/\/www.festivals.be\/festivals-belgique\/wp-json\/wp\/v2\/types\/page"}],"author":[{"embeddable":true,"href":"https:\/\/www.festivals.be\/festivals-belgique\/wp-json\/wp\/v2\/users\/1"}],"replies":[{"embeddable":true,"href":"https:\/\/www.festivals.be\/festivals-belgique\/wp-json\/wp\/v2\/comments?post=158"}],"version-history":[{"count":1,"href":"https:\/\/www.festivals.be\/festivals-belgique\/wp-json\/wp\/v2\/pages\/158\/revisions"}],"predecessor-version":[{"id":159,"href":"https:\/\/www.festivals.be\/festivals-belgique\/wp-json\/wp\/v2\/pages\/158\/revisions\/159"}],"up":[{"embeddable":true,"href":"https:\/\/www.festivals.be\/festivals-belgique\/wp-json\/wp\/v2\/pages\/18"}],"wp:attachment":[{"href":"https:\/\/www.festivals.be\/festivals-belgique\/wp-json\/wp\/v2\/media?parent=158"}],"curies":[{"name":"wp","href":"https:\/\/api.w.org\/{rel}","templated":true}]}}

<p>Le <strong>festival</strong> Les <strong>Nocturnes de l&rsquo;ULB</strong> a lieu chaque année peu après la rentrée académique sur le campus de la Plaine entre Ixelles et Etterbeek, à Bruxelles.</p>
<p>Site internet : <a href="https://www.nocturneulb.com/">https://www.nocturneulb.com/</a></p>
<p>&nbsp;</p>

<p>Le festival Les Nocturnes de l&rsquo;ULB a lieu chaque année peu après la rentrée académique sur le campus de la Plaine entre Ixelles et Etterbeek, à Bruxelles. Site internet : https://www.nocturneulb.com/ &nbsp;</p>

Notice légale importante Merci de lire attentivement cette notice légale avant de vous inscrire sur le site Festivals.be ou d'y communiquer des informations personnelles. Informations pour les visiteurs de Festivals Belgique • L'utilisation du site Festivals.be est réservée aux personnes majeures (âgées de plus de 18 ans) et qui résident…

Jazz à Liège

Plus de 25 ans d'existence pour festival incontournable pour tous les amateurs de jazz. Les plus grands noms se succèdent sur différentes scènes liégeoise l'espace d'un long weekend. Prochaine édition : Jazz à Liège 2017, du 11 au 13 mai 2017 Site internet : Jazz à Liège

Mithra Jazz à Liège

18 août 2016

En français ... et en famille. La ville de Spa accueille chaque année durant le mois de juillet le festival très familial des Francofolies, aussi bien connu sous le petit nom : "Les Francos" ! Inspiré par le festival français les Francofolies de La Rochelle, créé en 1985, la version…

Tous les festivals en Belgique. Agenda des festivals en Belgique Senneffe  Waterlol  Rock system  Un festival  Belzik  Listen  La smalla  Avril en ville  Confluent jazz festival  Forest Sounds  Kikk  Into the blue  Vibrations à Malmedy Le refuge  Fiestacity verviers  Brdcst - broadcast à l' Ancienne Belgique  Le jour le plus…

Voici un exemple de page. Elle est différente d'un article de blog, en cela qu'elle restera à la même place, et s'affichera dans le menu de navigation de votre site (en fonction de votre thème). La plupart des gens commencent par écrire une page « À Propos » qui les…

Alcatraz est un festival de métal qui a vu le jour en 2009. Le festival n'a fait que grandir tout au long de ces dernières années avec une affiche de plus en plus qualitative, accueillant des groupes à la renommée internationale et donnant de la visibilité aux groupes belges. Une…
