{"id":16,"date":"2016-07-13T20:36:00","date_gmt":"2016-07-13T18:36:00","guid":{"rendered":"http:\/\/www.festivals.be\/festivals-belgique\/?page_id=16"},"modified":"2016-07-13T20:36:00","modified_gmt":"2016-07-13T18:36:00","slug":"musique","status":"publish","type":"page","link":"https:\/\/www.festivals.be\/festivals-belgique\/festivals\/musique\/","title":{"rendered":"Musique"},"content":{"rendered":"<p>Liste de tous les festivals de musique en Belgique.<\/p>\n","protected":false},"excerpt":{"rendered":"<p>Liste de tous les festivals de musique en Belgique.<\/p>\n","protected":false},"author":1,"featured_media":0,"parent":13,"menu_order":0,"comment_status":"closed","ping_status":"closed","template":"","meta":{"jetpack_post_was_ever_published":false,"footnotes":""},"class_list":["post-16","page","type-page","status-publish","hentry"],"aioseo_notices":[],"jetpack_sharing_enabled":true,"jetpack_shortlink":"https:\/\/wp.me\/P7Iv6j-g","jetpack_likes_enabled":true,"jetpack-related-posts":[{"id":229,"url":"https:\/\/www.festivals.be\/festivals-belgique\/festivals\/musique\/musique-du-monde\/fetes-antillaises\/","url_meta":{"origin":16,"position":0},"title":"F\u00eates Antillaises","author":"Admin","date":"1 mars 2017","format":false,"excerpt":"Les F\u00eates Antillaises ou Antillaanse Feesten sont un des festivals de world music majeurs en Belgique. Ils ont lieu chaque ann\u00e9e depuis 1983 \u00e0 Hoogstraten. Il s'agit tout simplement du plus grand festival de musique antillaise d'Europe et d'apr\u00e8s les organisateurs \"le plus grand festival caribbean du monde\", rien que\u2026","rel":"","context":"Article similaire","block_context":{"text":"Article similaire","link":""},"img":{"alt_text":"F\u00eates Antillaises","src":"https:\/\/i0.wp.com\/www.festivals.be\/festivals-belgique\/wp-content\/uploads\/2017\/03\/fetes-antillaises-300x180.jpg?resize=350%2C200","width":350,"height":200},"classes":[]},{"id":300,"url":"https:\/\/www.festivals.be\/festivals-belgique\/festivals\/musique\/rock-et-divers\/cactus-festival\/","url_meta":{"origin":16,"position":1},"title":"Cactus Festival","author":"Admin","date":"2 mars 2017","format":false,"excerpt":"Le Cactusfestival se d\u00e9roule chaque ann\u00e9e pendant le premier weekend de juillet dans la ville de Bruges. Il propose sur deux jours une s\u00e9rie de grand noms internationaux du rock et de l'\u00e9lectro. C'est avant tout un bon festival de taille moyenne, accessible aux amateurs de musique de tous les\u2026","rel":"","context":"Article similaire","block_context":{"text":"Article similaire","link":""},"img":{"alt_text":"Cactus Festival","src":"https:\/\/i0.wp.com\/www.festivals.be\/festivals-belgique\/wp-content\/uploads\/2017\/03\/cactus-festival-300x103.jpg?resize=350%2C200","width":350,"height":200},"classes":[]},{"id":18,"url":"https:\/\/www.festivals.be\/festivals-belgique\/festivals\/musique\/rock-et-divers\/","url_meta":{"origin":16,"position":2},"title":"Rock et divers","author":"Admin","date":"13 juillet 2016","format":false,"excerpt":"Tous les festivals rock.","rel":"","context":"Article similaire","block_context":{"text":"Article similaire","link":""},"img":{"alt_text":"","src":"","width":0,"height":0},"classes":[]},{"id":489,"url":"https:\/\/www.festivals.be\/festivals-belgique\/festivals\/musique\/classique\/brussels-international-guitar-festival\/","url_meta":{"origin":16,"position":3},"title":"Brussels International Guitar Festival","author":"Admin","date":"27 avril 2017","format":false,"excerpt":"Le Festival Internation de Guitare de Bruxelles a vu le jour en 2012. Il vous pr\u00e9sente tout simplement la guitare dans tous ses \u00e9tats.","rel":"","context":"Article similaire","block_context":{"text":"Article similaire","link":""},"img":{"alt_text":"","src":"","width":0,"height":0},"classes":[]},{"id":52,"url":"https:\/\/www.festivals.be\/festivals-belgique\/festivals\/musique\/musique-du-monde\/","url_meta":{"origin":16,"position":4},"title":"Musique du monde","author":"Admin","date":"13 juillet 2016","format":false,"excerpt":"Les festivals de musiques du monde, de world music.","rel":"","context":"Article similaire","block_context":{"text":"Article similaire","link":""},"img":{"alt_text":"","src":"","width":0,"height":0},"classes":[]},{"id":50,"url":"https:\/\/www.festivals.be\/festivals-belgique\/festivals\/musique\/classique\/","url_meta":{"origin":16,"position":5},"title":"Classique","author":"Admin","date":"13 juillet 2016","format":false,"excerpt":"Festivals de musique classique en Belgique.","rel":"","context":"Article similaire","block_context":{"text":"Article similaire","link":""},"img":{"alt_text":"","src":"","width":0,"height":0},"classes":[]}],"_links":{"self":[{"href":"https:\/\/www.festivals.be\/festivals-belgique\/wp-json\/wp\/v2\/pages\/16","targetHints":{"allow":["GET"]}}],"collection":[{"href":"https:\/\/www.festivals.be\/festivals-belgique\/wp-json\/wp\/v2\/pages"}],"about":[{"href":"https:\/\/www.festivals.be\/festivals-belgique\/wp-json\/wp\/v2\/types\/page"}],"author":[{"embeddable":true,"href":"https:\/\/www.festivals.be\/festivals-belgique\/wp-json\/wp\/v2\/users\/1"}],"replies":[{"embeddable":true,"href":"https:\/\/www.festivals.be\/festivals-belgique\/wp-json\/wp\/v2\/comments?post=16"}],"version-history":[{"count":1,"href":"https:\/\/www.festivals.be\/festivals-belgique\/wp-json\/wp\/v2\/pages\/16\/revisions"}],"predecessor-version":[{"id":17,"href":"https:\/\/www.festivals.be\/festivals-belgique\/wp-json\/wp\/v2\/pages\/16\/revisions\/17"}],"up":[{"embeddable":true,"href":"https:\/\/www.festivals.be\/festivals-belgique\/wp-json\/wp\/v2\/pages\/13"}],"wp:attachment":[{"href":"https:\/\/www.festivals.be\/festivals-belgique\/wp-json\/wp\/v2\/media?parent=16"}],"curies":[{"name":"wp","href":"https:\/\/api.w.org\/{rel}","templated":true}]}}

Fêtes Antillaises

Les Fêtes Antillaises ou Antillaanse Feesten sont un des festivals de world music majeurs en Belgique. Ils ont lieu chaque année depuis 1983 à Hoogstraten. Il s'agit tout simplement du plus grand festival de musique antillaise d'Europe et d'après les organisateurs "le plus grand festival caribbean du monde", rien que…

Le Cactusfestival se déroule chaque année pendant le premier weekend de juillet dans la ville de Bruges. Il propose sur deux jours une série de grand noms internationaux du rock et de l'électro. C'est avant tout un bon festival de taille moyenne, accessible aux amateurs de musique de tous les…

Le Festival Internation de Guitare de Bruxelles a vu le jour en 2012. Il vous présente tout simplement la guitare dans tous ses états.
