{"id":169,"date":"2017-03-01T17:28:11","date_gmt":"2017-03-01T16:28:11","guid":{"rendered":"http:\/\/www.festivals.be\/festivals-belgique\/?page_id=169"},"modified":"2017-03-01T17:34:53","modified_gmt":"2017-03-01T16:34:53","slug":"off-screen","status":"publish","type":"page","link":"https:\/\/www.festivals.be\/festivals-belgique\/festivals\/films-et-cinema\/off-screen\/","title":{"rendered":"Off screen"},"content":{"rendered":"<p>Le festival de cin\u00e9ma Off Screen se d\u00e9roula chaque ann\u00e9e au mois de mars \u00e0 Bruxelles et dans plusieurs autres villes belges et \u00e9trang\u00e8res.<\/p>\n<p>Dates : du 8 au 26\/3 2017<\/p>\n<p>Lieux : <a href=\"http:\/\/www.nova-cinema.org\">Cinema Nova<\/a>, <a href=\"http:\/\/www.bozar.be\/\">Bozar<\/a>, <a href=\"http:\/\/www.ritcs.be\/\">Cinema Ricts<\/a>, <a href=\"http:\/\/www.cinematek.be\">Cinematek<\/a><\/p>\n<p>Site web :\u00a0<a href=\"http:\/\/www.offscreen.be\/\">Festival Off Screen<\/a><\/p>\n<p>&nbsp;<\/p>\n<p>&nbsp;<\/p>\n","protected":false},"excerpt":{"rendered":"<p>Le festival de cin\u00e9ma Off Screen se d\u00e9roula chaque ann\u00e9e au mois de mars \u00e0 Bruxelles et dans plusieurs autres villes belges et \u00e9trang\u00e8res. Dates : du 8 au 26\/3 &hellip; <a href=\"https:\/\/www.festivals.be\/festivals-belgique\/festivals\/films-et-cinema\/off-screen\/\" class=\"more-link\">Continuer la lecture<span class=\"screen-reader-text\"> de &laquo;&nbsp;Off screen&nbsp;&raquo;<\/span><\/a><\/p>\n","protected":false},"author":1,"featured_media":0,"parent":30,"menu_order":0,"comment_status":"closed","ping_status":"closed","template":"","meta":{"jetpack_post_was_ever_published":false,"footnotes":""},"class_list":["post-169","page","type-page","status-publish","hentry"],"aioseo_notices":[],"jetpack_sharing_enabled":true,"jetpack_shortlink":"https:\/\/wp.me\/P7Iv6j-2J","jetpack_likes_enabled":true,"jetpack-related-posts":[{"id":13,"url":"https:\/\/www.festivals.be\/festivals-belgique\/festivals\/","url_meta":{"origin":169,"position":0},"title":"Festivals","author":"Admin","date":"13 juillet 2016","format":false,"excerpt":"Tous les festivals en Belgique. Agenda des festivals en Belgique Senneffe\u00a0 Waterlol\u00a0 Rock system\u00a0 Un festival\u00a0 Belzik\u00a0 Listen\u00a0 La smalla\u00a0 Avril en ville\u00a0 Confluent jazz festival\u00a0 Forest Sounds\u00a0 Kikk\u00a0 Into the blue\u00a0 Vibrations \u00e0 Malmedy Le refuge\u00a0 Fiestacity verviers\u00a0 Brdcst - broadcast \u00e0 l' Ancienne Belgique\u00a0 Le jour le plus\u2026","rel":"","context":"Article similaire","block_context":{"text":"Article similaire","link":""},"img":{"alt_text":"","src":"","width":0,"height":0},"classes":[]},{"id":323,"url":"https:\/\/www.festivals.be\/festivals-belgique\/festivals\/musique\/electro-et-dance\/ten-days-off\/","url_meta":{"origin":169,"position":1},"title":"Ten Days Off","author":"Admin","date":"2 mars 2017","format":false,"excerpt":"Organis\u00e9 dans la ville de Gand, dans et autour de la salle mythique du Vooruit le festival 10 Days Off est un rendez-vous majeur de l'\u00e9lectro en Belgique. Les plus grands nom et les artistes les plus underground se relaient pendant 10 jours sur sc\u00e8ne, jour et nuit ! Ce\u2026","rel":"","context":"Article similaire","block_context":{"text":"Article similaire","link":""},"img":{"alt_text":"10 Days Off","src":"https:\/\/i0.wp.com\/www.festivals.be\/festivals-belgique\/wp-content\/uploads\/2017\/03\/be-10daysoff-hawtin-300x198.jpg?resize=350%2C200","width":350,"height":200},"classes":[]},{"id":30,"url":"https:\/\/www.festivals.be\/festivals-belgique\/festivals\/films-et-cinema\/","url_meta":{"origin":169,"position":2},"title":"Films et cin\u00e9ma","author":"Admin","date":"13 juillet 2016","format":false,"excerpt":"Tous les festivals du film et de cin\u00e9ma en Belgique.","rel":"","context":"Article similaire","block_context":{"text":"Article similaire","link":""},"img":{"alt_text":"","src":"","width":0,"height":0},"classes":[]},{"id":411,"url":"https:\/\/www.festivals.be\/festivals-belgique\/festivals\/films-et-cinema\/festival-international-du-film-francophone\/","url_meta":{"origin":169,"position":3},"title":"Festival International du Film Francophone","author":"Admin","date":"23 mars 2017","format":false,"excerpt":"Le Festival International du Film Francophone de Namur, ou FIFF pour les intimes, existe depuis 1986. Il est reconnu et fr\u00e9quent\u00e9 par l'ensemble du monde du cin\u00e9ma francophone et chaque ann\u00e9e par des milliers de spectateurs. Les jurys du FIFF remettent dans diff\u00e9rentes cat\u00e9gories des \"Bayards\", prix destin\u00e9s \u00e0 r\u00e9compenser\u2026","rel":"","context":"Article similaire","block_context":{"text":"Article similaire","link":""},"img":{"alt_text":"FIFF","src":"https:\/\/i0.wp.com\/www.festivals.be\/festivals-belgique\/wp-content\/uploads\/2017\/03\/FIFF.png?resize=350%2C200","width":350,"height":200},"classes":[]},{"id":191,"url":"https:\/\/www.festivals.be\/festivals-belgique\/festivals\/films-et-cinema\/festival-du-film-damour-de-mons\/","url_meta":{"origin":169,"position":4},"title":"Festival du Film d&rsquo;Amour de Mons","author":"Admin","date":"1 mars 2017","format":false,"excerpt":"Le Festival International du Film d'Amour de Mons est aussi connu sous le nom de FIFA. Il se tient chaque ann\u00e9e dans la cit\u00e9e du Doudou aux alentours de ... la Saint Valentin bien s\u00fbr ! Le festival se d\u00e9roule durant une semaine et accueille des films du monde entier.\u2026","rel":"","context":"Article similaire","block_context":{"text":"Article similaire","link":""},"img":{"alt_text":"","src":"","width":0,"height":0},"classes":[]},{"id":459,"url":"https:\/\/www.festivals.be\/festivals-belgique\/festivals\/films-et-cinema\/go-future\/","url_meta":{"origin":169,"position":5},"title":"Go Future","author":"Admin","date":"27 avril 2017","format":false,"excerpt":"Le Festival Go Future est le festival du film itin\u00e9rant. Le festival GO FUTURE propose dans toute la Wallonie une programmation cin\u00e9matographique gratuite et grand public ax\u00e9e sur le d\u00e9veloppement durable. Les \u00e9nergies alternatives, l\u2019\u00e9ducation, le changement climatique, l\u2019alimentation, la sant\u00e9, la biodiversit\u00e9, les ressources naturelles, la consommation et la\u2026","rel":"","context":"Article similaire","block_context":{"text":"Article similaire","link":""},"img":{"alt_text":"","src":"https:\/\/i0.wp.com\/www.festivals.be\/festivals-belgique\/wp-content\/uploads\/2017\/04\/LogoGoFuture_site-300x157.png?resize=350%2C200","width":350,"height":200},"classes":[]}],"_links":{"self":[{"href":"https:\/\/www.festivals.be\/festivals-belgique\/wp-json\/wp\/v2\/pages\/169","targetHints":{"allow":["GET"]}}],"collection":[{"href":"https:\/\/www.festivals.be\/festivals-belgique\/wp-json\/wp\/v2\/pages"}],"about":[{"href":"https:\/\/www.festivals.be\/festivals-belgique\/wp-json\/wp\/v2\/types\/page"}],"author":[{"embeddable":true,"href":"https:\/\/www.festivals.be\/festivals-belgique\/wp-json\/wp\/v2\/users\/1"}],"replies":[{"embeddable":true,"href":"https:\/\/www.festivals.be\/festivals-belgique\/wp-json\/wp\/v2\/comments?post=169"}],"version-history":[{"count":4,"href":"https:\/\/www.festivals.be\/festivals-belgique\/wp-json\/wp\/v2\/pages\/169\/revisions"}],"predecessor-version":[{"id":174,"href":"https:\/\/www.festivals.be\/festivals-belgique\/wp-json\/wp\/v2\/pages\/169\/revisions\/174"}],"up":[{"embeddable":true,"href":"https:\/\/www.festivals.be\/festivals-belgique\/wp-json\/wp\/v2\/pages\/30"}],"wp:attachment":[{"href":"https:\/\/www.festivals.be\/festivals-belgique\/wp-json\/wp\/v2\/media?parent=169"}],"curies":[{"name":"wp","href":"https:\/\/api.w.org\/{rel}","templated":true}]}}

<p>Le festival de cinéma Off Screen se déroula chaque année au mois de mars à Bruxelles et dans plusieurs autres villes belges et étrangères.</p>
<p>Dates : du 8 au 26/3 2017</p>
<p>Lieux : <a href="http://www.nova-cinema.org">Cinema Nova</a>, <a href="http://www.bozar.be/">Bozar</a>, <a href="http://www.ritcs.be/">Cinema Ricts</a>, <a href="http://www.cinematek.be">Cinematek</a></p>
<p>Site web : <a href="http://www.offscreen.be/">Festival Off Screen</a></p>
<p>&nbsp;</p>
<p>&nbsp;</p>

<p>Le festival de cinéma Off Screen se déroula chaque année au mois de mars à Bruxelles et dans plusieurs autres villes belges et étrangères. Dates : du 8 au 26/3 &hellip; <a href="https://www.festivals.be/festivals-belgique/festivals/films-et-cinema/off-screen/" class="more-link">Continuer la lecture<span class="screen-reader-text"> de &laquo;&nbsp;Off screen&nbsp;&raquo;</span></a></p>

Tous les festivals en Belgique. Agenda des festivals en Belgique Senneffe  Waterlol  Rock system  Un festival  Belzik  Listen  La smalla  Avril en ville  Confluent jazz festival  Forest Sounds  Kikk  Into the blue  Vibrations à Malmedy Le refuge  Fiestacity verviers  Brdcst - broadcast à l' Ancienne Belgique  Le jour le plus…

Organisé dans la ville de Gand, dans et autour de la salle mythique du Vooruit le festival 10 Days Off est un rendez-vous majeur de l'électro en Belgique. Les plus grands nom et les artistes les plus underground se relaient pendant 10 jours sur scène, jour et nuit ! Ce…

Films et cinéma

Tous les festivals du film et de cinéma en Belgique.

Le Festival International du Film Francophone de Namur, ou FIFF pour les intimes, existe depuis 1986. Il est reconnu et fréquenté par l'ensemble du monde du cinéma francophone et chaque année par des milliers de spectateurs. Les jurys du FIFF remettent dans différentes catégories des "Bayards", prix destinés à récompenser…

Le Festival International du Film d'Amour de Mons est aussi connu sous le nom de FIFA. Il se tient chaque année dans la citée du Doudou aux alentours de ... la Saint Valentin bien sûr ! Le festival se déroule durant une semaine et accueille des films du monde entier.…

Le Festival Go Future est le festival du film itinérant. Le festival GO FUTURE propose dans toute la Wallonie une programmation cinématographique gratuite et grand public axée sur le développement durable. Les énergies alternatives, l’éducation, le changement climatique, l’alimentation, la santé, la biodiversité, les ressources naturelles, la consommation et la…
