{"id":175,"date":"2017-03-01T17:39:29","date_gmt":"2017-03-01T16:39:29","guid":{"rendered":"http:\/\/www.festivals.be\/festivals-belgique\/?page_id=175"},"modified":"2017-03-01T17:39:29","modified_gmt":"2017-03-01T16:39:29","slug":"graspop-metal-meeting","status":"publish","type":"page","link":"https:\/\/www.festivals.be\/festivals-belgique\/festivals\/musique\/metal\/graspop-metal-meeting\/","title":{"rendered":"Graspop Metal Meeting"},"content":{"rendered":"<p>Le <strong>Graspop Metal Meeting<\/strong> (ou Graspop)\u00a0est LE festival incontournable pour les fans de <strong>metal<\/strong> en Belgique. Chaque ann\u00e9e des dizaines de milliers de festivaliers arpentent les plaines du <strong>Graspop<\/strong> \u00e0 Dessel dans le Limbourg.<\/p>\n<p>De plus en plus de groupes, de plus en plus de sc\u00e8nes durant les 3 jours de ce festival majeur du paysage musical belge.<\/p>\n<p>Dates de la prochaine \u00e9dition : Graspop 2017 du 16 au 18\/6\/ 2017<\/p>\n<p>Site web : <a href=\"http:\/\/www.graspop.be\">Graspop.be<\/a><\/p>\n<p>&nbsp;<\/p>\n<p>&nbsp;<\/p>\n","protected":false},"excerpt":{"rendered":"<p>Le Graspop Metal Meeting (ou Graspop)\u00a0est LE festival incontournable pour les fans de metal en Belgique. Chaque ann\u00e9e des dizaines de milliers de festivaliers arpentent les plaines du Graspop \u00e0 &hellip; <a href=\"https:\/\/www.festivals.be\/festivals-belgique\/festivals\/musique\/metal\/graspop-metal-meeting\/\" class=\"more-link\">Continuer la lecture<span class=\"screen-reader-text\"> de &laquo;&nbsp;Graspop Metal Meeting&nbsp;&raquo;<\/span><\/a><\/p>\n","protected":false},"author":1,"featured_media":0,"parent":54,"menu_order":0,"comment_status":"closed","ping_status":"closed","template":"","meta":{"jetpack_post_was_ever_published":false,"footnotes":""},"class_list":["post-175","page","type-page","status-publish","hentry"],"aioseo_notices":[],"jetpack_sharing_enabled":true,"jetpack_shortlink":"https:\/\/wp.me\/P7Iv6j-2P","jetpack_likes_enabled":true,"jetpack-related-posts":[{"id":247,"url":"https:\/\/www.festivals.be\/festivals-belgique\/festivals\/musique\/metal\/alcatraz-metal-festival\/","url_meta":{"origin":175,"position":0},"title":"Alcatraz Metal Festival","author":"Admin","date":"2 mars 2017","format":false,"excerpt":"Alcatraz est un festival de m\u00e9tal qui a vu le jour en 2009. Le festival n'a fait que grandir tout au long de ces derni\u00e8res ann\u00e9es avec une affiche de plus en plus qualitative, accueillant des groupes \u00e0 la renomm\u00e9e internationale et donnant de la visibilit\u00e9 aux groupes belges. Une\u2026","rel":"","context":"Article similaire","block_context":{"text":"Article similaire","link":""},"img":{"alt_text":"Alcatraz Metal Festival","src":"https:\/\/i0.wp.com\/www.festivals.be\/festivals-belgique\/wp-content\/uploads\/2017\/03\/Alcatraz-300x90.jpg?resize=350%2C200","width":350,"height":200,"srcset":"https:\/\/i0.wp.com\/www.festivals.be\/festivals-belgique\/wp-content\/uploads\/2017\/03\/Alcatraz-300x90.jpg?resize=350%2C200 1x, https:\/\/i0.wp.com\/www.festivals.be\/festivals-belgique\/wp-content\/uploads\/2017\/03\/Alcatraz-300x90.jpg?resize=525%2C300 1.5x, https:\/\/i0.wp.com\/www.festivals.be\/festivals-belgique\/wp-content\/uploads\/2017\/03\/Alcatraz-300x90.jpg?resize=700%2C400 2x"},"classes":[]},{"id":54,"url":"https:\/\/www.festivals.be\/festivals-belgique\/festivals\/musique\/metal\/","url_meta":{"origin":175,"position":1},"title":"Metal","author":"Admin","date":"13 juillet 2016","format":false,"excerpt":"Les festivals de metal en Belgique.","rel":"","context":"Article similaire","block_context":{"text":"Article similaire","link":""},"img":{"alt_text":"","src":"","width":0,"height":0},"classes":[]},{"id":358,"url":"https:\/\/www.festivals.be\/festivals-belgique\/festivals\/musique\/electro-et-dance\/frontline-festival\/","url_meta":{"origin":175,"position":2},"title":"Frontline Festival","author":"Admin","date":"6 mars 2017","format":false,"excerpt":"Le festival Frontline a vu le jour en 2013. Il s'agit d'un festival de musique \u00e9lectronique qui grandit chaque ann\u00e9e. En 2016 il a rassembl\u00e9 plus de 2.000 festivaliers autour de DJ locaux \u00e0 Zonnebeke, pr\u00e8s de Ypres. Dates de la prochaine \u00e9dition : Frontline Festival 2017, le 19 ao\u00fbt\u2026","rel":"","context":"Article similaire","block_context":{"text":"Article similaire","link":""},"img":{"alt_text":"Frontline Festival","src":"https:\/\/i0.wp.com\/www.festivals.be\/festivals-belgique\/wp-content\/uploads\/2017\/03\/Frontline-Festival-300x300.png?resize=350%2C200","width":350,"height":200},"classes":[]},{"id":381,"url":"https:\/\/www.festivals.be\/festivals-belgique\/festivals\/autres\/banad-festival\/","url_meta":{"origin":175,"position":3},"title":"BANAD Festival","author":"Admin","date":"9 mars 2017","format":false,"excerpt":"En mars 2017 a lieu la premi\u00e8re \u00e9dition de ce festival bruxellois de l'Art Nouveau et de l'Art D\u00e9co, anciennement la biennale Art Nouveau et Art D\u00e9co. Durant 15 jours de printemps diff\u00e9rents lieux de la Capitale ouvrent leurs portes pour accueillir visites, promenades \u00e0 pied et en v\u00e9lo, concerts,\u2026","rel":"","context":"Article similaire","block_context":{"text":"Article similaire","link":""},"img":{"alt_text":"","src":"","width":0,"height":0},"classes":[]},{"id":323,"url":"https:\/\/www.festivals.be\/festivals-belgique\/festivals\/musique\/electro-et-dance\/ten-days-off\/","url_meta":{"origin":175,"position":4},"title":"Ten Days Off","author":"Admin","date":"2 mars 2017","format":false,"excerpt":"Organis\u00e9 dans la ville de Gand, dans et autour de la salle mythique du Vooruit le festival 10 Days Off est un rendez-vous majeur de l'\u00e9lectro en Belgique. Les plus grands nom et les artistes les plus underground se relaient pendant 10 jours sur sc\u00e8ne, jour et nuit ! Ce\u2026","rel":"","context":"Article similaire","block_context":{"text":"Article similaire","link":""},"img":{"alt_text":"10 Days Off","src":"https:\/\/i0.wp.com\/www.festivals.be\/festivals-belgique\/wp-content\/uploads\/2017\/03\/be-10daysoff-hawtin-300x198.jpg?resize=350%2C200","width":350,"height":200},"classes":[]},{"id":240,"url":"https:\/\/www.festivals.be\/festivals-belgique\/festivals\/musique\/rock-et-divers\/dranouter\/","url_meta":{"origin":175,"position":5},"title":"Dranouter","author":"Admin","date":"1 mars 2017","format":false,"excerpt":"Le Festival Dranouter, anciennement connu sous le nom de Folkfestival Dranouter,\u00a0se d\u00e9roule durant le premier week-end d'ao\u00fbt. Plus de 80.000 personnes se rendent alors dans le petit village de Dranouter, en Flandre occidentale pour vivre cette ambiance unique et tr\u00e8s acoustique ! \"Folk\" Dranouter est le plus grand festival folk\u2026","rel":"","context":"Article similaire","block_context":{"text":"Article similaire","link":""},"img":{"alt_text":"Dranouter","src":"https:\/\/i0.wp.com\/www.festivals.be\/festivals-belgique\/wp-content\/uploads\/2017\/03\/Dranouter-300x168.jpg?resize=350%2C200","width":350,"height":200},"classes":[]}],"_links":{"self":[{"href":"https:\/\/www.festivals.be\/festivals-belgique\/wp-json\/wp\/v2\/pages\/175","targetHints":{"allow":["GET"]}}],"collection":[{"href":"https:\/\/www.festivals.be\/festivals-belgique\/wp-json\/wp\/v2\/pages"}],"about":[{"href":"https:\/\/www.festivals.be\/festivals-belgique\/wp-json\/wp\/v2\/types\/page"}],"author":[{"embeddable":true,"href":"https:\/\/www.festivals.be\/festivals-belgique\/wp-json\/wp\/v2\/users\/1"}],"replies":[{"embeddable":true,"href":"https:\/\/www.festivals.be\/festivals-belgique\/wp-json\/wp\/v2\/comments?post=175"}],"version-history":[{"count":1,"href":"https:\/\/www.festivals.be\/festivals-belgique\/wp-json\/wp\/v2\/pages\/175\/revisions"}],"predecessor-version":[{"id":176,"href":"https:\/\/www.festivals.be\/festivals-belgique\/wp-json\/wp\/v2\/pages\/175\/revisions\/176"}],"up":[{"embeddable":true,"href":"https:\/\/www.festivals.be\/festivals-belgique\/wp-json\/wp\/v2\/pages\/54"}],"wp:attachment":[{"href":"https:\/\/www.festivals.be\/festivals-belgique\/wp-json\/wp\/v2\/media?parent=175"}],"curies":[{"name":"wp","href":"https:\/\/api.w.org\/{rel}","templated":true}]}}

<p>Le <strong>Graspop Metal Meeting</strong> (ou Graspop) est LE festival incontournable pour les fans de <strong>metal</strong> en Belgique. Chaque année des dizaines de milliers de festivaliers arpentent les plaines du <strong>Graspop</strong> à Dessel dans le Limbourg.</p>
<p>De plus en plus de groupes, de plus en plus de scènes durant les 3 jours de ce festival majeur du paysage musical belge.</p>
<p>Dates de la prochaine édition : Graspop 2017 du 16 au 18/6/ 2017</p>
<p>Site web : <a href="http://www.graspop.be">Graspop.be</a></p>
<p>&nbsp;</p>
<p>&nbsp;</p>

<p>Le Graspop Metal Meeting (ou Graspop) est LE festival incontournable pour les fans de metal en Belgique. Chaque année des dizaines de milliers de festivaliers arpentent les plaines du Graspop à &hellip; <a href="https://www.festivals.be/festivals-belgique/festivals/musique/metal/graspop-metal-meeting/" class="more-link">Continuer la lecture<span class="screen-reader-text"> de &laquo;&nbsp;Graspop Metal Meeting&nbsp;&raquo;</span></a></p>

Alcatraz est un festival de métal qui a vu le jour en 2009. Le festival n'a fait que grandir tout au long de ces dernières années avec une affiche de plus en plus qualitative, accueillant des groupes à la renommée internationale et donnant de la visibilité aux groupes belges. Une…

Le festival Frontline a vu le jour en 2013. Il s'agit d'un festival de musique électronique qui grandit chaque année. En 2016 il a rassemblé plus de 2.000 festivaliers autour de DJ locaux à Zonnebeke, près de Ypres. Dates de la prochaine édition : Frontline Festival 2017, le 19 août…

En mars 2017 a lieu la première édition de ce festival bruxellois de l'Art Nouveau et de l'Art Déco, anciennement la biennale Art Nouveau et Art Déco. Durant 15 jours de printemps différents lieux de la Capitale ouvrent leurs portes pour accueillir visites, promenades à pied et en vélo, concerts,…

Organisé dans la ville de Gand, dans et autour de la salle mythique du Vooruit le festival 10 Days Off est un rendez-vous majeur de l'électro en Belgique. Les plus grands nom et les artistes les plus underground se relaient pendant 10 jours sur scène, jour et nuit ! Ce…

Le Festival Dranouter, anciennement connu sous le nom de Folkfestival Dranouter, se déroule durant le premier week-end d'août. Plus de 80.000 personnes se rendent alors dans le petit village de Dranouter, en Flandre occidentale pour vivre cette ambiance unique et très acoustique ! "Folk" Dranouter est le plus grand festival folk…
