{"id":188,"date":"2017-03-01T18:32:23","date_gmt":"2017-03-01T17:32:23","guid":{"rendered":"http:\/\/www.festivals.be\/festivals-belgique\/?page_id=188"},"modified":"2017-03-01T18:32:23","modified_gmt":"2017-03-01T17:32:23","slug":"festival-de-liege","status":"publish","type":"page","link":"https:\/\/www.festivals.be\/festivals-belgique\/festivals\/theatre\/festival-de-liege\/","title":{"rendered":"Festival de Li\u00e8ge"},"content":{"rendered":"<p>Le <strong>Festival de Li\u00e8ge<\/strong> rassemble des spectacles de th\u00e9\u00e2tre, danse et musique. Comme son nom l&rsquo;indique il a lieu chaque ann\u00e9e dans la ville de <strong>Li\u00e8ge<\/strong>, durant le mois de f\u00e9vrier.<\/p>\n<p>Date de la prochaine \u00e9dition : <strong>Festival de Li\u00e8ge 2018<\/strong> (\u00e0 confirmer)<\/p>\n<p>Site internet : <a href=\"http:\/\/www.festivaldeliege.be\">Festival de Li\u00e8ge<\/a><\/p>\n<p>&nbsp;<\/p>\n","protected":false},"excerpt":{"rendered":"<p>Le Festival de Li\u00e8ge rassemble des spectacles de th\u00e9\u00e2tre, danse et musique. Comme son nom l&rsquo;indique il a lieu chaque ann\u00e9e dans la ville de Li\u00e8ge, durant le mois de &hellip; <a href=\"https:\/\/www.festivals.be\/festivals-belgique\/festivals\/theatre\/festival-de-liege\/\" class=\"more-link\">Continuer la lecture<span class=\"screen-reader-text\"> de &laquo;&nbsp;Festival de Li\u00e8ge&nbsp;&raquo;<\/span><\/a><\/p>\n","protected":false},"author":1,"featured_media":0,"parent":20,"menu_order":0,"comment_status":"closed","ping_status":"closed","template":"","meta":{"jetpack_post_was_ever_published":false,"footnotes":""},"class_list":["post-188","page","type-page","status-publish","hentry"],"aioseo_notices":[],"jetpack_sharing_enabled":true,"jetpack_shortlink":"https:\/\/wp.me\/P7Iv6j-32","jetpack_likes_enabled":true,"jetpack-related-posts":[{"id":463,"url":"https:\/\/www.festivals.be\/festivals-belgique\/festivals\/musique\/jazz\/jazz-a-liege\/","url_meta":{"origin":188,"position":0},"title":"Jazz \u00e0 Li\u00e8ge","author":"Admin","date":"27 avril 2017","format":false,"excerpt":"Plus de 25 ans d'existence pour festival incontournable pour tous les amateurs de jazz. Les plus grands noms se succ\u00e8dent sur diff\u00e9rentes sc\u00e8nes li\u00e9geoise l'espace d'un long weekend. Prochaine \u00e9dition : Jazz \u00e0 Li\u00e8ge 2017, du 11 au 13 mai 2017 Site internet : Jazz \u00e0 Li\u00e8ge \u00a0 \u00a0","rel":"","context":"Article similaire","block_context":{"text":"Article similaire","link":""},"img":{"alt_text":"Mithra Jazz \u00e0 Li\u00e8ge","src":"https:\/\/i0.wp.com\/www.festivals.be\/festivals-belgique\/wp-content\/uploads\/2017\/04\/jazz_a_liege-213x300.png?resize=350%2C200","width":350,"height":200},"classes":[]},{"id":13,"url":"https:\/\/www.festivals.be\/festivals-belgique\/festivals\/","url_meta":{"origin":188,"position":1},"title":"Festivals","author":"Admin","date":"13 juillet 2016","format":false,"excerpt":"Tous les festivals en Belgique. Agenda des festivals en Belgique Senneffe\u00a0 Waterlol\u00a0 Rock system\u00a0 Un festival\u00a0 Belzik\u00a0 Listen\u00a0 La smalla\u00a0 Avril en ville\u00a0 Confluent jazz festival\u00a0 Forest Sounds\u00a0 Kikk\u00a0 Into the blue\u00a0 Vibrations \u00e0 Malmedy Le refuge\u00a0 Fiestacity verviers\u00a0 Brdcst - broadcast \u00e0 l' Ancienne Belgique\u00a0 Le jour le plus\u2026","rel":"","context":"Article similaire","block_context":{"text":"Article similaire","link":""},"img":{"alt_text":"","src":"","width":0,"height":0},"classes":[]},{"id":426,"url":"https:\/\/www.festivals.be\/festivals-belgique\/festivals\/films-et-cinema\/la-caravane-du-court\/","url_meta":{"origin":188,"position":2},"title":"La Caravane du Court","author":"Admin","date":"23 mars 2017","format":false,"excerpt":"Lanc\u00e9 en 2015 par les organisateurs du FIFF de Namur, La Caravane du Court est comme son nom l'indique un festival itin\u00e9rant, entre plus de dix\u00a0villes de trois provinces : Namur, Li\u00e8ge et Luxembourg. Le festival est organis\u00e9 en collaboration avec le bureau d'accueil des tournages CLAP! et les provinces\u2026","rel":"","context":"Article similaire","block_context":{"text":"Article similaire","link":""},"img":{"alt_text":"Caravane du court","src":"https:\/\/i0.wp.com\/www.festivals.be\/festivals-belgique\/wp-content\/uploads\/2017\/03\/caravane-logo-black_reference-300x75.jpg?resize=350%2C200","width":350,"height":200},"classes":[]},{"id":185,"url":"https:\/\/www.festivals.be\/festivals-belgique\/festivals\/musique\/rock-et-divers\/micro-festival\/","url_meta":{"origin":188,"position":3},"title":"Micro Festival","author":"Admin","date":"1 mars 2017","format":false,"excerpt":"Organis\u00e9 depuis 2010 par le collectif Jaune Orange, le Micro Festival se d\u00e9roule chaque ann\u00e9e dans la ville de Li\u00e8ge durant le mois d'ao\u00fbt. Dates de la prochaine \u00e9dition : Micro Festival 2017, les 4 et 5 ao\u00fbt 2017 Site internet : Micro Festival \u00a0","rel":"","context":"Article similaire","block_context":{"text":"Article similaire","link":""},"img":{"alt_text":"","src":"","width":0,"height":0},"classes":[]},{"id":217,"url":"https:\/\/www.festivals.be\/festivals-belgique\/festivals\/musique\/classique\/festival-de-wallonie\/","url_meta":{"origin":188,"position":4},"title":"Festival de Wallonie","author":"Admin","date":"1 mars 2017","format":false,"excerpt":"Le Festival de Wallonie est un festival de musique classique qui s'\u00e9tend sur plus de quatre mois et propose plus de 150 concerts lors de sept festivals diff\u00e9rents, r\u00e9partis sur l\u2019ensemble du territoire de la Wallonie et \u00e0 Bruxelles. Chaque ann\u00e9e le\u00a0programme ravit le public\u00a0\u00e0 Namur, Mons, Li\u00e8ge, Stavelot, Tournai,\u2026","rel":"","context":"Article similaire","block_context":{"text":"Article similaire","link":""},"img":{"alt_text":"","src":"","width":0,"height":0},"classes":[]},{"id":358,"url":"https:\/\/www.festivals.be\/festivals-belgique\/festivals\/musique\/electro-et-dance\/frontline-festival\/","url_meta":{"origin":188,"position":5},"title":"Frontline Festival","author":"Admin","date":"6 mars 2017","format":false,"excerpt":"Le festival Frontline a vu le jour en 2013. Il s'agit d'un festival de musique \u00e9lectronique qui grandit chaque ann\u00e9e. En 2016 il a rassembl\u00e9 plus de 2.000 festivaliers autour de DJ locaux \u00e0 Zonnebeke, pr\u00e8s de Ypres. Dates de la prochaine \u00e9dition : Frontline Festival 2017, le 19 ao\u00fbt\u2026","rel":"","context":"Article similaire","block_context":{"text":"Article similaire","link":""},"img":{"alt_text":"Frontline Festival","src":"https:\/\/i0.wp.com\/www.festivals.be\/festivals-belgique\/wp-content\/uploads\/2017\/03\/Frontline-Festival-300x300.png?resize=350%2C200","width":350,"height":200},"classes":[]}],"_links":{"self":[{"href":"https:\/\/www.festivals.be\/festivals-belgique\/wp-json\/wp\/v2\/pages\/188","targetHints":{"allow":["GET"]}}],"collection":[{"href":"https:\/\/www.festivals.be\/festivals-belgique\/wp-json\/wp\/v2\/pages"}],"about":[{"href":"https:\/\/www.festivals.be\/festivals-belgique\/wp-json\/wp\/v2\/types\/page"}],"author":[{"embeddable":true,"href":"https:\/\/www.festivals.be\/festivals-belgique\/wp-json\/wp\/v2\/users\/1"}],"replies":[{"embeddable":true,"href":"https:\/\/www.festivals.be\/festivals-belgique\/wp-json\/wp\/v2\/comments?post=188"}],"version-history":[{"count":1,"href":"https:\/\/www.festivals.be\/festivals-belgique\/wp-json\/wp\/v2\/pages\/188\/revisions"}],"predecessor-version":[{"id":189,"href":"https:\/\/www.festivals.be\/festivals-belgique\/wp-json\/wp\/v2\/pages\/188\/revisions\/189"}],"up":[{"embeddable":true,"href":"https:\/\/www.festivals.be\/festivals-belgique\/wp-json\/wp\/v2\/pages\/20"}],"wp:attachment":[{"href":"https:\/\/www.festivals.be\/festivals-belgique\/wp-json\/wp\/v2\/media?parent=188"}],"curies":[{"name":"wp","href":"https:\/\/api.w.org\/{rel}","templated":true}]}}

Festival de Liège

<p>Le <strong>Festival de Liège</strong> rassemble des spectacles de théâtre, danse et musique. Comme son nom l&rsquo;indique il a lieu chaque année dans la ville de <strong>Liège</strong>, durant le mois de février.</p>
<p>Date de la prochaine édition : <strong>Festival de Liège 2018</strong> (à confirmer)</p>
<p>Site internet : <a href="http://www.festivaldeliege.be">Festival de Liège</a></p>
<p>&nbsp;</p>

<p>Le Festival de Liège rassemble des spectacles de théâtre, danse et musique. Comme son nom l&rsquo;indique il a lieu chaque année dans la ville de Liège, durant le mois de &hellip; <a href="https://www.festivals.be/festivals-belgique/festivals/theatre/festival-de-liege/" class="more-link">Continuer la lecture<span class="screen-reader-text"> de &laquo;&nbsp;Festival de Liège&nbsp;&raquo;</span></a></p>

Jazz à Liège

Plus de 25 ans d'existence pour festival incontournable pour tous les amateurs de jazz. Les plus grands noms se succèdent sur différentes scènes liégeoise l'espace d'un long weekend. Prochaine édition : Jazz à Liège 2017, du 11 au 13 mai 2017 Site internet : Jazz à Liège

Mithra Jazz à Liège

Tous les festivals en Belgique. Agenda des festivals en Belgique Senneffe  Waterlol  Rock system  Un festival  Belzik  Listen  La smalla  Avril en ville  Confluent jazz festival  Forest Sounds  Kikk  Into the blue  Vibrations à Malmedy Le refuge  Fiestacity verviers  Brdcst - broadcast à l' Ancienne Belgique  Le jour le plus…

Lancé en 2015 par les organisateurs du FIFF de Namur, La Caravane du Court est comme son nom l'indique un festival itinérant, entre plus de dix villes de trois provinces : Namur, Liège et Luxembourg. Le festival est organisé en collaboration avec le bureau d'accueil des tournages CLAP! et les provinces…

Organisé depuis 2010 par le collectif Jaune Orange, le Micro Festival se déroule chaque année dans la ville de Liège durant le mois d'août. Dates de la prochaine édition : Micro Festival 2017, les 4 et 5 août 2017 Site internet : Micro Festival

Le Festival de Wallonie est un festival de musique classique qui s'étend sur plus de quatre mois et propose plus de 150 concerts lors de sept festivals différents, répartis sur l’ensemble du territoire de la Wallonie et à Bruxelles. Chaque année le programme ravit le public à Namur, Mons, Liège, Stavelot, Tournai,…

Le festival Frontline a vu le jour en 2013. Il s'agit d'un festival de musique électronique qui grandit chaque année. En 2016 il a rassemblé plus de 2.000 festivaliers autour de DJ locaux à Zonnebeke, près de Ypres. Dates de la prochaine édition : Frontline Festival 2017, le 19 août…
