{"id":20,"date":"2016-07-13T20:37:44","date_gmt":"2016-07-13T18:37:44","guid":{"rendered":"http:\/\/www.festivals.be\/festivals-belgique\/?page_id=20"},"modified":"2016-07-13T20:37:44","modified_gmt":"2016-07-13T18:37:44","slug":"theatre","status":"publish","type":"page","link":"https:\/\/www.festivals.be\/festivals-belgique\/festivals\/theatre\/","title":{"rendered":"Th\u00e9\u00e2tre"},"content":{"rendered":"<p>Tous les festivals de th\u00e9\u00e2tre, cirque et arts de la rue.<\/p>\n","protected":false},"excerpt":{"rendered":"<p>Tous les festivals de th\u00e9\u00e2tre, cirque et arts de la rue.<\/p>\n","protected":false},"author":1,"featured_media":0,"parent":13,"menu_order":0,"comment_status":"closed","ping_status":"closed","template":"","meta":{"jetpack_post_was_ever_published":false,"footnotes":""},"class_list":["post-20","page","type-page","status-publish","hentry"],"aioseo_notices":[],"jetpack_sharing_enabled":true,"jetpack_shortlink":"https:\/\/wp.me\/P7Iv6j-k","jetpack_likes_enabled":true,"jetpack-related-posts":[{"id":13,"url":"https:\/\/www.festivals.be\/festivals-belgique\/festivals\/","url_meta":{"origin":20,"position":0},"title":"Festivals","author":"Admin","date":"13 juillet 2016","format":false,"excerpt":"Tous les festivals en Belgique. Agenda des festivals en Belgique Senneffe\u00a0 Waterlol\u00a0 Rock system\u00a0 Un festival\u00a0 Belzik\u00a0 Listen\u00a0 La smalla\u00a0 Avril en ville\u00a0 Confluent jazz festival\u00a0 Forest Sounds\u00a0 Kikk\u00a0 Into the blue\u00a0 Vibrations \u00e0 Malmedy Le refuge\u00a0 Fiestacity verviers\u00a0 Brdcst - broadcast \u00e0 l' Ancienne Belgique\u00a0 Le jour le plus\u2026","rel":"","context":"Article similaire","block_context":{"text":"Article similaire","link":""},"img":{"alt_text":"","src":"","width":0,"height":0},"classes":[]},{"id":195,"url":"https:\/\/www.festivals.be\/festivals-belgique\/festivals\/theatre\/chassepiere\/","url_meta":{"origin":20,"position":1},"title":"Chassepi\u00e8re","author":"Admin","date":"1 mars 2017","format":false,"excerpt":"Certainement un des moments les plus magiques de la saison des festivals en Belgique. Tout le village de Chassepi\u00e8re, situ\u00e9 dans les Ardennes non loin de Florenville, se transforme l'espace d'un week-end en une \u00e9norme f\u00eate \u00e0 la gloire des arts de la rue : acrobates, jongleurs, clowns, musiciens, danseurs,\u2026","rel":"","context":"Article similaire","block_context":{"text":"Article similaire","link":""},"img":{"alt_text":"","src":"","width":0,"height":0},"classes":[]},{"id":188,"url":"https:\/\/www.festivals.be\/festivals-belgique\/festivals\/theatre\/festival-de-liege\/","url_meta":{"origin":20,"position":2},"title":"Festival de Li\u00e8ge","author":"Admin","date":"1 mars 2017","format":false,"excerpt":"Le Festival de Li\u00e8ge rassemble des spectacles de th\u00e9\u00e2tre, danse et musique. Comme son nom l'indique il a lieu chaque ann\u00e9e dans la ville de Li\u00e8ge, durant le mois de f\u00e9vrier. Date de la prochaine \u00e9dition : Festival de Li\u00e8ge 2018 (\u00e0 confirmer) Site internet : Festival de Li\u00e8ge \u00a0","rel":"","context":"Article similaire","block_context":{"text":"Article similaire","link":""},"img":{"alt_text":"","src":"","width":0,"height":0},"classes":[]},{"id":199,"url":"https:\/\/www.festivals.be\/festivals-belgique\/festivals\/theatre\/bruxellons\/","url_meta":{"origin":20,"position":3},"title":"Bruxellons","author":"Admin","date":"1 mars 2017","format":false,"excerpt":"Le festival de th\u00e9\u00e2tre Bruxellons ! a lieu chaque ann\u00e9e durant l'\u00e9t\u00e9 sur le site du chateau du Karreveld, \u00e0 Molenbeek. Ce festival donne la part belle aux cr\u00e9ations des artistes de la F\u00e9d\u00e9ration Wallonie - Bruxelles et pr\u00e9sente de nouveaux spectacles originaux parmi plus d'une centaine de repr\u00e9sentations. Dates\u2026","rel":"","context":"Article similaire","block_context":{"text":"Article similaire","link":""},"img":{"alt_text":"","src":"","width":0,"height":0},"classes":[]},{"id":479,"url":"https:\/\/www.festivals.be\/festivals-belgique\/festivals\/theatre\/festival-du-rire-de-rochefort\/","url_meta":{"origin":20,"position":4},"title":"Festival du Rire de Rochefort","author":"Admin","date":"27 avril 2017","format":false,"excerpt":"Le Festival International du Rire de Rochefort est une v\u00e9ritable institution. Tout le monde le connait et il a vu d\u00e9filer les plus grands noms parmi les humoristes, les stand-ups et autres imitateurs, ... Ce festival fait de Rochefort la capitale francophone du rire ! Prochaine \u00e9dition : Festival du\u2026","rel":"","context":"Article similaire","block_context":{"text":"Article similaire","link":""},"img":{"alt_text":"Festival International du Rire de Rochefort","src":"https:\/\/i0.wp.com\/www.festivals.be\/festivals-belgique\/wp-content\/uploads\/2017\/04\/Banner-abo-300x221.jpg?resize=350%2C200","width":350,"height":200},"classes":[]},{"id":436,"url":"https:\/\/www.festivals.be\/festivals-belgique\/festivals\/theatre\/kermezzoo\/","url_meta":{"origin":20,"position":5},"title":"Kermezzoo","author":"Admin","date":"23 mars 2017","format":false,"excerpt":"Le festival Kermezzoo est la biennale bruxelloise consacr\u00e9e \u00e0 l'humour sous toutes ses formes : spectacles, one man shows, stand up, ... un m\u00e9lange des styles est des genres dont le point commun est de d\u00e9rider les Bruxellois \u00e0 l'arriv\u00e9e des beaux jours. Durant 3 semaines, des shows in\u00e9dits et\u2026","rel":"","context":"Article similaire","block_context":{"text":"Article similaire","link":""},"img":{"alt_text":"Kermezzoo","src":"https:\/\/i0.wp.com\/www.festivals.be\/festivals-belgique\/wp-content\/uploads\/2017\/03\/tent-300x235.png?resize=350%2C200","width":350,"height":200},"classes":[]}],"_links":{"self":[{"href":"https:\/\/www.festivals.be\/festivals-belgique\/wp-json\/wp\/v2\/pages\/20","targetHints":{"allow":["GET"]}}],"collection":[{"href":"https:\/\/www.festivals.be\/festivals-belgique\/wp-json\/wp\/v2\/pages"}],"about":[{"href":"https:\/\/www.festivals.be\/festivals-belgique\/wp-json\/wp\/v2\/types\/page"}],"author":[{"embeddable":true,"href":"https:\/\/www.festivals.be\/festivals-belgique\/wp-json\/wp\/v2\/users\/1"}],"replies":[{"embeddable":true,"href":"https:\/\/www.festivals.be\/festivals-belgique\/wp-json\/wp\/v2\/comments?post=20"}],"version-history":[{"count":1,"href":"https:\/\/www.festivals.be\/festivals-belgique\/wp-json\/wp\/v2\/pages\/20\/revisions"}],"predecessor-version":[{"id":21,"href":"https:\/\/www.festivals.be\/festivals-belgique\/wp-json\/wp\/v2\/pages\/20\/revisions\/21"}],"up":[{"embeddable":true,"href":"https:\/\/www.festivals.be\/festivals-belgique\/wp-json\/wp\/v2\/pages\/13"}],"wp:attachment":[{"href":"https:\/\/www.festivals.be\/festivals-belgique\/wp-json\/wp\/v2\/media?parent=20"}],"curies":[{"name":"wp","href":"https:\/\/api.w.org\/{rel}","templated":true}]}}