{"id":217,"date":"2017-03-01T21:13:29","date_gmt":"2017-03-01T20:13:29","guid":{"rendered":"http:\/\/www.festivals.be\/festivals-belgique\/?page_id=217"},"modified":"2017-03-01T21:17:09","modified_gmt":"2017-03-01T20:17:09","slug":"festival-de-wallonie","status":"publish","type":"page","link":"https:\/\/www.festivals.be\/festivals-belgique\/festivals\/musique\/classique\/festival-de-wallonie\/","title":{"rendered":"Festival de Wallonie"},"content":{"rendered":"<p>Le <strong>Festival de Wallonie<\/strong> est un festival de <strong>musique classique<\/strong> qui s&rsquo;\u00e9tend sur plus de quatre mois et propose plus de 150 concerts lors de sept festivals diff\u00e9rents, r\u00e9partis sur l\u2019ensemble du territoire de la Wallonie et \u00e0 Bruxelles. Chaque ann\u00e9e le\u00a0programme ravit le public\u00a0\u00e0 Namur, Mons, Li\u00e8ge, Stavelot, Tournai, Jodoigne, Saint-Hubert, Louvain-la-Neuve, Bouillon, Bruxelles, &#8230; Avec une promesse tr\u00e8s claire : \u00ab\u00a0Le Festival de Wallonie : la musique classique pr\u00e8s de chez vous !\u00a0\u00bb cet \u00e9v\u00e9nement a comme objectif de rapprocher la musique classique de son public.<\/p>\n<p>Date de la prochaine \u00e9dition : <strong>Festival de Wallonie 2017<\/strong>, du 10 juin au 27 octobre.<\/p>\n<p>Site internet : <a href=\"http:\/\/www.festivaldewallonie.be\">Festival de Wallonie<\/a><\/p>\n<p>&nbsp;<\/p>\n","protected":false},"excerpt":{"rendered":"<p>Le Festival de Wallonie est un festival de musique classique qui s&rsquo;\u00e9tend sur plus de quatre mois et propose plus de 150 concerts lors de sept festivals diff\u00e9rents, r\u00e9partis sur &hellip; <a href=\"https:\/\/www.festivals.be\/festivals-belgique\/festivals\/musique\/classique\/festival-de-wallonie\/\" class=\"more-link\">Continuer la lecture<span class=\"screen-reader-text\"> de &laquo;&nbsp;Festival de Wallonie&nbsp;&raquo;<\/span><\/a><\/p>\n","protected":false},"author":1,"featured_media":0,"parent":50,"menu_order":0,"comment_status":"closed","ping_status":"closed","template":"","meta":{"jetpack_post_was_ever_published":false,"footnotes":""},"class_list":["post-217","page","type-page","status-publish","hentry"],"aioseo_notices":[],"jetpack_sharing_enabled":true,"jetpack_shortlink":"https:\/\/wp.me\/P7Iv6j-3v","jetpack_likes_enabled":true,"jetpack-related-posts":[{"id":272,"url":"https:\/\/www.festivals.be\/festivals-belgique\/festivals\/musique\/rock-et-divers\/fete-de-la-musique\/","url_meta":{"origin":217,"position":0},"title":"F\u00eate de la Musique","author":"Admin","date":"2 mars 2017","format":false,"excerpt":"Organis\u00e9e par la F\u00e9d\u00e9ration Wallonie - Bruxelles, la F\u00eate de la Musique existe depuis plus de 30 ans. C'est donc un des plus anciens festivals belges. Elle rassemble chaque ann\u00e9e des dizaines d'artistes dans les principales villes wallones et \u00e0 Bruxelles. Dates de la prochaine \u00e9dition : F\u00eate de la\u2026","rel":"","context":"Article similaire","block_context":{"text":"Article similaire","link":""},"img":{"alt_text":"","src":"","width":0,"height":0},"classes":[]},{"id":459,"url":"https:\/\/www.festivals.be\/festivals-belgique\/festivals\/films-et-cinema\/go-future\/","url_meta":{"origin":217,"position":1},"title":"Go Future","author":"Admin","date":"27 avril 2017","format":false,"excerpt":"Le Festival Go Future est le festival du film itin\u00e9rant. Le festival GO FUTURE propose dans toute la Wallonie une programmation cin\u00e9matographique gratuite et grand public ax\u00e9e sur le d\u00e9veloppement durable. Les \u00e9nergies alternatives, l\u2019\u00e9ducation, le changement climatique, l\u2019alimentation, la sant\u00e9, la biodiversit\u00e9, les ressources naturelles, la consommation et la\u2026","rel":"","context":"Article similaire","block_context":{"text":"Article similaire","link":""},"img":{"alt_text":"","src":"https:\/\/i0.wp.com\/www.festivals.be\/festivals-belgique\/wp-content\/uploads\/2017\/04\/LogoGoFuture_site-300x157.png?resize=350%2C200","width":350,"height":200},"classes":[]},{"id":199,"url":"https:\/\/www.festivals.be\/festivals-belgique\/festivals\/theatre\/bruxellons\/","url_meta":{"origin":217,"position":2},"title":"Bruxellons","author":"Admin","date":"1 mars 2017","format":false,"excerpt":"Le festival de th\u00e9\u00e2tre Bruxellons ! a lieu chaque ann\u00e9e durant l'\u00e9t\u00e9 sur le site du chateau du Karreveld, \u00e0 Molenbeek. Ce festival donne la part belle aux cr\u00e9ations des artistes de la F\u00e9d\u00e9ration Wallonie - Bruxelles et pr\u00e9sente de nouveaux spectacles originaux parmi plus d'une centaine de repr\u00e9sentations. Dates\u2026","rel":"","context":"Article similaire","block_context":{"text":"Article similaire","link":""},"img":{"alt_text":"","src":"","width":0,"height":0},"classes":[]},{"id":489,"url":"https:\/\/www.festivals.be\/festivals-belgique\/festivals\/musique\/classique\/brussels-international-guitar-festival\/","url_meta":{"origin":217,"position":3},"title":"Brussels International Guitar Festival","author":"Admin","date":"27 avril 2017","format":false,"excerpt":"Le Festival Internation de Guitare de Bruxelles a vu le jour en 2012. Il vous pr\u00e9sente tout simplement la guitare dans tous ses \u00e9tats.","rel":"","context":"Article similaire","block_context":{"text":"Article similaire","link":""},"img":{"alt_text":"","src":"","width":0,"height":0},"classes":[]},{"id":50,"url":"https:\/\/www.festivals.be\/festivals-belgique\/festivals\/musique\/classique\/","url_meta":{"origin":217,"position":4},"title":"Classique","author":"Admin","date":"13 juillet 2016","format":false,"excerpt":"Festivals de musique classique en Belgique.","rel":"","context":"Article similaire","block_context":{"text":"Article similaire","link":""},"img":{"alt_text":"","src":"","width":0,"height":0},"classes":[]},{"id":282,"url":"https:\/\/www.festivals.be\/festivals-belgique\/festivals\/musique\/jazz\/gent-jazz\/","url_meta":{"origin":217,"position":5},"title":"Gent Jazz","author":"Admin","date":"2 mars 2017","format":false,"excerpt":"Le festival de jazz de Gand dure chaque ann\u00e9e une dizaine de jour et rassemble de tr\u00e8s grand noms du jazz mondial. Il est historiquement le premier festival au monde organis\u00e9 en collaboration avec le prestigieux label de jazz Blue Note, le premier \u00e0 pouvoir porter ce nom. Il a\u2026","rel":"","context":"Article similaire","block_context":{"text":"Article similaire","link":""},"img":{"alt_text":"","src":"","width":0,"height":0},"classes":[]}],"_links":{"self":[{"href":"https:\/\/www.festivals.be\/festivals-belgique\/wp-json\/wp\/v2\/pages\/217","targetHints":{"allow":["GET"]}}],"collection":[{"href":"https:\/\/www.festivals.be\/festivals-belgique\/wp-json\/wp\/v2\/pages"}],"about":[{"href":"https:\/\/www.festivals.be\/festivals-belgique\/wp-json\/wp\/v2\/types\/page"}],"author":[{"embeddable":true,"href":"https:\/\/www.festivals.be\/festivals-belgique\/wp-json\/wp\/v2\/users\/1"}],"replies":[{"embeddable":true,"href":"https:\/\/www.festivals.be\/festivals-belgique\/wp-json\/wp\/v2\/comments?post=217"}],"version-history":[{"count":3,"href":"https:\/\/www.festivals.be\/festivals-belgique\/wp-json\/wp\/v2\/pages\/217\/revisions"}],"predecessor-version":[{"id":220,"href":"https:\/\/www.festivals.be\/festivals-belgique\/wp-json\/wp\/v2\/pages\/217\/revisions\/220"}],"up":[{"embeddable":true,"href":"https:\/\/www.festivals.be\/festivals-belgique\/wp-json\/wp\/v2\/pages\/50"}],"wp:attachment":[{"href":"https:\/\/www.festivals.be\/festivals-belgique\/wp-json\/wp\/v2\/media?parent=217"}],"curies":[{"name":"wp","href":"https:\/\/api.w.org\/{rel}","templated":true}]}}