{"id":229,"date":"2017-03-01T23:47:33","date_gmt":"2017-03-01T22:47:33","guid":{"rendered":"http:\/\/www.festivals.be\/festivals-belgique\/?page_id=229"},"modified":"2017-05-03T18:18:28","modified_gmt":"2017-05-03T16:18:28","slug":"fetes-antillaises","status":"publish","type":"page","link":"https:\/\/www.festivals.be\/festivals-belgique\/festivals\/musique\/musique-du-monde\/fetes-antillaises\/","title":{"rendered":"F\u00eates Antillaises"},"content":{"rendered":"<figure id=\"attachment_497\" aria-describedby=\"caption-attachment-497\" style=\"width: 300px\" class=\"wp-caption alignleft\"><img data-recalc-dims=\"1\" loading=\"lazy\" decoding=\"async\" class=\"size-medium wp-image-497\" src=\"https:\/\/i0.wp.com\/www.festivals.be\/festivals-belgique\/wp-content\/uploads\/2017\/03\/fetes-antillaises-300x180.jpg?resize=300%2C180\" alt=\"F\u00eates Antillaises\" width=\"300\" height=\"180\" srcset=\"https:\/\/i0.wp.com\/www.festivals.be\/festivals-belgique\/wp-content\/uploads\/2017\/03\/fetes-antillaises.jpg?resize=300%2C180&amp;ssl=1 300w, https:\/\/i0.wp.com\/www.festivals.be\/festivals-belgique\/wp-content\/uploads\/2017\/03\/fetes-antillaises.jpg?resize=768%2C461&amp;ssl=1 768w, https:\/\/i0.wp.com\/www.festivals.be\/festivals-belgique\/wp-content\/uploads\/2017\/03\/fetes-antillaises.jpg?resize=1024%2C614&amp;ssl=1 1024w, https:\/\/i0.wp.com\/www.festivals.be\/festivals-belgique\/wp-content\/uploads\/2017\/03\/fetes-antillaises.jpg?w=1200&amp;ssl=1 1200w\" sizes=\"auto, (max-width: 300px) 85vw, 300px\" \/><figcaption id=\"caption-attachment-497\" class=\"wp-caption-text\">F\u00eates Antillaises<\/figcaption><\/figure>\n<p>Les <strong>F\u00eates Antillaises<\/strong> ou <strong>Antillaanse Feesten<\/strong> sont un des festivals de <strong>world music<\/strong> majeurs en Belgique. Ils ont lieu chaque ann\u00e9e depuis 1983 \u00e0 Hoogstraten. Il s&rsquo;agit tout simplement du plus grand festival de musique antillaise d&rsquo;Europe et d&rsquo;apr\u00e8s les organisateurs \u00ab\u00a0le plus grand festival caribbean du monde\u00a0\u00bb, rien que \u00e7a ! C&rsquo;est un festival \u00e0 l&rsquo;ambiance unique, qui ravira pendant 2 jours tous les fans de salsa, merengue, bachata, soca, cumbia, &#8230; dans un d\u00e9cor unique qui vous fera voyager.<\/p>\n<p>Dates de la prochaine \u00e9dition : <strong>Antillaanse Feesten 2017<\/strong>, 12 et 13 ao\u00fbt 2017<\/p>\n<p>Site internet : <a href=\"http:\/\/www.antilliaansefeesten.be\">F\u00eates Antillaises<\/a><\/p>\n<p>&nbsp;<\/p>\n","protected":false},"excerpt":{"rendered":"<p>Les F\u00eates Antillaises ou Antillaanse Feesten sont un des festivals de world music majeurs en Belgique. Ils ont lieu chaque ann\u00e9e depuis 1983 \u00e0 Hoogstraten. Il s&rsquo;agit tout simplement du &hellip; <a href=\"https:\/\/www.festivals.be\/festivals-belgique\/festivals\/musique\/musique-du-monde\/fetes-antillaises\/\" class=\"more-link\">Continuer la lecture<span class=\"screen-reader-text\"> de &laquo;&nbsp;F\u00eates Antillaises&nbsp;&raquo;<\/span><\/a><\/p>\n","protected":false},"author":1,"featured_media":0,"parent":52,"menu_order":0,"comment_status":"closed","ping_status":"closed","template":"","meta":{"jetpack_post_was_ever_published":false,"footnotes":""},"class_list":["post-229","page","type-page","status-publish","hentry"],"aioseo_notices":[],"jetpack_sharing_enabled":true,"jetpack_shortlink":"https:\/\/wp.me\/P7Iv6j-3H","jetpack_likes_enabled":true,"jetpack-related-posts":[{"id":272,"url":"https:\/\/www.festivals.be\/festivals-belgique\/festivals\/musique\/rock-et-divers\/fete-de-la-musique\/","url_meta":{"origin":229,"position":0},"title":"F\u00eate de la Musique","author":"Admin","date":"2 mars 2017","format":false,"excerpt":"Organis\u00e9e par la F\u00e9d\u00e9ration Wallonie - Bruxelles, la F\u00eate de la Musique existe depuis plus de 30 ans. C'est donc un des plus anciens festivals belges. Elle rassemble chaque ann\u00e9e des dizaines d'artistes dans les principales villes wallones et \u00e0 Bruxelles. Dates de la prochaine \u00e9dition : F\u00eate de la\u2026","rel":"","context":"Article similaire","block_context":{"text":"Article similaire","link":""},"img":{"alt_text":"","src":"","width":0,"height":0},"classes":[]},{"id":292,"url":"https:\/\/www.festivals.be\/festivals-belgique\/festivals\/musique\/rock-et-divers\/les-solidarites\/","url_meta":{"origin":229,"position":1},"title":"Les Solidarit\u00e9s","author":"Admin","date":"2 mars 2017","format":false,"excerpt":"La F\u00eate des Solidarit\u00e9s se d\u00e9roule pendant un week-end de la fin du mois d'ao\u00fbt dans le cadre fantastique de la citadelle de Namur. Il accueille principalement des artistes francophone, grands noms actuels ou en devenir du paysage de la chanson. Il s'agit d'un festival familial qui fait la part\u2026","rel":"","context":"Article similaire","block_context":{"text":"Article similaire","link":""},"img":{"alt_text":"Festival des solidarit\u00e9s","src":"https:\/\/i0.wp.com\/www.festivals.be\/festivals-belgique\/wp-content\/uploads\/2017\/03\/Festivals-des-solidarites-300x100.png?resize=350%2C200","width":350,"height":200},"classes":[]},{"id":331,"url":"https:\/\/www.festivals.be\/festivals-belgique\/festivals\/musique\/musique-du-monde\/pole-pole\/","url_meta":{"origin":229,"position":2},"title":"Pol\u00e9 Pol\u00e9","author":"Admin","date":"2 mars 2017","format":false,"excerpt":"Un festival des musiques du monde o\u00f9 la danse et la f\u00eate sont irr\u00e9sistibles ! Le festival Pol\u00e9 Pol\u00e9 de Gand se d\u00e9roule pendant les \"f\u00eates de Gand\" chaque ann\u00e9e durant le mois de juillet. Dates de la prochaine \u00e9dition : Pol\u00e9 Pol\u00e9 2017, du 14 au 23 juillet 2017\u2026","rel":"","context":"Article similaire","block_context":{"text":"Article similaire","link":""},"img":{"alt_text":"Pole Pole","src":"https:\/\/i0.wp.com\/www.festivals.be\/festivals-belgique\/wp-content\/uploads\/2017\/03\/pole-pole-festival-300x97.jpg?resize=350%2C200","width":350,"height":200,"srcset":"https:\/\/i0.wp.com\/www.festivals.be\/festivals-belgique\/wp-content\/uploads\/2017\/03\/pole-pole-festival-300x97.jpg?resize=350%2C200 1x, https:\/\/i0.wp.com\/www.festivals.be\/festivals-belgique\/wp-content\/uploads\/2017\/03\/pole-pole-festival-300x97.jpg?resize=525%2C300 1.5x"},"classes":[]},{"id":195,"url":"https:\/\/www.festivals.be\/festivals-belgique\/festivals\/theatre\/chassepiere\/","url_meta":{"origin":229,"position":3},"title":"Chassepi\u00e8re","author":"Admin","date":"1 mars 2017","format":false,"excerpt":"Certainement un des moments les plus magiques de la saison des festivals en Belgique. Tout le village de Chassepi\u00e8re, situ\u00e9 dans les Ardennes non loin de Florenville, se transforme l'espace d'un week-end en une \u00e9norme f\u00eate \u00e0 la gloire des arts de la rue : acrobates, jongleurs, clowns, musiciens, danseurs,\u2026","rel":"","context":"Article similaire","block_context":{"text":"Article similaire","link":""},"img":{"alt_text":"","src":"","width":0,"height":0},"classes":[]},{"id":387,"url":"https:\/\/www.festivals.be\/festivals-belgique\/festivals\/autres\/museum-night-fever\/","url_meta":{"origin":229,"position":4},"title":"Museum Night Fever","author":"Admin","date":"9 mars 2017","format":false,"excerpt":"C'est la f\u00eate annuelle des mus\u00e9es bruxellois ! Chaque ann\u00e9e depuis 2007, le temps d'une soir\u00e9e et d'une nuit, de nombreux mus\u00e9es de la capitale prennent un coup de folie et ouvrent leurs portes aux noctambules pour des visites \u00a0guid\u00e9es hors du commun, des \u00e9v\u00e9nements, des animations, des performances live,\u2026","rel":"","context":"Article similaire","block_context":{"text":"Article similaire","link":""},"img":{"alt_text":"","src":"","width":0,"height":0},"classes":[]},{"id":240,"url":"https:\/\/www.festivals.be\/festivals-belgique\/festivals\/musique\/rock-et-divers\/dranouter\/","url_meta":{"origin":229,"position":5},"title":"Dranouter","author":"Admin","date":"1 mars 2017","format":false,"excerpt":"Le Festival Dranouter, anciennement connu sous le nom de Folkfestival Dranouter,\u00a0se d\u00e9roule durant le premier week-end d'ao\u00fbt. Plus de 80.000 personnes se rendent alors dans le petit village de Dranouter, en Flandre occidentale pour vivre cette ambiance unique et tr\u00e8s acoustique ! \"Folk\" Dranouter est le plus grand festival folk\u2026","rel":"","context":"Article similaire","block_context":{"text":"Article similaire","link":""},"img":{"alt_text":"Dranouter","src":"https:\/\/i0.wp.com\/www.festivals.be\/festivals-belgique\/wp-content\/uploads\/2017\/03\/Dranouter-300x168.jpg?resize=350%2C200","width":350,"height":200},"classes":[]}],"_links":{"self":[{"href":"https:\/\/www.festivals.be\/festivals-belgique\/wp-json\/wp\/v2\/pages\/229","targetHints":{"allow":["GET"]}}],"collection":[{"href":"https:\/\/www.festivals.be\/festivals-belgique\/wp-json\/wp\/v2\/pages"}],"about":[{"href":"https:\/\/www.festivals.be\/festivals-belgique\/wp-json\/wp\/v2\/types\/page"}],"author":[{"embeddable":true,"href":"https:\/\/www.festivals.be\/festivals-belgique\/wp-json\/wp\/v2\/users\/1"}],"replies":[{"embeddable":true,"href":"https:\/\/www.festivals.be\/festivals-belgique\/wp-json\/wp\/v2\/comments?post=229"}],"version-history":[{"count":4,"href":"https:\/\/www.festivals.be\/festivals-belgique\/wp-json\/wp\/v2\/pages\/229\/revisions"}],"predecessor-version":[{"id":499,"href":"https:\/\/www.festivals.be\/festivals-belgique\/wp-json\/wp\/v2\/pages\/229\/revisions\/499"}],"up":[{"embeddable":true,"href":"https:\/\/www.festivals.be\/festivals-belgique\/wp-json\/wp\/v2\/pages\/52"}],"wp:attachment":[{"href":"https:\/\/www.festivals.be\/festivals-belgique\/wp-json\/wp\/v2\/media?parent=229"}],"curies":[{"name":"wp","href":"https:\/\/api.w.org\/{rel}","templated":true}]}}

Fêtes Antillaises

<figure id="attachment_497" aria-describedby="caption-attachment-497" style="width: 300px" class="wp-caption alignleft"><img data-recalc-dims="1" loading="lazy" decoding="async" class="size-medium wp-image-497" src="https://i0.wp.com/www.festivals.be/festivals-belgique/wp-content/uploads/2017/03/fetes-antillaises-300x180.jpg?resize=300%2C180" alt="Fêtes Antillaises" width="300" height="180" srcset="https://i0.wp.com/www.festivals.be/festivals-belgique/wp-content/uploads/2017/03/fetes-antillaises.jpg?resize=300%2C180&amp;ssl=1 300w, https://i0.wp.com/www.festivals.be/festivals-belgique/wp-content/uploads/2017/03/fetes-antillaises.jpg?resize=768%2C461&amp;ssl=1 768w, https://i0.wp.com/www.festivals.be/festivals-belgique/wp-content/uploads/2017/03/fetes-antillaises.jpg?resize=1024%2C614&amp;ssl=1 1024w, https://i0.wp.com/www.festivals.be/festivals-belgique/wp-content/uploads/2017/03/fetes-antillaises.jpg?w=1200&amp;ssl=1 1200w" sizes="auto, (max-width: 300px) 85vw, 300px" /><figcaption id="caption-attachment-497" class="wp-caption-text">Fêtes Antillaises</figcaption></figure>
<p>Les <strong>Fêtes Antillaises</strong> ou <strong>Antillaanse Feesten</strong> sont un des festivals de <strong>world music</strong> majeurs en Belgique. Ils ont lieu chaque année depuis 1983 à Hoogstraten. Il s&rsquo;agit tout simplement du plus grand festival de musique antillaise d&rsquo;Europe et d&rsquo;après les organisateurs « le plus grand festival caribbean du monde », rien que ça ! C&rsquo;est un festival à l&rsquo;ambiance unique, qui ravira pendant 2 jours tous les fans de salsa, merengue, bachata, soca, cumbia, &#8230; dans un décor unique qui vous fera voyager.</p>
<p>Dates de la prochaine édition : <strong>Antillaanse Feesten 2017</strong>, 12 et 13 août 2017</p>
<p>Site internet : <a href="http://www.antilliaansefeesten.be">Fêtes Antillaises</a></p>
<p>&nbsp;</p>

<p>Les Fêtes Antillaises ou Antillaanse Feesten sont un des festivals de world music majeurs en Belgique. Ils ont lieu chaque année depuis 1983 à Hoogstraten. Il s&rsquo;agit tout simplement du &hellip; <a href="https://www.festivals.be/festivals-belgique/festivals/musique/musique-du-monde/fetes-antillaises/" class="more-link">Continuer la lecture<span class="screen-reader-text"> de &laquo;&nbsp;Fêtes Antillaises&nbsp;&raquo;</span></a></p>

Fête de la Musique

Organisée par la Fédération Wallonie - Bruxelles, la Fête de la Musique existe depuis plus de 30 ans. C'est donc un des plus anciens festivals belges. Elle rassemble chaque année des dizaines d'artistes dans les principales villes wallones et à Bruxelles. Dates de la prochaine édition : Fête de la…

Les Solidarités

La Fête des Solidarités se déroule pendant un week-end de la fin du mois d'août dans le cadre fantastique de la citadelle de Namur. Il accueille principalement des artistes francophone, grands noms actuels ou en devenir du paysage de la chanson. Il s'agit d'un festival familial qui fait la part…

Festival des solidarités

Polé Polé

Un festival des musiques du monde où la danse et la fête sont irrésistibles ! Le festival Polé Polé de Gand se déroule pendant les "fêtes de Gand" chaque année durant le mois de juillet. Dates de la prochaine édition : Polé Polé 2017, du 14 au 23 juillet 2017…

Chassepière

Certainement un des moments les plus magiques de la saison des festivals en Belgique. Tout le village de Chassepière, situé dans les Ardennes non loin de Florenville, se transforme l'espace d'un week-end en une énorme fête à la gloire des arts de la rue : acrobates, jongleurs, clowns, musiciens, danseurs,…

C'est la fête annuelle des musées bruxellois ! Chaque année depuis 2007, le temps d'une soirée et d'une nuit, de nombreux musées de la capitale prennent un coup de folie et ouvrent leurs portes aux noctambules pour des visites  guidées hors du commun, des événements, des animations, des performances live,…

Le Festival Dranouter, anciennement connu sous le nom de Folkfestival Dranouter, se déroule durant le premier week-end d'août. Plus de 80.000 personnes se rendent alors dans le petit village de Dranouter, en Flandre occidentale pour vivre cette ambiance unique et très acoustique ! "Folk" Dranouter est le plus grand festival folk…
