{"id":240,"date":"2017-03-01T23:59:37","date_gmt":"2017-03-01T22:59:37","guid":{"rendered":"http:\/\/www.festivals.be\/festivals-belgique\/?page_id=240"},"modified":"2017-05-03T18:30:47","modified_gmt":"2017-05-03T16:30:47","slug":"dranouter","status":"publish","type":"page","link":"https:\/\/www.festivals.be\/festivals-belgique\/festivals\/musique\/rock-et-divers\/dranouter\/","title":{"rendered":"Dranouter"},"content":{"rendered":"<figure id=\"attachment_507\" aria-describedby=\"caption-attachment-507\" style=\"width: 300px\" class=\"wp-caption alignleft\"><img data-recalc-dims=\"1\" loading=\"lazy\" decoding=\"async\" class=\"size-medium wp-image-507\" src=\"https:\/\/i0.wp.com\/www.festivals.be\/festivals-belgique\/wp-content\/uploads\/2017\/03\/Dranouter-300x168.jpg?resize=300%2C168\" alt=\"Dranouter\" width=\"300\" height=\"168\" srcset=\"https:\/\/i0.wp.com\/www.festivals.be\/festivals-belgique\/wp-content\/uploads\/2017\/03\/Dranouter.jpg?resize=300%2C168&amp;ssl=1 300w, https:\/\/i0.wp.com\/www.festivals.be\/festivals-belgique\/wp-content\/uploads\/2017\/03\/Dranouter.jpg?w=670&amp;ssl=1 670w\" sizes=\"auto, (max-width: 300px) 85vw, 300px\" \/><figcaption id=\"caption-attachment-507\" class=\"wp-caption-text\">Dranouter<\/figcaption><\/figure>\n<p>Le <strong>Festival Dranouter<\/strong>, anciennement connu sous le nom de <strong>Folkfestival Dranouter,<\/strong>\u00a0se d\u00e9roule durant le premier week-end d&rsquo;ao\u00fbt. Plus de 80.000 personnes se rendent alors dans le petit village de Dranouter, en Flandre occidentale pour vivre cette ambiance unique et tr\u00e8s acoustique !<\/p>\n<p>\u00ab\u00a0Folk\u00a0\u00bb <strong>Dranouter<\/strong> est le plus grand <strong>festival folk<\/strong> en Europe. Chacun y trouve son plaisir et chaque ann\u00e9e, de grands artistes sont de la partie.<\/p>\n<p>Dates de la prochaine \u00e9dition : <strong>Festival Folk Dranouter 2017<\/strong>, du 4 au 6 ao\u00fbt 2017<\/p>\n<p>Site internet : <a href=\"http:\/\/www.festivaldranouter.be\">Festival Dranouter<\/a><\/p>\n","protected":false},"excerpt":{"rendered":"<p>Le Festival Dranouter, anciennement connu sous le nom de Folkfestival Dranouter,\u00a0se d\u00e9roule durant le premier week-end d&rsquo;ao\u00fbt. Plus de 80.000 personnes se rendent alors dans le petit village de Dranouter, &hellip; <a href=\"https:\/\/www.festivals.be\/festivals-belgique\/festivals\/musique\/rock-et-divers\/dranouter\/\" class=\"more-link\">Continuer la lecture<span class=\"screen-reader-text\"> de &laquo;&nbsp;Dranouter&nbsp;&raquo;<\/span><\/a><\/p>\n","protected":false},"author":1,"featured_media":0,"parent":18,"menu_order":0,"comment_status":"closed","ping_status":"closed","template":"","meta":{"jetpack_post_was_ever_published":false,"footnotes":""},"class_list":["post-240","page","type-page","status-publish","hentry"],"aioseo_notices":[],"jetpack_sharing_enabled":true,"jetpack_shortlink":"https:\/\/wp.me\/P7Iv6j-3S","jetpack_likes_enabled":true,"jetpack-related-posts":[{"id":358,"url":"https:\/\/www.festivals.be\/festivals-belgique\/festivals\/musique\/electro-et-dance\/frontline-festival\/","url_meta":{"origin":240,"position":0},"title":"Frontline Festival","author":"Admin","date":"6 mars 2017","format":false,"excerpt":"Le festival Frontline a vu le jour en 2013. Il s'agit d'un festival de musique \u00e9lectronique qui grandit chaque ann\u00e9e. En 2016 il a rassembl\u00e9 plus de 2.000 festivaliers autour de DJ locaux \u00e0 Zonnebeke, pr\u00e8s de Ypres. Dates de la prochaine \u00e9dition : Frontline Festival 2017, le 19 ao\u00fbt\u2026","rel":"","context":"Article similaire","block_context":{"text":"Article similaire","link":""},"img":{"alt_text":"Frontline Festival","src":"https:\/\/i0.wp.com\/www.festivals.be\/festivals-belgique\/wp-content\/uploads\/2017\/03\/Frontline-Festival-300x300.png?resize=350%2C200","width":350,"height":200},"classes":[]},{"id":247,"url":"https:\/\/www.festivals.be\/festivals-belgique\/festivals\/musique\/metal\/alcatraz-metal-festival\/","url_meta":{"origin":240,"position":1},"title":"Alcatraz Metal Festival","author":"Admin","date":"2 mars 2017","format":false,"excerpt":"Alcatraz est un festival de m\u00e9tal qui a vu le jour en 2009. Le festival n'a fait que grandir tout au long de ces derni\u00e8res ann\u00e9es avec une affiche de plus en plus qualitative, accueillant des groupes \u00e0 la renomm\u00e9e internationale et donnant de la visibilit\u00e9 aux groupes belges. Une\u2026","rel":"","context":"Article similaire","block_context":{"text":"Article similaire","link":""},"img":{"alt_text":"Alcatraz Metal Festival","src":"https:\/\/i0.wp.com\/www.festivals.be\/festivals-belgique\/wp-content\/uploads\/2017\/03\/Alcatraz-300x90.jpg?resize=350%2C200","width":350,"height":200,"srcset":"https:\/\/i0.wp.com\/www.festivals.be\/festivals-belgique\/wp-content\/uploads\/2017\/03\/Alcatraz-300x90.jpg?resize=350%2C200 1x, https:\/\/i0.wp.com\/www.festivals.be\/festivals-belgique\/wp-content\/uploads\/2017\/03\/Alcatraz-300x90.jpg?resize=525%2C300 1.5x, https:\/\/i0.wp.com\/www.festivals.be\/festivals-belgique\/wp-content\/uploads\/2017\/03\/Alcatraz-300x90.jpg?resize=700%2C400 2x"},"classes":[]},{"id":292,"url":"https:\/\/www.festivals.be\/festivals-belgique\/festivals\/musique\/rock-et-divers\/les-solidarites\/","url_meta":{"origin":240,"position":2},"title":"Les Solidarit\u00e9s","author":"Admin","date":"2 mars 2017","format":false,"excerpt":"La F\u00eate des Solidarit\u00e9s se d\u00e9roule pendant un week-end de la fin du mois d'ao\u00fbt dans le cadre fantastique de la citadelle de Namur. Il accueille principalement des artistes francophone, grands noms actuels ou en devenir du paysage de la chanson. Il s'agit d'un festival familial qui fait la part\u2026","rel":"","context":"Article similaire","block_context":{"text":"Article similaire","link":""},"img":{"alt_text":"Festival des solidarit\u00e9s","src":"https:\/\/i0.wp.com\/www.festivals.be\/festivals-belgique\/wp-content\/uploads\/2017\/03\/Festivals-des-solidarites-300x100.png?resize=350%2C200","width":350,"height":200},"classes":[]},{"id":229,"url":"https:\/\/www.festivals.be\/festivals-belgique\/festivals\/musique\/musique-du-monde\/fetes-antillaises\/","url_meta":{"origin":240,"position":3},"title":"F\u00eates Antillaises","author":"Admin","date":"1 mars 2017","format":false,"excerpt":"Les F\u00eates Antillaises ou Antillaanse Feesten sont un des festivals de world music majeurs en Belgique. Ils ont lieu chaque ann\u00e9e depuis 1983 \u00e0 Hoogstraten. Il s'agit tout simplement du plus grand festival de musique antillaise d'Europe et d'apr\u00e8s les organisateurs \"le plus grand festival caribbean du monde\", rien que\u2026","rel":"","context":"Article similaire","block_context":{"text":"Article similaire","link":""},"img":{"alt_text":"F\u00eates Antillaises","src":"https:\/\/i0.wp.com\/www.festivals.be\/festivals-belgique\/wp-content\/uploads\/2017\/03\/fetes-antillaises-300x180.jpg?resize=350%2C200","width":350,"height":200},"classes":[]},{"id":185,"url":"https:\/\/www.festivals.be\/festivals-belgique\/festivals\/musique\/rock-et-divers\/micro-festival\/","url_meta":{"origin":240,"position":4},"title":"Micro Festival","author":"Admin","date":"1 mars 2017","format":false,"excerpt":"Organis\u00e9 depuis 2010 par le collectif Jaune Orange, le Micro Festival se d\u00e9roule chaque ann\u00e9e dans la ville de Li\u00e8ge durant le mois d'ao\u00fbt. Dates de la prochaine \u00e9dition : Micro Festival 2017, les 4 et 5 ao\u00fbt 2017 Site internet : Micro Festival \u00a0","rel":"","context":"Article similaire","block_context":{"text":"Article similaire","link":""},"img":{"alt_text":"","src":"","width":0,"height":0},"classes":[]},{"id":195,"url":"https:\/\/www.festivals.be\/festivals-belgique\/festivals\/theatre\/chassepiere\/","url_meta":{"origin":240,"position":5},"title":"Chassepi\u00e8re","author":"Admin","date":"1 mars 2017","format":false,"excerpt":"Certainement un des moments les plus magiques de la saison des festivals en Belgique. Tout le village de Chassepi\u00e8re, situ\u00e9 dans les Ardennes non loin de Florenville, se transforme l'espace d'un week-end en une \u00e9norme f\u00eate \u00e0 la gloire des arts de la rue : acrobates, jongleurs, clowns, musiciens, danseurs,\u2026","rel":"","context":"Article similaire","block_context":{"text":"Article similaire","link":""},"img":{"alt_text":"","src":"","width":0,"height":0},"classes":[]}],"_links":{"self":[{"href":"https:\/\/www.festivals.be\/festivals-belgique\/wp-json\/wp\/v2\/pages\/240","targetHints":{"allow":["GET"]}}],"collection":[{"href":"https:\/\/www.festivals.be\/festivals-belgique\/wp-json\/wp\/v2\/pages"}],"about":[{"href":"https:\/\/www.festivals.be\/festivals-belgique\/wp-json\/wp\/v2\/types\/page"}],"author":[{"embeddable":true,"href":"https:\/\/www.festivals.be\/festivals-belgique\/wp-json\/wp\/v2\/users\/1"}],"replies":[{"embeddable":true,"href":"https:\/\/www.festivals.be\/festivals-belgique\/wp-json\/wp\/v2\/comments?post=240"}],"version-history":[{"count":3,"href":"https:\/\/www.festivals.be\/festivals-belgique\/wp-json\/wp\/v2\/pages\/240\/revisions"}],"predecessor-version":[{"id":509,"href":"https:\/\/www.festivals.be\/festivals-belgique\/wp-json\/wp\/v2\/pages\/240\/revisions\/509"}],"up":[{"embeddable":true,"href":"https:\/\/www.festivals.be\/festivals-belgique\/wp-json\/wp\/v2\/pages\/18"}],"wp:attachment":[{"href":"https:\/\/www.festivals.be\/festivals-belgique\/wp-json\/wp\/v2\/media?parent=240"}],"curies":[{"name":"wp","href":"https:\/\/api.w.org\/{rel}","templated":true}]}}

<figure id="attachment_507" aria-describedby="caption-attachment-507" style="width: 300px" class="wp-caption alignleft"><img data-recalc-dims="1" loading="lazy" decoding="async" class="size-medium wp-image-507" src="https://i0.wp.com/www.festivals.be/festivals-belgique/wp-content/uploads/2017/03/Dranouter-300x168.jpg?resize=300%2C168" alt="Dranouter" width="300" height="168" srcset="https://i0.wp.com/www.festivals.be/festivals-belgique/wp-content/uploads/2017/03/Dranouter.jpg?resize=300%2C168&amp;ssl=1 300w, https://i0.wp.com/www.festivals.be/festivals-belgique/wp-content/uploads/2017/03/Dranouter.jpg?w=670&amp;ssl=1 670w" sizes="auto, (max-width: 300px) 85vw, 300px" /><figcaption id="caption-attachment-507" class="wp-caption-text">Dranouter</figcaption></figure>
<p>Le <strong>Festival Dranouter</strong>, anciennement connu sous le nom de <strong>Folkfestival Dranouter,</strong> se déroule durant le premier week-end d&rsquo;août. Plus de 80.000 personnes se rendent alors dans le petit village de Dranouter, en Flandre occidentale pour vivre cette ambiance unique et très acoustique !</p>
<p>« Folk » <strong>Dranouter</strong> est le plus grand <strong>festival folk</strong> en Europe. Chacun y trouve son plaisir et chaque année, de grands artistes sont de la partie.</p>
<p>Dates de la prochaine édition : <strong>Festival Folk Dranouter 2017</strong>, du 4 au 6 août 2017</p>
<p>Site internet : <a href="http://www.festivaldranouter.be">Festival Dranouter</a></p>

<p>Le Festival Dranouter, anciennement connu sous le nom de Folkfestival Dranouter, se déroule durant le premier week-end d&rsquo;août. Plus de 80.000 personnes se rendent alors dans le petit village de Dranouter, &hellip; <a href="https://www.festivals.be/festivals-belgique/festivals/musique/rock-et-divers/dranouter/" class="more-link">Continuer la lecture<span class="screen-reader-text"> de &laquo;&nbsp;Dranouter&nbsp;&raquo;</span></a></p>

Le festival Frontline a vu le jour en 2013. Il s'agit d'un festival de musique électronique qui grandit chaque année. En 2016 il a rassemblé plus de 2.000 festivaliers autour de DJ locaux à Zonnebeke, près de Ypres. Dates de la prochaine édition : Frontline Festival 2017, le 19 août…

Alcatraz est un festival de métal qui a vu le jour en 2009. Le festival n'a fait que grandir tout au long de ces dernières années avec une affiche de plus en plus qualitative, accueillant des groupes à la renommée internationale et donnant de la visibilité aux groupes belges. Une…

Les Solidarités

La Fête des Solidarités se déroule pendant un week-end de la fin du mois d'août dans le cadre fantastique de la citadelle de Namur. Il accueille principalement des artistes francophone, grands noms actuels ou en devenir du paysage de la chanson. Il s'agit d'un festival familial qui fait la part…

Festival des solidarités

Fêtes Antillaises

Les Fêtes Antillaises ou Antillaanse Feesten sont un des festivals de world music majeurs en Belgique. Ils ont lieu chaque année depuis 1983 à Hoogstraten. Il s'agit tout simplement du plus grand festival de musique antillaise d'Europe et d'après les organisateurs "le plus grand festival caribbean du monde", rien que…

Organisé depuis 2010 par le collectif Jaune Orange, le Micro Festival se déroule chaque année dans la ville de Liège durant le mois d'août. Dates de la prochaine édition : Micro Festival 2017, les 4 et 5 août 2017 Site internet : Micro Festival

Chassepière

Certainement un des moments les plus magiques de la saison des festivals en Belgique. Tout le village de Chassepière, situé dans les Ardennes non loin de Florenville, se transforme l'espace d'un week-end en une énorme fête à la gloire des arts de la rue : acrobates, jongleurs, clowns, musiciens, danseurs,…
