{"id":247,"date":"2017-03-02T00:12:54","date_gmt":"2017-03-01T23:12:54","guid":{"rendered":"http:\/\/www.festivals.be\/festivals-belgique\/?page_id=247"},"modified":"2017-05-03T18:26:36","modified_gmt":"2017-05-03T16:26:36","slug":"alcatraz-metal-festival","status":"publish","type":"page","link":"https:\/\/www.festivals.be\/festivals-belgique\/festivals\/musique\/metal\/alcatraz-metal-festival\/","title":{"rendered":"Alcatraz Metal Festival"},"content":{"rendered":"<figure id=\"attachment_503\" aria-describedby=\"caption-attachment-503\" style=\"width: 760px\" class=\"wp-caption aligncenter\"><img data-recalc-dims=\"1\" loading=\"lazy\" decoding=\"async\" class=\" wp-image-503\" src=\"https:\/\/i0.wp.com\/www.festivals.be\/festivals-belgique\/wp-content\/uploads\/2017\/03\/Alcatraz-300x90.jpg?resize=760%2C228\" alt=\"Alcatraz Metal Festival\" width=\"760\" height=\"228\" srcset=\"https:\/\/i0.wp.com\/www.festivals.be\/festivals-belgique\/wp-content\/uploads\/2017\/03\/Alcatraz.jpg?resize=300%2C90&amp;ssl=1 300w, https:\/\/i0.wp.com\/www.festivals.be\/festivals-belgique\/wp-content\/uploads\/2017\/03\/Alcatraz.jpg?resize=768%2C230&amp;ssl=1 768w, https:\/\/i0.wp.com\/www.festivals.be\/festivals-belgique\/wp-content\/uploads\/2017\/03\/Alcatraz.jpg?resize=1024%2C307&amp;ssl=1 1024w, https:\/\/i0.wp.com\/www.festivals.be\/festivals-belgique\/wp-content\/uploads\/2017\/03\/Alcatraz.jpg?resize=1200%2C359&amp;ssl=1 1200w, https:\/\/i0.wp.com\/www.festivals.be\/festivals-belgique\/wp-content\/uploads\/2017\/03\/Alcatraz.jpg?w=2000&amp;ssl=1 2000w, https:\/\/i0.wp.com\/www.festivals.be\/festivals-belgique\/wp-content\/uploads\/2017\/03\/Alcatraz.jpg?w=1680&amp;ssl=1 1680w\" sizes=\"auto, (max-width: 760px) 85vw, 760px\" \/><figcaption id=\"caption-attachment-503\" class=\"wp-caption-text\">Alcatraz Metal Festival<\/figcaption><\/figure>\n<p><strong>Alcatraz<\/strong> est un <strong>festival de m\u00e9tal<\/strong> qui a vu le jour en 2009. Le festival n&rsquo;a fait que grandir tout au long de ces derni\u00e8res ann\u00e9es avec une affiche de plus en plus qualitative, accueillant des groupes \u00e0 la renomm\u00e9e internationale et donnant de la visibilit\u00e9 aux groupes belges. Une nouvelle sc\u00e8ne a \u00e9t\u00e9 ajout\u00e9e il y a d\u00e9j\u00e0 presque 10 ans pour accueillir encore plus de groupes.<\/p>\n<p>Dates de la prochaine \u00e9dition : <strong>Alcatraz Metal Festival 2017<\/strong>, du 11 au 13 ao\u00fbt 2017<\/p>\n<p>Site internet : <a href=\"http:\/\/www.alcatraz.be\">Alcatraz Metal Festival<\/a><\/p>\n<p>&nbsp;<\/p>\n","protected":false},"excerpt":{"rendered":"<p>Alcatraz est un festival de m\u00e9tal qui a vu le jour en 2009. Le festival n&rsquo;a fait que grandir tout au long de ces derni\u00e8res ann\u00e9es avec une affiche de &hellip; <a href=\"https:\/\/www.festivals.be\/festivals-belgique\/festivals\/musique\/metal\/alcatraz-metal-festival\/\" class=\"more-link\">Continuer la lecture<span class=\"screen-reader-text\"> de &laquo;&nbsp;Alcatraz Metal Festival&nbsp;&raquo;<\/span><\/a><\/p>\n","protected":false},"author":1,"featured_media":0,"parent":54,"menu_order":0,"comment_status":"closed","ping_status":"closed","template":"","meta":{"jetpack_post_was_ever_published":false,"footnotes":""},"class_list":["post-247","page","type-page","status-publish","hentry"],"aioseo_notices":[],"jetpack_sharing_enabled":true,"jetpack_shortlink":"https:\/\/wp.me\/P7Iv6j-3Z","jetpack_likes_enabled":true,"jetpack-related-posts":[{"id":175,"url":"https:\/\/www.festivals.be\/festivals-belgique\/festivals\/musique\/metal\/graspop-metal-meeting\/","url_meta":{"origin":247,"position":0},"title":"Graspop Metal Meeting","author":"Admin","date":"1 mars 2017","format":false,"excerpt":"Le Graspop Metal Meeting (ou Graspop)\u00a0est LE festival incontournable pour les fans de metal en Belgique. Chaque ann\u00e9e des dizaines de milliers de festivaliers arpentent les plaines du Graspop \u00e0 Dessel dans le Limbourg. De plus en plus de groupes, de plus en plus de sc\u00e8nes durant les 3 jours\u2026","rel":"","context":"Article similaire","block_context":{"text":"Article similaire","link":""},"img":{"alt_text":"","src":"","width":0,"height":0},"classes":[]},{"id":54,"url":"https:\/\/www.festivals.be\/festivals-belgique\/festivals\/musique\/metal\/","url_meta":{"origin":247,"position":1},"title":"Metal","author":"Admin","date":"13 juillet 2016","format":false,"excerpt":"Les festivals de metal en Belgique.","rel":"","context":"Article similaire","block_context":{"text":"Article similaire","link":""},"img":{"alt_text":"","src":"","width":0,"height":0},"classes":[]},{"id":265,"url":"https:\/\/www.festivals.be\/festivals-belgique\/festivals\/musique\/rock-et-divers\/genk-on-stage\/","url_meta":{"origin":247,"position":2},"title":"Genk on Stage","author":"Admin","date":"2 mars 2017","format":false,"excerpt":"Comme son nom l'indique, le festival Genk on Stage se d\u00e9roule dans la ville limbourgeoise de Genk. Il a lieu chaque ann\u00e9e \u00e0 la fin du mois de juin et est organis\u00e9 par la ville de Genk. Le festival rassemble plus d'une centaine de groupes, dont certains noms \u00e0 la\u2026","rel":"","context":"Article similaire","block_context":{"text":"Article similaire","link":""},"img":{"alt_text":"","src":"","width":0,"height":0},"classes":[]},{"id":381,"url":"https:\/\/www.festivals.be\/festivals-belgique\/festivals\/autres\/banad-festival\/","url_meta":{"origin":247,"position":3},"title":"BANAD Festival","author":"Admin","date":"9 mars 2017","format":false,"excerpt":"En mars 2017 a lieu la premi\u00e8re \u00e9dition de ce festival bruxellois de l'Art Nouveau et de l'Art D\u00e9co, anciennement la biennale Art Nouveau et Art D\u00e9co. Durant 15 jours de printemps diff\u00e9rents lieux de la Capitale ouvrent leurs portes pour accueillir visites, promenades \u00e0 pied et en v\u00e9lo, concerts,\u2026","rel":"","context":"Article similaire","block_context":{"text":"Article similaire","link":""},"img":{"alt_text":"","src":"","width":0,"height":0},"classes":[]},{"id":344,"url":"https:\/\/www.festivals.be\/festivals-belgique\/festivals\/musique\/jazz\/django-a-liberchies\/","url_meta":{"origin":247,"position":4},"title":"Django \u00e0 Liberchies","author":"Admin","date":"3 mars 2017","format":false,"excerpt":"Un festival unique qui rassemble depuis une quinzaine d'ann\u00e9e les amateurs de jazz manouche. Le festival Django se tient l'espace d'un week-end dans le village de Liberchies, lieu de naissance de Django Reinhardt, le plus grand guitariste de jazz manouche belge. Le festival accueille \u00e9galement plusieurs bals et s'est inscrit\u2026","rel":"","context":"Article similaire","block_context":{"text":"Article similaire","link":""},"img":{"alt_text":"","src":"","width":0,"height":0},"classes":[]},{"id":222,"url":"https:\/\/www.festivals.be\/festivals-belgique\/festivals\/musique\/musique-du-monde\/afro-latino-festival\/","url_meta":{"origin":247,"position":5},"title":"Afro-Latino Festival","author":"Admin","date":"1 mars 2017","format":false,"excerpt":"Le festival de musique du monde Afro-Latino est organis\u00e9 \u00e0 Bree et propose chaque ann\u00e9e une affiche innovante, compos\u00e9e d'artistes internationaux renomm\u00e9s venant d'Afrique, d'Am\u00e9rique latine, des Cara\u00efbes et d'Europe du Sud. Au total, c'est plus de 40 groupes et DJ qui sont programm\u00e9s, ainsi qu'une dizaine d'animations de danse\u2026","rel":"","context":"Article similaire","block_context":{"text":"Article similaire","link":""},"img":{"alt_text":"Afro Latino","src":"https:\/\/i0.wp.com\/www.festivals.be\/festivals-belgique\/wp-content\/uploads\/2017\/03\/Afro-Latino-300x200.jpg?resize=350%2C200","width":350,"height":200},"classes":[]}],"_links":{"self":[{"href":"https:\/\/www.festivals.be\/festivals-belgique\/wp-json\/wp\/v2\/pages\/247","targetHints":{"allow":["GET"]}}],"collection":[{"href":"https:\/\/www.festivals.be\/festivals-belgique\/wp-json\/wp\/v2\/pages"}],"about":[{"href":"https:\/\/www.festivals.be\/festivals-belgique\/wp-json\/wp\/v2\/types\/page"}],"author":[{"embeddable":true,"href":"https:\/\/www.festivals.be\/festivals-belgique\/wp-json\/wp\/v2\/users\/1"}],"replies":[{"embeddable":true,"href":"https:\/\/www.festivals.be\/festivals-belgique\/wp-json\/wp\/v2\/comments?post=247"}],"version-history":[{"count":4,"href":"https:\/\/www.festivals.be\/festivals-belgique\/wp-json\/wp\/v2\/pages\/247\/revisions"}],"predecessor-version":[{"id":506,"href":"https:\/\/www.festivals.be\/festivals-belgique\/wp-json\/wp\/v2\/pages\/247\/revisions\/506"}],"up":[{"embeddable":true,"href":"https:\/\/www.festivals.be\/festivals-belgique\/wp-json\/wp\/v2\/pages\/54"}],"wp:attachment":[{"href":"https:\/\/www.festivals.be\/festivals-belgique\/wp-json\/wp\/v2\/media?parent=247"}],"curies":[{"name":"wp","href":"https:\/\/api.w.org\/{rel}","templated":true}]}}

<figure id="attachment_503" aria-describedby="caption-attachment-503" style="width: 760px" class="wp-caption aligncenter"><img data-recalc-dims="1" loading="lazy" decoding="async" class=" wp-image-503" src="https://i0.wp.com/www.festivals.be/festivals-belgique/wp-content/uploads/2017/03/Alcatraz-300x90.jpg?resize=760%2C228" alt="Alcatraz Metal Festival" width="760" height="228" srcset="https://i0.wp.com/www.festivals.be/festivals-belgique/wp-content/uploads/2017/03/Alcatraz.jpg?resize=300%2C90&amp;ssl=1 300w, https://i0.wp.com/www.festivals.be/festivals-belgique/wp-content/uploads/2017/03/Alcatraz.jpg?resize=768%2C230&amp;ssl=1 768w, https://i0.wp.com/www.festivals.be/festivals-belgique/wp-content/uploads/2017/03/Alcatraz.jpg?resize=1024%2C307&amp;ssl=1 1024w, https://i0.wp.com/www.festivals.be/festivals-belgique/wp-content/uploads/2017/03/Alcatraz.jpg?resize=1200%2C359&amp;ssl=1 1200w, https://i0.wp.com/www.festivals.be/festivals-belgique/wp-content/uploads/2017/03/Alcatraz.jpg?w=2000&amp;ssl=1 2000w, https://i0.wp.com/www.festivals.be/festivals-belgique/wp-content/uploads/2017/03/Alcatraz.jpg?w=1680&amp;ssl=1 1680w" sizes="auto, (max-width: 760px) 85vw, 760px" /><figcaption id="caption-attachment-503" class="wp-caption-text">Alcatraz Metal Festival</figcaption></figure>
<p><strong>Alcatraz</strong> est un <strong>festival de métal</strong> qui a vu le jour en 2009. Le festival n&rsquo;a fait que grandir tout au long de ces dernières années avec une affiche de plus en plus qualitative, accueillant des groupes à la renommée internationale et donnant de la visibilité aux groupes belges. Une nouvelle scène a été ajoutée il y a déjà presque 10 ans pour accueillir encore plus de groupes.</p>
<p>Dates de la prochaine édition : <strong>Alcatraz Metal Festival 2017</strong>, du 11 au 13 août 2017</p>
<p>Site internet : <a href="http://www.alcatraz.be">Alcatraz Metal Festival</a></p>
<p>&nbsp;</p>

<p>Alcatraz est un festival de métal qui a vu le jour en 2009. Le festival n&rsquo;a fait que grandir tout au long de ces dernières années avec une affiche de &hellip; <a href="https://www.festivals.be/festivals-belgique/festivals/musique/metal/alcatraz-metal-festival/" class="more-link">Continuer la lecture<span class="screen-reader-text"> de &laquo;&nbsp;Alcatraz Metal Festival&nbsp;&raquo;</span></a></p>

Le Graspop Metal Meeting (ou Graspop) est LE festival incontournable pour les fans de metal en Belgique. Chaque année des dizaines de milliers de festivaliers arpentent les plaines du Graspop à Dessel dans le Limbourg. De plus en plus de groupes, de plus en plus de scènes durant les 3 jours…

Comme son nom l'indique, le festival Genk on Stage se déroule dans la ville limbourgeoise de Genk. Il a lieu chaque année à la fin du mois de juin et est organisé par la ville de Genk. Le festival rassemble plus d'une centaine de groupes, dont certains noms à la…

En mars 2017 a lieu la première édition de ce festival bruxellois de l'Art Nouveau et de l'Art Déco, anciennement la biennale Art Nouveau et Art Déco. Durant 15 jours de printemps différents lieux de la Capitale ouvrent leurs portes pour accueillir visites, promenades à pied et en vélo, concerts,…

Django à Liberchies

Un festival unique qui rassemble depuis une quinzaine d'année les amateurs de jazz manouche. Le festival Django se tient l'espace d'un week-end dans le village de Liberchies, lieu de naissance de Django Reinhardt, le plus grand guitariste de jazz manouche belge. Le festival accueille également plusieurs bals et s'est inscrit…

Le festival de musique du monde Afro-Latino est organisé à Bree et propose chaque année une affiche innovante, composée d'artistes internationaux renommés venant d'Afrique, d'Amérique latine, des Caraïbes et d'Europe du Sud. Au total, c'est plus de 40 groupes et DJ qui sont programmés, ainsi qu'une dizaine d'animations de danse…
