{"id":28,"date":"2016-07-13T20:39:37","date_gmt":"2016-07-13T18:39:37","guid":{"rendered":"http:\/\/www.festivals.be\/festivals-belgique\/?page_id=28"},"modified":"2016-07-13T20:39:37","modified_gmt":"2016-07-13T18:39:37","slug":"autres","status":"publish","type":"page","link":"https:\/\/www.festivals.be\/festivals-belgique\/festivals\/autres\/","title":{"rendered":"Autres"},"content":{"rendered":"<p>Les autres festivals en Belgique.<\/p>\n","protected":false},"excerpt":{"rendered":"<p>Les autres festivals en Belgique.<\/p>\n","protected":false},"author":1,"featured_media":0,"parent":13,"menu_order":0,"comment_status":"closed","ping_status":"closed","template":"","meta":{"jetpack_post_was_ever_published":false,"footnotes":""},"class_list":["post-28","page","type-page","status-publish","hentry"],"aioseo_notices":[],"jetpack_sharing_enabled":true,"jetpack_shortlink":"https:\/\/wp.me\/P7Iv6j-s","jetpack_likes_enabled":true,"jetpack-related-posts":[{"id":129,"url":"https:\/\/www.festivals.be\/festivals-belgique\/festivals\/musique\/rock-et-divers\/dour-festival\/","url_meta":{"origin":28,"position":0},"title":"Dour festival","author":"Admin","date":"18 ao\u00fbt 2016","format":false,"excerpt":"Le festival des d\u00e9couvertes ! Voil\u00e0 comment Dour se positionne dans la famille des festivals belges. C'est une institution. Une affiche faisant le tour des musiques \u00e0 360 degr\u00e9s, on y trouve de tout ... sauf des stars plan\u00e9taires. Incontestablement le meilleur endroit en Belgique pour d\u00e9couvrir de nouveaux sons,\u2026","rel":"","context":"Article similaire","block_context":{"text":"Article similaire","link":""},"img":{"alt_text":"Dour festival","src":"https:\/\/i0.wp.com\/www.festivals.be\/festivals-belgique\/wp-content\/uploads\/2017\/03\/Dour-300x200.jpg?resize=350%2C200","width":350,"height":200},"classes":[]},{"id":125,"url":"https:\/\/www.festivals.be\/festivals-belgique\/festivals\/musique\/rock-et-divers\/lasemo\/","url_meta":{"origin":28,"position":1},"title":"Lasemo","author":"Admin","date":"18 ao\u00fbt 2016","format":false,"excerpt":"Le \"petit-gros\" festival qui monte ! Lanc\u00e9 en 2008 comme un petit festival alternatif r\u00e9gional, Lasemo offre une approche diff\u00e9rente, destin\u00e9e \u00e0 un public engag\u00e9. Le festival est de plus en plus s\u00e9rieux et professionnel, mais veut garder une image \u00e9loign\u00e9e des \"grosses machines\" belges du genre. On vient \u00e0\u2026","rel":"","context":"Article similaire","block_context":{"text":"Article similaire","link":""},"img":{"alt_text":"","src":"","width":0,"height":0},"classes":[]},{"id":381,"url":"https:\/\/www.festivals.be\/festivals-belgique\/festivals\/autres\/banad-festival\/","url_meta":{"origin":28,"position":2},"title":"BANAD Festival","author":"Admin","date":"9 mars 2017","format":false,"excerpt":"En mars 2017 a lieu la premi\u00e8re \u00e9dition de ce festival bruxellois de l'Art Nouveau et de l'Art D\u00e9co, anciennement la biennale Art Nouveau et Art D\u00e9co. Durant 15 jours de printemps diff\u00e9rents lieux de la Capitale ouvrent leurs portes pour accueillir visites, promenades \u00e0 pied et en v\u00e9lo, concerts,\u2026","rel":"","context":"Article similaire","block_context":{"text":"Article similaire","link":""},"img":{"alt_text":"","src":"","width":0,"height":0},"classes":[]},{"id":479,"url":"https:\/\/www.festivals.be\/festivals-belgique\/festivals\/theatre\/festival-du-rire-de-rochefort\/","url_meta":{"origin":28,"position":3},"title":"Festival du Rire de Rochefort","author":"Admin","date":"27 avril 2017","format":false,"excerpt":"Le Festival International du Rire de Rochefort est une v\u00e9ritable institution. Tout le monde le connait et il a vu d\u00e9filer les plus grands noms parmi les humoristes, les stand-ups et autres imitateurs, ... Ce festival fait de Rochefort la capitale francophone du rire ! Prochaine \u00e9dition : Festival du\u2026","rel":"","context":"Article similaire","block_context":{"text":"Article similaire","link":""},"img":{"alt_text":"Festival International du Rire de Rochefort","src":"https:\/\/i0.wp.com\/www.festivals.be\/festivals-belgique\/wp-content\/uploads\/2017\/04\/Banner-abo-300x221.jpg?resize=350%2C200","width":350,"height":200},"classes":[]},{"id":169,"url":"https:\/\/www.festivals.be\/festivals-belgique\/festivals\/films-et-cinema\/off-screen\/","url_meta":{"origin":28,"position":4},"title":"Off screen","author":"Admin","date":"1 mars 2017","format":false,"excerpt":"Le festival de cin\u00e9ma Off Screen se d\u00e9roula chaque ann\u00e9e au mois de mars \u00e0 Bruxelles et dans plusieurs autres villes belges et \u00e9trang\u00e8res. Dates : du 8 au 26\/3 2017 Lieux : Cinema Nova, Bozar, Cinema Ricts, Cinematek Site web :\u00a0Festival Off Screen \u00a0 \u00a0","rel":"","context":"Article similaire","block_context":{"text":"Article similaire","link":""},"img":{"alt_text":"","src":"","width":0,"height":0},"classes":[]},{"id":387,"url":"https:\/\/www.festivals.be\/festivals-belgique\/festivals\/autres\/museum-night-fever\/","url_meta":{"origin":28,"position":5},"title":"Museum Night Fever","author":"Admin","date":"9 mars 2017","format":false,"excerpt":"C'est la f\u00eate annuelle des mus\u00e9es bruxellois ! Chaque ann\u00e9e depuis 2007, le temps d'une soir\u00e9e et d'une nuit, de nombreux mus\u00e9es de la capitale prennent un coup de folie et ouvrent leurs portes aux noctambules pour des visites \u00a0guid\u00e9es hors du commun, des \u00e9v\u00e9nements, des animations, des performances live,\u2026","rel":"","context":"Article similaire","block_context":{"text":"Article similaire","link":""},"img":{"alt_text":"","src":"","width":0,"height":0},"classes":[]}],"_links":{"self":[{"href":"https:\/\/www.festivals.be\/festivals-belgique\/wp-json\/wp\/v2\/pages\/28","targetHints":{"allow":["GET"]}}],"collection":[{"href":"https:\/\/www.festivals.be\/festivals-belgique\/wp-json\/wp\/v2\/pages"}],"about":[{"href":"https:\/\/www.festivals.be\/festivals-belgique\/wp-json\/wp\/v2\/types\/page"}],"author":[{"embeddable":true,"href":"https:\/\/www.festivals.be\/festivals-belgique\/wp-json\/wp\/v2\/users\/1"}],"replies":[{"embeddable":true,"href":"https:\/\/www.festivals.be\/festivals-belgique\/wp-json\/wp\/v2\/comments?post=28"}],"version-history":[{"count":1,"href":"https:\/\/www.festivals.be\/festivals-belgique\/wp-json\/wp\/v2\/pages\/28\/revisions"}],"predecessor-version":[{"id":29,"href":"https:\/\/www.festivals.be\/festivals-belgique\/wp-json\/wp\/v2\/pages\/28\/revisions\/29"}],"up":[{"embeddable":true,"href":"https:\/\/www.festivals.be\/festivals-belgique\/wp-json\/wp\/v2\/pages\/13"}],"wp:attachment":[{"href":"https:\/\/www.festivals.be\/festivals-belgique\/wp-json\/wp\/v2\/media?parent=28"}],"curies":[{"name":"wp","href":"https:\/\/api.w.org\/{rel}","templated":true}]}}

18 août 2016

Le festival des découvertes ! Voilà comment Dour se positionne dans la famille des festivals belges. C'est une institution. Une affiche faisant le tour des musiques à 360 degrés, on y trouve de tout ... sauf des stars planétaires. Incontestablement le meilleur endroit en Belgique pour découvrir de nouveaux sons,…

Le "petit-gros" festival qui monte ! Lancé en 2008 comme un petit festival alternatif régional, Lasemo offre une approche différente, destinée à un public engagé. Le festival est de plus en plus sérieux et professionnel, mais veut garder une image éloignée des "grosses machines" belges du genre. On vient à…

En mars 2017 a lieu la première édition de ce festival bruxellois de l'Art Nouveau et de l'Art Déco, anciennement la biennale Art Nouveau et Art Déco. Durant 15 jours de printemps différents lieux de la Capitale ouvrent leurs portes pour accueillir visites, promenades à pied et en vélo, concerts,…

Le Festival International du Rire de Rochefort est une véritable institution. Tout le monde le connait et il a vu défiler les plus grands noms parmi les humoristes, les stand-ups et autres imitateurs, ... Ce festival fait de Rochefort la capitale francophone du rire ! Prochaine édition : Festival du…

Le festival de cinéma Off Screen se déroula chaque année au mois de mars à Bruxelles et dans plusieurs autres villes belges et étrangères. Dates : du 8 au 26/3 2017 Lieux : Cinema Nova, Bozar, Cinema Ricts, Cinematek Site web : Festival Off Screen

C'est la fête annuelle des musées bruxellois ! Chaque année depuis 2007, le temps d'une soirée et d'une nuit, de nombreux musées de la capitale prennent un coup de folie et ouvrent leurs portes aux noctambules pour des visites  guidées hors du commun, des événements, des animations, des performances live,…
