{"id":30,"date":"2016-07-13T20:40:15","date_gmt":"2016-07-13T18:40:15","guid":{"rendered":"http:\/\/www.festivals.be\/festivals-belgique\/?page_id=30"},"modified":"2016-07-13T20:40:15","modified_gmt":"2016-07-13T18:40:15","slug":"films-et-cinema","status":"publish","type":"page","link":"https:\/\/www.festivals.be\/festivals-belgique\/festivals\/films-et-cinema\/","title":{"rendered":"Films et cin\u00e9ma"},"content":{"rendered":"<p>Tous les festivals du film et de cin\u00e9ma en Belgique.<\/p>\n","protected":false},"excerpt":{"rendered":"<p>Tous les festivals du film et de cin\u00e9ma en Belgique.<\/p>\n","protected":false},"author":1,"featured_media":0,"parent":13,"menu_order":0,"comment_status":"closed","ping_status":"closed","template":"","meta":{"jetpack_post_was_ever_published":false,"footnotes":""},"class_list":["post-30","page","type-page","status-publish","hentry"],"aioseo_notices":[],"jetpack_sharing_enabled":true,"jetpack_shortlink":"https:\/\/wp.me\/P7Iv6j-u","jetpack_likes_enabled":true,"jetpack-related-posts":[{"id":411,"url":"https:\/\/www.festivals.be\/festivals-belgique\/festivals\/films-et-cinema\/festival-international-du-film-francophone\/","url_meta":{"origin":30,"position":0},"title":"Festival International du Film Francophone","author":"Admin","date":"23 mars 2017","format":false,"excerpt":"Le Festival International du Film Francophone de Namur, ou FIFF pour les intimes, existe depuis 1986. Il est reconnu et fr\u00e9quent\u00e9 par l'ensemble du monde du cin\u00e9ma francophone et chaque ann\u00e9e par des milliers de spectateurs. Les jurys du FIFF remettent dans diff\u00e9rentes cat\u00e9gories des \"Bayards\", prix destin\u00e9s \u00e0 r\u00e9compenser\u2026","rel":"","context":"Article similaire","block_context":{"text":"Article similaire","link":""},"img":{"alt_text":"FIFF","src":"https:\/\/i0.wp.com\/www.festivals.be\/festivals-belgique\/wp-content\/uploads\/2017\/03\/FIFF.png?resize=350%2C200","width":350,"height":200},"classes":[]},{"id":191,"url":"https:\/\/www.festivals.be\/festivals-belgique\/festivals\/films-et-cinema\/festival-du-film-damour-de-mons\/","url_meta":{"origin":30,"position":1},"title":"Festival du Film d&rsquo;Amour de Mons","author":"Admin","date":"1 mars 2017","format":false,"excerpt":"Le Festival International du Film d'Amour de Mons est aussi connu sous le nom de FIFA. Il se tient chaque ann\u00e9e dans la cit\u00e9e du Doudou aux alentours de ... la Saint Valentin bien s\u00fbr ! Le festival se d\u00e9roule durant une semaine et accueille des films du monde entier.\u2026","rel":"","context":"Article similaire","block_context":{"text":"Article similaire","link":""},"img":{"alt_text":"","src":"","width":0,"height":0},"classes":[]},{"id":169,"url":"https:\/\/www.festivals.be\/festivals-belgique\/festivals\/films-et-cinema\/off-screen\/","url_meta":{"origin":30,"position":2},"title":"Off screen","author":"Admin","date":"1 mars 2017","format":false,"excerpt":"Le festival de cin\u00e9ma Off Screen se d\u00e9roula chaque ann\u00e9e au mois de mars \u00e0 Bruxelles et dans plusieurs autres villes belges et \u00e9trang\u00e8res. Dates : du 8 au 26\/3 2017 Lieux : Cinema Nova, Bozar, Cinema Ricts, Cinematek Site web :\u00a0Festival Off Screen \u00a0 \u00a0","rel":"","context":"Article similaire","block_context":{"text":"Article similaire","link":""},"img":{"alt_text":"","src":"","width":0,"height":0},"classes":[]},{"id":459,"url":"https:\/\/www.festivals.be\/festivals-belgique\/festivals\/films-et-cinema\/go-future\/","url_meta":{"origin":30,"position":3},"title":"Go Future","author":"Admin","date":"27 avril 2017","format":false,"excerpt":"Le Festival Go Future est le festival du film itin\u00e9rant. Le festival GO FUTURE propose dans toute la Wallonie une programmation cin\u00e9matographique gratuite et grand public ax\u00e9e sur le d\u00e9veloppement durable. Les \u00e9nergies alternatives, l\u2019\u00e9ducation, le changement climatique, l\u2019alimentation, la sant\u00e9, la biodiversit\u00e9, les ressources naturelles, la consommation et la\u2026","rel":"","context":"Article similaire","block_context":{"text":"Article similaire","link":""},"img":{"alt_text":"","src":"https:\/\/i0.wp.com\/www.festivals.be\/festivals-belgique\/wp-content\/uploads\/2017\/04\/LogoGoFuture_site-300x157.png?resize=350%2C200","width":350,"height":200},"classes":[]},{"id":205,"url":"https:\/\/www.festivals.be\/festivals-belgique\/festivals\/films-et-cinema\/anima\/","url_meta":{"origin":30,"position":4},"title":"Anima","author":"Admin","date":"1 mars 2017","format":false,"excerpt":"Ev\u00e9nement incroyable et d'une v\u00e9ritable qualit\u00e9 internationale, le festival Anima rassemble chaque ann\u00e9e les meilleurs films d'animation venus du monde entier. Qu'ils soient \u00e0 destination d'un public jeune, familial ou adulte, les films se succ\u00e8dent dans les salles de Flagey \u00e0 Bruxelles durant toute une semaine. Des dizaines de projections,\u2026","rel":"","context":"Article similaire","block_context":{"text":"Article similaire","link":""},"img":{"alt_text":"","src":"","width":0,"height":0},"classes":[]},{"id":426,"url":"https:\/\/www.festivals.be\/festivals-belgique\/festivals\/films-et-cinema\/la-caravane-du-court\/","url_meta":{"origin":30,"position":5},"title":"La Caravane du Court","author":"Admin","date":"23 mars 2017","format":false,"excerpt":"Lanc\u00e9 en 2015 par les organisateurs du FIFF de Namur, La Caravane du Court est comme son nom l'indique un festival itin\u00e9rant, entre plus de dix\u00a0villes de trois provinces : Namur, Li\u00e8ge et Luxembourg. Le festival est organis\u00e9 en collaboration avec le bureau d'accueil des tournages CLAP! et les provinces\u2026","rel":"","context":"Article similaire","block_context":{"text":"Article similaire","link":""},"img":{"alt_text":"Caravane du court","src":"https:\/\/i0.wp.com\/www.festivals.be\/festivals-belgique\/wp-content\/uploads\/2017\/03\/caravane-logo-black_reference-300x75.jpg?resize=350%2C200","width":350,"height":200},"classes":[]}],"_links":{"self":[{"href":"https:\/\/www.festivals.be\/festivals-belgique\/wp-json\/wp\/v2\/pages\/30","targetHints":{"allow":["GET"]}}],"collection":[{"href":"https:\/\/www.festivals.be\/festivals-belgique\/wp-json\/wp\/v2\/pages"}],"about":[{"href":"https:\/\/www.festivals.be\/festivals-belgique\/wp-json\/wp\/v2\/types\/page"}],"author":[{"embeddable":true,"href":"https:\/\/www.festivals.be\/festivals-belgique\/wp-json\/wp\/v2\/users\/1"}],"replies":[{"embeddable":true,"href":"https:\/\/www.festivals.be\/festivals-belgique\/wp-json\/wp\/v2\/comments?post=30"}],"version-history":[{"count":1,"href":"https:\/\/www.festivals.be\/festivals-belgique\/wp-json\/wp\/v2\/pages\/30\/revisions"}],"predecessor-version":[{"id":31,"href":"https:\/\/www.festivals.be\/festivals-belgique\/wp-json\/wp\/v2\/pages\/30\/revisions\/31"}],"up":[{"embeddable":true,"href":"https:\/\/www.festivals.be\/festivals-belgique\/wp-json\/wp\/v2\/pages\/13"}],"wp:attachment":[{"href":"https:\/\/www.festivals.be\/festivals-belgique\/wp-json\/wp\/v2\/media?parent=30"}],"curies":[{"name":"wp","href":"https:\/\/api.w.org\/{rel}","templated":true}]}}

Films et cinéma

<p>Tous les festivals du film et de cinéma en Belgique.</p>

Le Festival International du Film Francophone de Namur, ou FIFF pour les intimes, existe depuis 1986. Il est reconnu et fréquenté par l'ensemble du monde du cinéma francophone et chaque année par des milliers de spectateurs. Les jurys du FIFF remettent dans différentes catégories des "Bayards", prix destinés à récompenser…

Le Festival International du Film d'Amour de Mons est aussi connu sous le nom de FIFA. Il se tient chaque année dans la citée du Doudou aux alentours de ... la Saint Valentin bien sûr ! Le festival se déroule durant une semaine et accueille des films du monde entier.…

Le festival de cinéma Off Screen se déroula chaque année au mois de mars à Bruxelles et dans plusieurs autres villes belges et étrangères. Dates : du 8 au 26/3 2017 Lieux : Cinema Nova, Bozar, Cinema Ricts, Cinematek Site web : Festival Off Screen

Le Festival Go Future est le festival du film itinérant. Le festival GO FUTURE propose dans toute la Wallonie une programmation cinématographique gratuite et grand public axée sur le développement durable. Les énergies alternatives, l’éducation, le changement climatique, l’alimentation, la santé, la biodiversité, les ressources naturelles, la consommation et la…

Evénement incroyable et d'une véritable qualité internationale, le festival Anima rassemble chaque année les meilleurs films d'animation venus du monde entier. Qu'ils soient à destination d'un public jeune, familial ou adulte, les films se succèdent dans les salles de Flagey à Bruxelles durant toute une semaine. Des dizaines de projections,…

Lancé en 2015 par les organisateurs du FIFF de Namur, La Caravane du Court est comme son nom l'indique un festival itinérant, entre plus de dix villes de trois provinces : Namur, Liège et Luxembourg. Le festival est organisé en collaboration avec le bureau d'accueil des tournages CLAP! et les provinces…
