{"id":300,"date":"2017-03-02T16:15:40","date_gmt":"2017-03-02T15:15:40","guid":{"rendered":"http:\/\/www.festivals.be\/festivals-belgique\/?page_id=300"},"modified":"2017-05-03T20:50:52","modified_gmt":"2017-05-03T18:50:52","slug":"cactus-festival","status":"publish","type":"page","link":"https:\/\/www.festivals.be\/festivals-belgique\/festivals\/musique\/rock-et-divers\/cactus-festival\/","title":{"rendered":"Cactus Festival"},"content":{"rendered":"<figure id=\"attachment_523\" aria-describedby=\"caption-attachment-523\" style=\"width: 300px\" class=\"wp-caption alignleft\"><img data-recalc-dims=\"1\" loading=\"lazy\" decoding=\"async\" class=\"size-medium wp-image-523\" src=\"https:\/\/i0.wp.com\/www.festivals.be\/festivals-belgique\/wp-content\/uploads\/2017\/03\/cactus-festival-300x103.jpg?resize=300%2C103\" alt=\"Cactus Festival\" width=\"300\" height=\"103\" srcset=\"https:\/\/i0.wp.com\/www.festivals.be\/festivals-belgique\/wp-content\/uploads\/2017\/03\/cactus-festival.jpg?resize=300%2C103&amp;ssl=1 300w, https:\/\/i0.wp.com\/www.festivals.be\/festivals-belgique\/wp-content\/uploads\/2017\/03\/cactus-festival.jpg?w=696&amp;ssl=1 696w\" sizes=\"auto, (max-width: 300px) 85vw, 300px\" \/><figcaption id=\"caption-attachment-523\" class=\"wp-caption-text\">Cactus Festival<\/figcaption><\/figure>\n<p>Le <strong>Cactusfestival<\/strong> se d\u00e9roule chaque ann\u00e9e pendant le premier weekend de juillet dans la ville de Bruges. Il propose sur deux jours une s\u00e9rie de grand noms internationaux du rock et de l&rsquo;\u00e9lectro. C&rsquo;est avant tout un bon festival de taille moyenne, accessible aux amateurs de musique de tous les styles et de tous les \u00e2ges.<\/p>\n<p>Il est organis\u00e9 par le Cactus Muziekcentrum de Bruges.<\/p>\n<p>Dates de la prochaine \u00e9dition : <strong>Cactus Festival 2017<\/strong>, les 8 et 9 juillet 2017<\/p>\n<p>Site internet : <a href=\"http:\/\/www.cactusfestival.be\">Cactus Festival<\/a><\/p>\n<p>&nbsp;<\/p>\n","protected":false},"excerpt":{"rendered":"<p>Le Cactusfestival se d\u00e9roule chaque ann\u00e9e pendant le premier weekend de juillet dans la ville de Bruges. Il propose sur deux jours une s\u00e9rie de grand noms internationaux du rock &hellip; <a href=\"https:\/\/www.festivals.be\/festivals-belgique\/festivals\/musique\/rock-et-divers\/cactus-festival\/\" class=\"more-link\">Continuer la lecture<span class=\"screen-reader-text\"> de &laquo;&nbsp;Cactus Festival&nbsp;&raquo;<\/span><\/a><\/p>\n","protected":false},"author":1,"featured_media":0,"parent":18,"menu_order":0,"comment_status":"closed","ping_status":"closed","template":"","meta":{"jetpack_post_was_ever_published":false,"footnotes":""},"class_list":["post-300","page","type-page","status-publish","hentry"],"aioseo_notices":[],"jetpack_sharing_enabled":true,"jetpack_shortlink":"https:\/\/wp.me\/P7Iv6j-4Q","jetpack_likes_enabled":true,"jetpack-related-posts":[{"id":701,"url":"https:\/\/www.festivals.be\/festivals-belgique\/liens\/","url_meta":{"origin":300,"position":0},"title":"Liens","author":"Admin","date":"17 d\u00e9cembre 2019","format":false,"excerpt":"Festivals Agenda des festivals en Belgique, infos pratiques et achat de tickets : Festivals Festivals Belgique Festivals Belgi\u00eb Festival Vlaanderen Festivals Vlaanderen Festival TV Festivals TV Festival TV Festivals TV Festivals Europe Festivals Europe Festivals Europe Concerts agenda Concerts Belgique Concerten Belgi\u00eb Concerten agenda Hotels, voyages et vacances Le plus\u2026","rel":"","context":"Article similaire","block_context":{"text":"Article similaire","link":""},"img":{"alt_text":"","src":"","width":0,"height":0},"classes":[]},{"id":323,"url":"https:\/\/www.festivals.be\/festivals-belgique\/festivals\/musique\/electro-et-dance\/ten-days-off\/","url_meta":{"origin":300,"position":1},"title":"Ten Days Off","author":"Admin","date":"2 mars 2017","format":false,"excerpt":"Organis\u00e9 dans la ville de Gand, dans et autour de la salle mythique du Vooruit le festival 10 Days Off est un rendez-vous majeur de l'\u00e9lectro en Belgique. Les plus grands nom et les artistes les plus underground se relaient pendant 10 jours sur sc\u00e8ne, jour et nuit ! Ce\u2026","rel":"","context":"Article similaire","block_context":{"text":"Article similaire","link":""},"img":{"alt_text":"10 Days Off","src":"https:\/\/i0.wp.com\/www.festivals.be\/festivals-belgique\/wp-content\/uploads\/2017\/03\/be-10daysoff-hawtin-300x198.jpg?resize=350%2C200","width":350,"height":200},"classes":[]},{"id":331,"url":"https:\/\/www.festivals.be\/festivals-belgique\/festivals\/musique\/musique-du-monde\/pole-pole\/","url_meta":{"origin":300,"position":2},"title":"Pol\u00e9 Pol\u00e9","author":"Admin","date":"2 mars 2017","format":false,"excerpt":"Un festival des musiques du monde o\u00f9 la danse et la f\u00eate sont irr\u00e9sistibles ! Le festival Pol\u00e9 Pol\u00e9 de Gand se d\u00e9roule pendant les \"f\u00eates de Gand\" chaque ann\u00e9e durant le mois de juillet. Dates de la prochaine \u00e9dition : Pol\u00e9 Pol\u00e9 2017, du 14 au 23 juillet 2017\u2026","rel":"","context":"Article similaire","block_context":{"text":"Article similaire","link":""},"img":{"alt_text":"Pole Pole","src":"https:\/\/i0.wp.com\/www.festivals.be\/festivals-belgique\/wp-content\/uploads\/2017\/03\/pole-pole-festival-300x97.jpg?resize=350%2C200","width":350,"height":200,"srcset":"https:\/\/i0.wp.com\/www.festivals.be\/festivals-belgique\/wp-content\/uploads\/2017\/03\/pole-pole-festival-300x97.jpg?resize=350%2C200 1x, https:\/\/i0.wp.com\/www.festivals.be\/festivals-belgique\/wp-content\/uploads\/2017\/03\/pole-pole-festival-300x97.jpg?resize=525%2C300 1.5x"},"classes":[]},{"id":118,"url":"https:\/\/www.festivals.be\/festivals-belgique\/festivals\/musique\/rock-et-divers\/francofolies-de-spa\/","url_meta":{"origin":300,"position":3},"title":"Francofolies de Spa","author":"Admin","date":"18 ao\u00fbt 2016","format":false,"excerpt":"En fran\u00e7ais ... et en famille. La ville de Spa accueille chaque ann\u00e9e durant le mois de juillet le festival tr\u00e8s familial des Francofolies, aussi bien connu sous le petit nom : \"Les Francos\" ! Inspir\u00e9 par le festival fran\u00e7ais les Francofolies de La Rochelle, cr\u00e9\u00e9 en 1985, la version\u2026","rel":"","context":"Article similaire","block_context":{"text":"Article similaire","link":""},"img":{"alt_text":"Francofolies","src":"https:\/\/i0.wp.com\/www.festivals.be\/festivals-belgique\/wp-content\/uploads\/2016\/08\/Francofolies-300x300.jpg?resize=350%2C200","width":350,"height":200},"classes":[]},{"id":222,"url":"https:\/\/www.festivals.be\/festivals-belgique\/festivals\/musique\/musique-du-monde\/afro-latino-festival\/","url_meta":{"origin":300,"position":4},"title":"Afro-Latino Festival","author":"Admin","date":"1 mars 2017","format":false,"excerpt":"Le festival de musique du monde Afro-Latino est organis\u00e9 \u00e0 Bree et propose chaque ann\u00e9e une affiche innovante, compos\u00e9e d'artistes internationaux renomm\u00e9s venant d'Afrique, d'Am\u00e9rique latine, des Cara\u00efbes et d'Europe du Sud. Au total, c'est plus de 40 groupes et DJ qui sont programm\u00e9s, ainsi qu'une dizaine d'animations de danse\u2026","rel":"","context":"Article similaire","block_context":{"text":"Article similaire","link":""},"img":{"alt_text":"Afro Latino","src":"https:\/\/i0.wp.com\/www.festivals.be\/festivals-belgique\/wp-content\/uploads\/2017\/03\/Afro-Latino-300x200.jpg?resize=350%2C200","width":350,"height":200},"classes":[]},{"id":282,"url":"https:\/\/www.festivals.be\/festivals-belgique\/festivals\/musique\/jazz\/gent-jazz\/","url_meta":{"origin":300,"position":5},"title":"Gent Jazz","author":"Admin","date":"2 mars 2017","format":false,"excerpt":"Le festival de jazz de Gand dure chaque ann\u00e9e une dizaine de jour et rassemble de tr\u00e8s grand noms du jazz mondial. Il est historiquement le premier festival au monde organis\u00e9 en collaboration avec le prestigieux label de jazz Blue Note, le premier \u00e0 pouvoir porter ce nom. Il a\u2026","rel":"","context":"Article similaire","block_context":{"text":"Article similaire","link":""},"img":{"alt_text":"","src":"","width":0,"height":0},"classes":[]}],"_links":{"self":[{"href":"https:\/\/www.festivals.be\/festivals-belgique\/wp-json\/wp\/v2\/pages\/300","targetHints":{"allow":["GET"]}}],"collection":[{"href":"https:\/\/www.festivals.be\/festivals-belgique\/wp-json\/wp\/v2\/pages"}],"about":[{"href":"https:\/\/www.festivals.be\/festivals-belgique\/wp-json\/wp\/v2\/types\/page"}],"author":[{"embeddable":true,"href":"https:\/\/www.festivals.be\/festivals-belgique\/wp-json\/wp\/v2\/users\/1"}],"replies":[{"embeddable":true,"href":"https:\/\/www.festivals.be\/festivals-belgique\/wp-json\/wp\/v2\/comments?post=300"}],"version-history":[{"count":4,"href":"https:\/\/www.festivals.be\/festivals-belgique\/wp-json\/wp\/v2\/pages\/300\/revisions"}],"predecessor-version":[{"id":524,"href":"https:\/\/www.festivals.be\/festivals-belgique\/wp-json\/wp\/v2\/pages\/300\/revisions\/524"}],"up":[{"embeddable":true,"href":"https:\/\/www.festivals.be\/festivals-belgique\/wp-json\/wp\/v2\/pages\/18"}],"wp:attachment":[{"href":"https:\/\/www.festivals.be\/festivals-belgique\/wp-json\/wp\/v2\/media?parent=300"}],"curies":[{"name":"wp","href":"https:\/\/api.w.org\/{rel}","templated":true}]}}

<figure id="attachment_523" aria-describedby="caption-attachment-523" style="width: 300px" class="wp-caption alignleft"><img data-recalc-dims="1" loading="lazy" decoding="async" class="size-medium wp-image-523" src="https://i0.wp.com/www.festivals.be/festivals-belgique/wp-content/uploads/2017/03/cactus-festival-300x103.jpg?resize=300%2C103" alt="Cactus Festival" width="300" height="103" srcset="https://i0.wp.com/www.festivals.be/festivals-belgique/wp-content/uploads/2017/03/cactus-festival.jpg?resize=300%2C103&amp;ssl=1 300w, https://i0.wp.com/www.festivals.be/festivals-belgique/wp-content/uploads/2017/03/cactus-festival.jpg?w=696&amp;ssl=1 696w" sizes="auto, (max-width: 300px) 85vw, 300px" /><figcaption id="caption-attachment-523" class="wp-caption-text">Cactus Festival</figcaption></figure>
<p>Le <strong>Cactusfestival</strong> se déroule chaque année pendant le premier weekend de juillet dans la ville de Bruges. Il propose sur deux jours une série de grand noms internationaux du rock et de l&rsquo;électro. C&rsquo;est avant tout un bon festival de taille moyenne, accessible aux amateurs de musique de tous les styles et de tous les âges.</p>
<p>Il est organisé par le Cactus Muziekcentrum de Bruges.</p>
<p>Dates de la prochaine édition : <strong>Cactus Festival 2017</strong>, les 8 et 9 juillet 2017</p>
<p>Site internet : <a href="http://www.cactusfestival.be">Cactus Festival</a></p>
<p>&nbsp;</p>

<p>Le Cactusfestival se déroule chaque année pendant le premier weekend de juillet dans la ville de Bruges. Il propose sur deux jours une série de grand noms internationaux du rock &hellip; <a href="https://www.festivals.be/festivals-belgique/festivals/musique/rock-et-divers/cactus-festival/" class="more-link">Continuer la lecture<span class="screen-reader-text"> de &laquo;&nbsp;Cactus Festival&nbsp;&raquo;</span></a></p>

17 décembre 2019

Festivals Agenda des festivals en Belgique, infos pratiques et achat de tickets : Festivals Festivals Belgique Festivals België Festival Vlaanderen Festivals Vlaanderen Festival TV Festivals TV Festival TV Festivals TV Festivals Europe Festivals Europe Festivals Europe Concerts agenda Concerts Belgique Concerten België Concerten agenda Hotels, voyages et vacances Le plus…

Organisé dans la ville de Gand, dans et autour de la salle mythique du Vooruit le festival 10 Days Off est un rendez-vous majeur de l'électro en Belgique. Les plus grands nom et les artistes les plus underground se relaient pendant 10 jours sur scène, jour et nuit ! Ce…

Polé Polé

Un festival des musiques du monde où la danse et la fête sont irrésistibles ! Le festival Polé Polé de Gand se déroule pendant les "fêtes de Gand" chaque année durant le mois de juillet. Dates de la prochaine édition : Polé Polé 2017, du 14 au 23 juillet 2017…

18 août 2016

En français ... et en famille. La ville de Spa accueille chaque année durant le mois de juillet le festival très familial des Francofolies, aussi bien connu sous le petit nom : "Les Francos" ! Inspiré par le festival français les Francofolies de La Rochelle, créé en 1985, la version…

Le festival de musique du monde Afro-Latino est organisé à Bree et propose chaque année une affiche innovante, composée d'artistes internationaux renommés venant d'Afrique, d'Amérique latine, des Caraïbes et d'Europe du Sud. Au total, c'est plus de 40 groupes et DJ qui sont programmés, ainsi qu'une dizaine d'animations de danse…

Le festival de jazz de Gand dure chaque année une dizaine de jour et rassemble de très grand noms du jazz mondial. Il est historiquement le premier festival au monde organisé en collaboration avec le prestigieux label de jazz Blue Note, le premier à pouvoir porter ce nom. Il a…
