{"id":310,"date":"2017-03-02T16:26:46","date_gmt":"2017-03-02T15:26:46","guid":{"rendered":"http:\/\/www.festivals.be\/festivals-belgique\/?page_id=310"},"modified":"2017-03-02T16:28:51","modified_gmt":"2017-03-02T15:28:51","slug":"tw-classic","status":"publish","type":"page","link":"https:\/\/www.festivals.be\/festivals-belgique\/festivals\/musique\/rock-et-divers\/tw-classic\/","title":{"rendered":"TW Classic"},"content":{"rendered":"<p>Le <strong>festival TW Classic<\/strong> est un festival d&rsquo;un jour. Chaque ann\u00e9e une t\u00eate d&rsquo;affiche de tr\u00e8s haut vol donne le ton \u00e0 une journ\u00e9e traditionnellement tr\u00e8s \u00ab\u00a0rock\u00a0\u00bb !<\/p>\n<p>Date de la prochaine \u00e9dition : <strong>TW Classic 2017<\/strong>, le 24 juin 2017<\/p>\n<p>Site internet : <a href=\"http:\/\/www.twclassic.be\">TW Classic<\/a><\/p>\n<p>&nbsp;<\/p>\n","protected":false},"excerpt":{"rendered":"<p>Le festival TW Classic est un festival d&rsquo;un jour. Chaque ann\u00e9e une t\u00eate d&rsquo;affiche de tr\u00e8s haut vol donne le ton \u00e0 une journ\u00e9e traditionnellement tr\u00e8s \u00ab\u00a0rock\u00a0\u00bb ! Date de &hellip; <a href=\"https:\/\/www.festivals.be\/festivals-belgique\/festivals\/musique\/rock-et-divers\/tw-classic\/\" class=\"more-link\">Continuer la lecture<span class=\"screen-reader-text\"> de &laquo;&nbsp;TW Classic&nbsp;&raquo;<\/span><\/a><\/p>\n","protected":false},"author":1,"featured_media":0,"parent":18,"menu_order":0,"comment_status":"closed","ping_status":"closed","template":"","meta":{"jetpack_post_was_ever_published":false,"footnotes":""},"class_list":["post-310","page","type-page","status-publish","hentry"],"aioseo_notices":[],"jetpack_sharing_enabled":true,"jetpack_shortlink":"https:\/\/wp.me\/P7Iv6j-50","jetpack_likes_enabled":true,"jetpack-related-posts":[{"id":13,"url":"https:\/\/www.festivals.be\/festivals-belgique\/festivals\/","url_meta":{"origin":310,"position":0},"title":"Festivals","author":"Admin","date":"13 juillet 2016","format":false,"excerpt":"Tous les festivals en Belgique. Agenda des festivals en Belgique Senneffe\u00a0 Waterlol\u00a0 Rock system\u00a0 Un festival\u00a0 Belzik\u00a0 Listen\u00a0 La smalla\u00a0 Avril en ville\u00a0 Confluent jazz festival\u00a0 Forest Sounds\u00a0 Kikk\u00a0 Into the blue\u00a0 Vibrations \u00e0 Malmedy Le refuge\u00a0 Fiestacity verviers\u00a0 Brdcst - broadcast \u00e0 l' Ancienne Belgique\u00a0 Le jour le plus\u2026","rel":"","context":"Article similaire","block_context":{"text":"Article similaire","link":""},"img":{"alt_text":"","src":"","width":0,"height":0},"classes":[]},{"id":446,"url":"https:\/\/www.festivals.be\/festivals-belgique\/festivals\/musique\/rock-et-divers\/belzik\/","url_meta":{"origin":310,"position":1},"title":"Belzik","author":"Admin","date":"23 mars 2017","format":false,"excerpt":"Le festival Bel'Zik se d\u00e9roule \u00e0 Herve sur 4 jours. Pendant ce long weekend le festival accueille des artistes rock et de chanson fran\u00e7aise \"grand public\" et se veut un \u00e9v\u00e9nement tr\u00e8s familial. L'entr\u00e9e est gratuite pour les enfants de moins de 10 ans. La premi\u00e8re \u00e9dition du festival a\u2026","rel":"","context":"Article similaire","block_context":{"text":"Article similaire","link":""},"img":{"alt_text":"Belzik","src":"https:\/\/i0.wp.com\/www.festivals.be\/festivals-belgique\/wp-content\/uploads\/2017\/03\/logoBelzik.png?resize=350%2C200","width":350,"height":200},"classes":[]},{"id":240,"url":"https:\/\/www.festivals.be\/festivals-belgique\/festivals\/musique\/rock-et-divers\/dranouter\/","url_meta":{"origin":310,"position":2},"title":"Dranouter","author":"Admin","date":"1 mars 2017","format":false,"excerpt":"Le Festival Dranouter, anciennement connu sous le nom de Folkfestival Dranouter,\u00a0se d\u00e9roule durant le premier week-end d'ao\u00fbt. Plus de 80.000 personnes se rendent alors dans le petit village de Dranouter, en Flandre occidentale pour vivre cette ambiance unique et tr\u00e8s acoustique ! \"Folk\" Dranouter est le plus grand festival folk\u2026","rel":"","context":"Article similaire","block_context":{"text":"Article similaire","link":""},"img":{"alt_text":"Dranouter","src":"https:\/\/i0.wp.com\/www.festivals.be\/festivals-belgique\/wp-content\/uploads\/2017\/03\/Dranouter-300x168.jpg?resize=350%2C200","width":350,"height":200},"classes":[]},{"id":265,"url":"https:\/\/www.festivals.be\/festivals-belgique\/festivals\/musique\/rock-et-divers\/genk-on-stage\/","url_meta":{"origin":310,"position":3},"title":"Genk on Stage","author":"Admin","date":"2 mars 2017","format":false,"excerpt":"Comme son nom l'indique, le festival Genk on Stage se d\u00e9roule dans la ville limbourgeoise de Genk. Il a lieu chaque ann\u00e9e \u00e0 la fin du mois de juin et est organis\u00e9 par la ville de Genk. Le festival rassemble plus d'une centaine de groupes, dont certains noms \u00e0 la\u2026","rel":"","context":"Article similaire","block_context":{"text":"Article similaire","link":""},"img":{"alt_text":"","src":"","width":0,"height":0},"classes":[]},{"id":282,"url":"https:\/\/www.festivals.be\/festivals-belgique\/festivals\/musique\/jazz\/gent-jazz\/","url_meta":{"origin":310,"position":4},"title":"Gent Jazz","author":"Admin","date":"2 mars 2017","format":false,"excerpt":"Le festival de jazz de Gand dure chaque ann\u00e9e une dizaine de jour et rassemble de tr\u00e8s grand noms du jazz mondial. Il est historiquement le premier festival au monde organis\u00e9 en collaboration avec le prestigieux label de jazz Blue Note, le premier \u00e0 pouvoir porter ce nom. Il a\u2026","rel":"","context":"Article similaire","block_context":{"text":"Article similaire","link":""},"img":{"alt_text":"","src":"","width":0,"height":0},"classes":[]},{"id":217,"url":"https:\/\/www.festivals.be\/festivals-belgique\/festivals\/musique\/classique\/festival-de-wallonie\/","url_meta":{"origin":310,"position":5},"title":"Festival de Wallonie","author":"Admin","date":"1 mars 2017","format":false,"excerpt":"Le Festival de Wallonie est un festival de musique classique qui s'\u00e9tend sur plus de quatre mois et propose plus de 150 concerts lors de sept festivals diff\u00e9rents, r\u00e9partis sur l\u2019ensemble du territoire de la Wallonie et \u00e0 Bruxelles. Chaque ann\u00e9e le\u00a0programme ravit le public\u00a0\u00e0 Namur, Mons, Li\u00e8ge, Stavelot, Tournai,\u2026","rel":"","context":"Article similaire","block_context":{"text":"Article similaire","link":""},"img":{"alt_text":"","src":"","width":0,"height":0},"classes":[]}],"_links":{"self":[{"href":"https:\/\/www.festivals.be\/festivals-belgique\/wp-json\/wp\/v2\/pages\/310","targetHints":{"allow":["GET"]}}],"collection":[{"href":"https:\/\/www.festivals.be\/festivals-belgique\/wp-json\/wp\/v2\/pages"}],"about":[{"href":"https:\/\/www.festivals.be\/festivals-belgique\/wp-json\/wp\/v2\/types\/page"}],"author":[{"embeddable":true,"href":"https:\/\/www.festivals.be\/festivals-belgique\/wp-json\/wp\/v2\/users\/1"}],"replies":[{"embeddable":true,"href":"https:\/\/www.festivals.be\/festivals-belgique\/wp-json\/wp\/v2\/comments?post=310"}],"version-history":[{"count":2,"href":"https:\/\/www.festivals.be\/festivals-belgique\/wp-json\/wp\/v2\/pages\/310\/revisions"}],"predecessor-version":[{"id":312,"href":"https:\/\/www.festivals.be\/festivals-belgique\/wp-json\/wp\/v2\/pages\/310\/revisions\/312"}],"up":[{"embeddable":true,"href":"https:\/\/www.festivals.be\/festivals-belgique\/wp-json\/wp\/v2\/pages\/18"}],"wp:attachment":[{"href":"https:\/\/www.festivals.be\/festivals-belgique\/wp-json\/wp\/v2\/media?parent=310"}],"curies":[{"name":"wp","href":"https:\/\/api.w.org\/{rel}","templated":true}]}}

<p>Le <strong>festival TW Classic</strong> est un festival d&rsquo;un jour. Chaque année une tête d&rsquo;affiche de très haut vol donne le ton à une journée traditionnellement très « rock » !</p>
<p>Date de la prochaine édition : <strong>TW Classic 2017</strong>, le 24 juin 2017</p>
<p>Site internet : <a href="http://www.twclassic.be">TW Classic</a></p>
<p>&nbsp;</p>

<p>Le festival TW Classic est un festival d&rsquo;un jour. Chaque année une tête d&rsquo;affiche de très haut vol donne le ton à une journée traditionnellement très « rock » ! Date de &hellip; <a href="https://www.festivals.be/festivals-belgique/festivals/musique/rock-et-divers/tw-classic/" class="more-link">Continuer la lecture<span class="screen-reader-text"> de &laquo;&nbsp;TW Classic&nbsp;&raquo;</span></a></p>

Tous les festivals en Belgique. Agenda des festivals en Belgique Senneffe  Waterlol  Rock system  Un festival  Belzik  Listen  La smalla  Avril en ville  Confluent jazz festival  Forest Sounds  Kikk  Into the blue  Vibrations à Malmedy Le refuge  Fiestacity verviers  Brdcst - broadcast à l' Ancienne Belgique  Le jour le plus…

Le festival Bel'Zik se déroule à Herve sur 4 jours. Pendant ce long weekend le festival accueille des artistes rock et de chanson française "grand public" et se veut un événement très familial. L'entrée est gratuite pour les enfants de moins de 10 ans. La première édition du festival a…

Le Festival Dranouter, anciennement connu sous le nom de Folkfestival Dranouter, se déroule durant le premier week-end d'août. Plus de 80.000 personnes se rendent alors dans le petit village de Dranouter, en Flandre occidentale pour vivre cette ambiance unique et très acoustique ! "Folk" Dranouter est le plus grand festival folk…

Comme son nom l'indique, le festival Genk on Stage se déroule dans la ville limbourgeoise de Genk. Il a lieu chaque année à la fin du mois de juin et est organisé par la ville de Genk. Le festival rassemble plus d'une centaine de groupes, dont certains noms à la…

Le festival de jazz de Gand dure chaque année une dizaine de jour et rassemble de très grand noms du jazz mondial. Il est historiquement le premier festival au monde organisé en collaboration avec le prestigieux label de jazz Blue Note, le premier à pouvoir porter ce nom. Il a…

Le Festival de Wallonie est un festival de musique classique qui s'étend sur plus de quatre mois et propose plus de 150 concerts lors de sept festivals différents, répartis sur l’ensemble du territoire de la Wallonie et à Bruxelles. Chaque année le programme ravit le public à Namur, Mons, Liège, Stavelot, Tournai,…
