{"id":358,"date":"2017-03-06T13:51:56","date_gmt":"2017-03-06T12:51:56","guid":{"rendered":"http:\/\/www.festivals.be\/festivals-belgique\/?page_id=358"},"modified":"2017-03-06T14:08:21","modified_gmt":"2017-03-06T13:08:21","slug":"frontline-festival","status":"publish","type":"page","link":"https:\/\/www.festivals.be\/festivals-belgique\/festivals\/musique\/electro-et-dance\/frontline-festival\/","title":{"rendered":"Frontline Festival"},"content":{"rendered":"<figure id=\"attachment_359\" aria-describedby=\"caption-attachment-359\" style=\"width: 300px\" class=\"wp-caption alignleft\"><img data-recalc-dims=\"1\" loading=\"lazy\" decoding=\"async\" class=\"size-medium wp-image-359\" src=\"https:\/\/i0.wp.com\/www.festivals.be\/festivals-belgique\/wp-content\/uploads\/2017\/03\/Frontline-Festival-300x300.png?resize=300%2C300\" alt=\"Frontline Festival\" width=\"300\" height=\"300\" srcset=\"https:\/\/i0.wp.com\/www.festivals.be\/festivals-belgique\/wp-content\/uploads\/2017\/03\/Frontline-Festival.png?resize=300%2C300&amp;ssl=1 300w, https:\/\/i0.wp.com\/www.festivals.be\/festivals-belgique\/wp-content\/uploads\/2017\/03\/Frontline-Festival.png?resize=150%2C150&amp;ssl=1 150w, https:\/\/i0.wp.com\/www.festivals.be\/festivals-belgique\/wp-content\/uploads\/2017\/03\/Frontline-Festival.png?w=500&amp;ssl=1 500w\" sizes=\"auto, (max-width: 300px) 85vw, 300px\" \/><figcaption id=\"caption-attachment-359\" class=\"wp-caption-text\">Frontline Festival 2017<\/figcaption><\/figure>\n<p>Le <strong>festival Frontline<\/strong> a vu le jour en 2013. Il s&rsquo;agit d&rsquo;un festival de musique \u00e9lectronique qui grandit chaque ann\u00e9e. En 2016 il a rassembl\u00e9 plus de 2.000 festivaliers autour de DJ locaux \u00e0 Zonnebeke, pr\u00e8s de Ypres.<\/p>\n<p>Dates de la prochaine \u00e9dition : <strong>Frontline Festival 2017<\/strong>, le 19 ao\u00fbt 2017<\/p>\n<p>Site internet : <a href=\"http:\/\/www.frontlinefestival.be\/\">Frontline Festival<\/a><\/p>\n<p>&nbsp;<\/p>\n","protected":false},"excerpt":{"rendered":"<p>Le festival Frontline a vu le jour en 2013. Il s&rsquo;agit d&rsquo;un festival de musique \u00e9lectronique qui grandit chaque ann\u00e9e. En 2016 il a rassembl\u00e9 plus de 2.000 festivaliers autour &hellip; <a href=\"https:\/\/www.festivals.be\/festivals-belgique\/festivals\/musique\/electro-et-dance\/frontline-festival\/\" class=\"more-link\">Continuer la lecture<span class=\"screen-reader-text\"> de &laquo;&nbsp;Frontline Festival&nbsp;&raquo;<\/span><\/a><\/p>\n","protected":false},"author":1,"featured_media":0,"parent":46,"menu_order":0,"comment_status":"closed","ping_status":"closed","template":"","meta":{"jetpack_post_was_ever_published":false,"footnotes":""},"class_list":["post-358","page","type-page","status-publish","hentry"],"aioseo_notices":[],"jetpack_sharing_enabled":true,"jetpack_shortlink":"https:\/\/wp.me\/P7Iv6j-5M","jetpack_likes_enabled":true,"jetpack-related-posts":[{"id":381,"url":"https:\/\/www.festivals.be\/festivals-belgique\/festivals\/autres\/banad-festival\/","url_meta":{"origin":358,"position":0},"title":"BANAD Festival","author":"Admin","date":"9 mars 2017","format":false,"excerpt":"En mars 2017 a lieu la premi\u00e8re \u00e9dition de ce festival bruxellois de l'Art Nouveau et de l'Art D\u00e9co, anciennement la biennale Art Nouveau et Art D\u00e9co. Durant 15 jours de printemps diff\u00e9rents lieux de la Capitale ouvrent leurs portes pour accueillir visites, promenades \u00e0 pied et en v\u00e9lo, concerts,\u2026","rel":"","context":"Article similaire","block_context":{"text":"Article similaire","link":""},"img":{"alt_text":"","src":"","width":0,"height":0},"classes":[]},{"id":247,"url":"https:\/\/www.festivals.be\/festivals-belgique\/festivals\/musique\/metal\/alcatraz-metal-festival\/","url_meta":{"origin":358,"position":1},"title":"Alcatraz Metal Festival","author":"Admin","date":"2 mars 2017","format":false,"excerpt":"Alcatraz est un festival de m\u00e9tal qui a vu le jour en 2009. Le festival n'a fait que grandir tout au long de ces derni\u00e8res ann\u00e9es avec une affiche de plus en plus qualitative, accueillant des groupes \u00e0 la renomm\u00e9e internationale et donnant de la visibilit\u00e9 aux groupes belges. Une\u2026","rel":"","context":"Article similaire","block_context":{"text":"Article similaire","link":""},"img":{"alt_text":"Alcatraz Metal Festival","src":"https:\/\/i0.wp.com\/www.festivals.be\/festivals-belgique\/wp-content\/uploads\/2017\/03\/Alcatraz-300x90.jpg?resize=350%2C200","width":350,"height":200,"srcset":"https:\/\/i0.wp.com\/www.festivals.be\/festivals-belgique\/wp-content\/uploads\/2017\/03\/Alcatraz-300x90.jpg?resize=350%2C200 1x, https:\/\/i0.wp.com\/www.festivals.be\/festivals-belgique\/wp-content\/uploads\/2017\/03\/Alcatraz-300x90.jpg?resize=525%2C300 1.5x, https:\/\/i0.wp.com\/www.festivals.be\/festivals-belgique\/wp-content\/uploads\/2017\/03\/Alcatraz-300x90.jpg?resize=700%2C400 2x"},"classes":[]},{"id":185,"url":"https:\/\/www.festivals.be\/festivals-belgique\/festivals\/musique\/rock-et-divers\/micro-festival\/","url_meta":{"origin":358,"position":2},"title":"Micro Festival","author":"Admin","date":"1 mars 2017","format":false,"excerpt":"Organis\u00e9 depuis 2010 par le collectif Jaune Orange, le Micro Festival se d\u00e9roule chaque ann\u00e9e dans la ville de Li\u00e8ge durant le mois d'ao\u00fbt. Dates de la prochaine \u00e9dition : Micro Festival 2017, les 4 et 5 ao\u00fbt 2017 Site internet : Micro Festival \u00a0","rel":"","context":"Article similaire","block_context":{"text":"Article similaire","link":""},"img":{"alt_text":"","src":"","width":0,"height":0},"classes":[]},{"id":300,"url":"https:\/\/www.festivals.be\/festivals-belgique\/festivals\/musique\/rock-et-divers\/cactus-festival\/","url_meta":{"origin":358,"position":3},"title":"Cactus Festival","author":"Admin","date":"2 mars 2017","format":false,"excerpt":"Le Cactusfestival se d\u00e9roule chaque ann\u00e9e pendant le premier weekend de juillet dans la ville de Bruges. Il propose sur deux jours une s\u00e9rie de grand noms internationaux du rock et de l'\u00e9lectro. C'est avant tout un bon festival de taille moyenne, accessible aux amateurs de musique de tous les\u2026","rel":"","context":"Article similaire","block_context":{"text":"Article similaire","link":""},"img":{"alt_text":"Cactus Festival","src":"https:\/\/i0.wp.com\/www.festivals.be\/festivals-belgique\/wp-content\/uploads\/2017\/03\/cactus-festival-300x103.jpg?resize=350%2C200","width":350,"height":200},"classes":[]},{"id":392,"url":"https:\/\/www.festivals.be\/festivals-belgique\/festivals\/musique\/electro-et-dance\/listen-festival\/","url_meta":{"origin":358,"position":4},"title":"Listen Festival","author":"Admin","date":"9 mars 2017","format":false,"excerpt":"Avec sa premi\u00e8re \u00e9dition r\u00e9ussie en 2016 avec des milliers de festivaliers, le festival Listen ! est le nouveau venu des festivals \u00e9lectro \u00e0 Bruxelles. Durant 3 jours, des DJs se succ\u00e8dent sur plusieurs sc\u00e8nes majeures de la capitale pour animer cet \u00e9v\u00e9nement qui se veut celui des \"musiques du\u2026","rel":"","context":"Article similaire","block_context":{"text":"Article similaire","link":""},"img":{"alt_text":"Listen Festival","src":"https:\/\/i0.wp.com\/www.festivals.be\/festivals-belgique\/wp-content\/uploads\/2017\/03\/layer4A-300x300.png?resize=350%2C200","width":350,"height":200},"classes":[]},{"id":411,"url":"https:\/\/www.festivals.be\/festivals-belgique\/festivals\/films-et-cinema\/festival-international-du-film-francophone\/","url_meta":{"origin":358,"position":5},"title":"Festival International du Film Francophone","author":"Admin","date":"23 mars 2017","format":false,"excerpt":"Le Festival International du Film Francophone de Namur, ou FIFF pour les intimes, existe depuis 1986. Il est reconnu et fr\u00e9quent\u00e9 par l'ensemble du monde du cin\u00e9ma francophone et chaque ann\u00e9e par des milliers de spectateurs. Les jurys du FIFF remettent dans diff\u00e9rentes cat\u00e9gories des \"Bayards\", prix destin\u00e9s \u00e0 r\u00e9compenser\u2026","rel":"","context":"Article similaire","block_context":{"text":"Article similaire","link":""},"img":{"alt_text":"FIFF","src":"https:\/\/i0.wp.com\/www.festivals.be\/festivals-belgique\/wp-content\/uploads\/2017\/03\/FIFF.png?resize=350%2C200","width":350,"height":200},"classes":[]}],"_links":{"self":[{"href":"https:\/\/www.festivals.be\/festivals-belgique\/wp-json\/wp\/v2\/pages\/358","targetHints":{"allow":["GET"]}}],"collection":[{"href":"https:\/\/www.festivals.be\/festivals-belgique\/wp-json\/wp\/v2\/pages"}],"about":[{"href":"https:\/\/www.festivals.be\/festivals-belgique\/wp-json\/wp\/v2\/types\/page"}],"author":[{"embeddable":true,"href":"https:\/\/www.festivals.be\/festivals-belgique\/wp-json\/wp\/v2\/users\/1"}],"replies":[{"embeddable":true,"href":"https:\/\/www.festivals.be\/festivals-belgique\/wp-json\/wp\/v2\/comments?post=358"}],"version-history":[{"count":2,"href":"https:\/\/www.festivals.be\/festivals-belgique\/wp-json\/wp\/v2\/pages\/358\/revisions"}],"predecessor-version":[{"id":367,"href":"https:\/\/www.festivals.be\/festivals-belgique\/wp-json\/wp\/v2\/pages\/358\/revisions\/367"}],"up":[{"embeddable":true,"href":"https:\/\/www.festivals.be\/festivals-belgique\/wp-json\/wp\/v2\/pages\/46"}],"wp:attachment":[{"href":"https:\/\/www.festivals.be\/festivals-belgique\/wp-json\/wp\/v2\/media?parent=358"}],"curies":[{"name":"wp","href":"https:\/\/api.w.org\/{rel}","templated":true}]}}

<figure id="attachment_359" aria-describedby="caption-attachment-359" style="width: 300px" class="wp-caption alignleft"><img data-recalc-dims="1" loading="lazy" decoding="async" class="size-medium wp-image-359" src="https://i0.wp.com/www.festivals.be/festivals-belgique/wp-content/uploads/2017/03/Frontline-Festival-300x300.png?resize=300%2C300" alt="Frontline Festival" width="300" height="300" srcset="https://i0.wp.com/www.festivals.be/festivals-belgique/wp-content/uploads/2017/03/Frontline-Festival.png?resize=300%2C300&amp;ssl=1 300w, https://i0.wp.com/www.festivals.be/festivals-belgique/wp-content/uploads/2017/03/Frontline-Festival.png?resize=150%2C150&amp;ssl=1 150w, https://i0.wp.com/www.festivals.be/festivals-belgique/wp-content/uploads/2017/03/Frontline-Festival.png?w=500&amp;ssl=1 500w" sizes="auto, (max-width: 300px) 85vw, 300px" /><figcaption id="caption-attachment-359" class="wp-caption-text">Frontline Festival 2017</figcaption></figure>
<p>Le <strong>festival Frontline</strong> a vu le jour en 2013. Il s&rsquo;agit d&rsquo;un festival de musique électronique qui grandit chaque année. En 2016 il a rassemblé plus de 2.000 festivaliers autour de DJ locaux à Zonnebeke, près de Ypres.</p>
<p>Dates de la prochaine édition : <strong>Frontline Festival 2017</strong>, le 19 août 2017</p>
<p>Site internet : <a href="http://www.frontlinefestival.be/">Frontline Festival</a></p>
<p>&nbsp;</p>

<p>Le festival Frontline a vu le jour en 2013. Il s&rsquo;agit d&rsquo;un festival de musique électronique qui grandit chaque année. En 2016 il a rassemblé plus de 2.000 festivaliers autour &hellip; <a href="https://www.festivals.be/festivals-belgique/festivals/musique/electro-et-dance/frontline-festival/" class="more-link">Continuer la lecture<span class="screen-reader-text"> de &laquo;&nbsp;Frontline Festival&nbsp;&raquo;</span></a></p>

En mars 2017 a lieu la première édition de ce festival bruxellois de l'Art Nouveau et de l'Art Déco, anciennement la biennale Art Nouveau et Art Déco. Durant 15 jours de printemps différents lieux de la Capitale ouvrent leurs portes pour accueillir visites, promenades à pied et en vélo, concerts,…

Alcatraz est un festival de métal qui a vu le jour en 2009. Le festival n'a fait que grandir tout au long de ces dernières années avec une affiche de plus en plus qualitative, accueillant des groupes à la renommée internationale et donnant de la visibilité aux groupes belges. Une…

Organisé depuis 2010 par le collectif Jaune Orange, le Micro Festival se déroule chaque année dans la ville de Liège durant le mois d'août. Dates de la prochaine édition : Micro Festival 2017, les 4 et 5 août 2017 Site internet : Micro Festival

Le Cactusfestival se déroule chaque année pendant le premier weekend de juillet dans la ville de Bruges. Il propose sur deux jours une série de grand noms internationaux du rock et de l'électro. C'est avant tout un bon festival de taille moyenne, accessible aux amateurs de musique de tous les…

Avec sa première édition réussie en 2016 avec des milliers de festivaliers, le festival Listen ! est le nouveau venu des festivals électro à Bruxelles. Durant 3 jours, des DJs se succèdent sur plusieurs scènes majeures de la capitale pour animer cet événement qui se veut celui des "musiques du…

Le Festival International du Film Francophone de Namur, ou FIFF pour les intimes, existe depuis 1986. Il est reconnu et fréquenté par l'ensemble du monde du cinéma francophone et chaque année par des milliers de spectateurs. Les jurys du FIFF remettent dans différentes catégories des "Bayards", prix destinés à récompenser…
