{"id":381,"date":"2017-03-09T15:49:56","date_gmt":"2017-03-09T14:49:56","guid":{"rendered":"http:\/\/www.festivals.be\/festivals-belgique\/?page_id=381"},"modified":"2017-03-09T15:49:56","modified_gmt":"2017-03-09T14:49:56","slug":"banad-festival","status":"publish","type":"page","link":"https:\/\/www.festivals.be\/festivals-belgique\/festivals\/autres\/banad-festival\/","title":{"rendered":"BANAD Festival"},"content":{"rendered":"<p>En mars 2017 a lieu la premi\u00e8re \u00e9dition de ce <strong>festival bruxellois<\/strong> de l&rsquo;<strong>Art Nouveau<\/strong> et de l&rsquo;<strong>Art D\u00e9co<\/strong>, anciennement la biennale Art Nouveau et Art D\u00e9co.<\/p>\n<p>Durant 15 jours de printemps diff\u00e9rents lieux de la Capitale ouvrent leurs portes pour accueillir visites, promenades \u00e0 pied et en v\u00e9lo, concerts, expositions, conf\u00e9rences et \u00e9v\u00e9nements en tous genres. Ce sont au total plus d&rsquo;une cinquantaine de lieu d&rsquo;exception qui participent au <strong>BANAD<\/strong> Brussels Festival, Brussels Art Nouveau &amp; Art Deco Festival.<\/p>\n<p>Dates de la prochaine \u00e9dition : <strong>BANAD Festival 2017<\/strong>, du 11 au 26 mars 2017<\/p>\n<p>Site internet : <a href=\"http:\/\/www.banad.brussels\/\">Banad Brussels<\/a><\/p>\n<p>&nbsp;<\/p>\n","protected":false},"excerpt":{"rendered":"<p>En mars 2017 a lieu la premi\u00e8re \u00e9dition de ce festival bruxellois de l&rsquo;Art Nouveau et de l&rsquo;Art D\u00e9co, anciennement la biennale Art Nouveau et Art D\u00e9co. Durant 15 jours &hellip; <a href=\"https:\/\/www.festivals.be\/festivals-belgique\/festivals\/autres\/banad-festival\/\" class=\"more-link\">Continuer la lecture<span class=\"screen-reader-text\"> de &laquo;&nbsp;BANAD Festival&nbsp;&raquo;<\/span><\/a><\/p>\n","protected":false},"author":1,"featured_media":0,"parent":28,"menu_order":0,"comment_status":"closed","ping_status":"closed","template":"","meta":{"jetpack_post_was_ever_published":false,"footnotes":""},"class_list":["post-381","page","type-page","status-publish","hentry"],"aioseo_notices":[],"jetpack_sharing_enabled":true,"jetpack_shortlink":"https:\/\/wp.me\/P7Iv6j-69","jetpack_likes_enabled":true,"jetpack-related-posts":[{"id":531,"url":"https:\/\/www.festivals.be\/festivals-belgique\/festivals\/gastronomie\/food-truck-festival\/","url_meta":{"origin":381,"position":0},"title":"Food Truck Festival","author":"Admin","date":"5 mai 2017","format":false,"excerpt":"Le Brussels Food Truck Festival se d\u00e9roule depuis 2014 \u00e0 Bruxelles, maintenant sur le site de Tour & Taxis. Une centaine de Food Trucks s\u00e9lectionn\u00e9s vous proposent des menus du monde entier dans un un esprit convivial. Le festival est aussi l'occasion de remettre chaque ann\u00e9e les \"awards\" aux meilleurs\u2026","rel":"","context":"Article similaire","block_context":{"text":"Article similaire","link":""},"img":{"alt_text":"Food trucks festival","src":"https:\/\/i0.wp.com\/www.festivals.be\/festivals-belgique\/wp-content\/uploads\/2017\/05\/Food-Truck-Festival-300x300.jpg?resize=350%2C200","width":350,"height":200},"classes":[]},{"id":13,"url":"https:\/\/www.festivals.be\/festivals-belgique\/festivals\/","url_meta":{"origin":381,"position":1},"title":"Festivals","author":"Admin","date":"13 juillet 2016","format":false,"excerpt":"Tous les festivals en Belgique. Agenda des festivals en Belgique Senneffe\u00a0 Waterlol\u00a0 Rock system\u00a0 Un festival\u00a0 Belzik\u00a0 Listen\u00a0 La smalla\u00a0 Avril en ville\u00a0 Confluent jazz festival\u00a0 Forest Sounds\u00a0 Kikk\u00a0 Into the blue\u00a0 Vibrations \u00e0 Malmedy Le refuge\u00a0 Fiestacity verviers\u00a0 Brdcst - broadcast \u00e0 l' Ancienne Belgique\u00a0 Le jour le plus\u2026","rel":"","context":"Article similaire","block_context":{"text":"Article similaire","link":""},"img":{"alt_text":"","src":"","width":0,"height":0},"classes":[]},{"id":392,"url":"https:\/\/www.festivals.be\/festivals-belgique\/festivals\/musique\/electro-et-dance\/listen-festival\/","url_meta":{"origin":381,"position":2},"title":"Listen Festival","author":"Admin","date":"9 mars 2017","format":false,"excerpt":"Avec sa premi\u00e8re \u00e9dition r\u00e9ussie en 2016 avec des milliers de festivaliers, le festival Listen ! est le nouveau venu des festivals \u00e9lectro \u00e0 Bruxelles. Durant 3 jours, des DJs se succ\u00e8dent sur plusieurs sc\u00e8nes majeures de la capitale pour animer cet \u00e9v\u00e9nement qui se veut celui des \"musiques du\u2026","rel":"","context":"Article similaire","block_context":{"text":"Article similaire","link":""},"img":{"alt_text":"Listen Festival","src":"https:\/\/i0.wp.com\/www.festivals.be\/festivals-belgique\/wp-content\/uploads\/2017\/03\/layer4A-300x300.png?resize=350%2C200","width":350,"height":200},"classes":[]},{"id":369,"url":"https:\/\/www.festivals.be\/festivals-belgique\/festivals\/musique\/jazz\/brussels-jazz-marathon\/","url_meta":{"origin":381,"position":3},"title":"Brussels Jazz Marathon","author":"Admin","date":"6 mars 2017","format":false,"excerpt":"Le Jazz Marathon de Bruxelles c'est depuis plus de 20 ans un rendez-vous incroyable qui plonge notre capitale dans une ambiance jazzy, des plus grandes places de la ville aux plus petits clubs et bars : plus de 150 concerts et plus de 450 groupes se succ\u00e8dent durant 3 jours.\u2026","rel":"","context":"Article similaire","block_context":{"text":"Article similaire","link":""},"img":{"alt_text":"Jazz Marathon","src":"https:\/\/i0.wp.com\/www.festivals.be\/festivals-belgique\/wp-content\/uploads\/2017\/03\/bjm16.generiek-218x300.png?resize=350%2C200","width":350,"height":200},"classes":[]},{"id":195,"url":"https:\/\/www.festivals.be\/festivals-belgique\/festivals\/theatre\/chassepiere\/","url_meta":{"origin":381,"position":4},"title":"Chassepi\u00e8re","author":"Admin","date":"1 mars 2017","format":false,"excerpt":"Certainement un des moments les plus magiques de la saison des festivals en Belgique. Tout le village de Chassepi\u00e8re, situ\u00e9 dans les Ardennes non loin de Florenville, se transforme l'espace d'un week-end en une \u00e9norme f\u00eate \u00e0 la gloire des arts de la rue : acrobates, jongleurs, clowns, musiciens, danseurs,\u2026","rel":"","context":"Article similaire","block_context":{"text":"Article similaire","link":""},"img":{"alt_text":"","src":"","width":0,"height":0},"classes":[]},{"id":132,"url":"https:\/\/www.festivals.be\/festivals-belgique\/festivals\/musique\/rock-et-divers\/brussels-summer-festival\/","url_meta":{"origin":381,"position":5},"title":"Brussels Summer Festival","author":"Admin","date":"18 ao\u00fbt 2016","format":false,"excerpt":"Le Brussels Summer Festival, aussi connu sous le nom de \"BSF\" est le festival grand-public par excellence. De grand noms, de toutes les sc\u00e8nes, belges, fran\u00e7aises et internationales, ... se succ\u00e8dent pendant 10 jours dans diff\u00e9rents lieux de la capitale.","rel":"","context":"Article similaire","block_context":{"text":"Article similaire","link":""},"img":{"alt_text":"","src":"","width":0,"height":0},"classes":[]}],"_links":{"self":[{"href":"https:\/\/www.festivals.be\/festivals-belgique\/wp-json\/wp\/v2\/pages\/381","targetHints":{"allow":["GET"]}}],"collection":[{"href":"https:\/\/www.festivals.be\/festivals-belgique\/wp-json\/wp\/v2\/pages"}],"about":[{"href":"https:\/\/www.festivals.be\/festivals-belgique\/wp-json\/wp\/v2\/types\/page"}],"author":[{"embeddable":true,"href":"https:\/\/www.festivals.be\/festivals-belgique\/wp-json\/wp\/v2\/users\/1"}],"replies":[{"embeddable":true,"href":"https:\/\/www.festivals.be\/festivals-belgique\/wp-json\/wp\/v2\/comments?post=381"}],"version-history":[{"count":1,"href":"https:\/\/www.festivals.be\/festivals-belgique\/wp-json\/wp\/v2\/pages\/381\/revisions"}],"predecessor-version":[{"id":382,"href":"https:\/\/www.festivals.be\/festivals-belgique\/wp-json\/wp\/v2\/pages\/381\/revisions\/382"}],"up":[{"embeddable":true,"href":"https:\/\/www.festivals.be\/festivals-belgique\/wp-json\/wp\/v2\/pages\/28"}],"wp:attachment":[{"href":"https:\/\/www.festivals.be\/festivals-belgique\/wp-json\/wp\/v2\/media?parent=381"}],"curies":[{"name":"wp","href":"https:\/\/api.w.org\/{rel}","templated":true}]}}

<p>En mars 2017 a lieu la première édition de ce <strong>festival bruxellois</strong> de l&rsquo;<strong>Art Nouveau</strong> et de l&rsquo;<strong>Art Déco</strong>, anciennement la biennale Art Nouveau et Art Déco.</p>
<p>Durant 15 jours de printemps différents lieux de la Capitale ouvrent leurs portes pour accueillir visites, promenades à pied et en vélo, concerts, expositions, conférences et événements en tous genres. Ce sont au total plus d&rsquo;une cinquantaine de lieu d&rsquo;exception qui participent au <strong>BANAD</strong> Brussels Festival, Brussels Art Nouveau &amp; Art Deco Festival.</p>
<p>Dates de la prochaine édition : <strong>BANAD Festival 2017</strong>, du 11 au 26 mars 2017</p>
<p>Site internet : <a href="http://www.banad.brussels/">Banad Brussels</a></p>
<p>&nbsp;</p>

<p>En mars 2017 a lieu la première édition de ce festival bruxellois de l&rsquo;Art Nouveau et de l&rsquo;Art Déco, anciennement la biennale Art Nouveau et Art Déco. Durant 15 jours &hellip; <a href="https://www.festivals.be/festivals-belgique/festivals/autres/banad-festival/" class="more-link">Continuer la lecture<span class="screen-reader-text"> de &laquo;&nbsp;BANAD Festival&nbsp;&raquo;</span></a></p>

Le Brussels Food Truck Festival se déroule depuis 2014 à Bruxelles, maintenant sur le site de Tour & Taxis. Une centaine de Food Trucks sélectionnés vous proposent des menus du monde entier dans un un esprit convivial. Le festival est aussi l'occasion de remettre chaque année les "awards" aux meilleurs…

Tous les festivals en Belgique. Agenda des festivals en Belgique Senneffe  Waterlol  Rock system  Un festival  Belzik  Listen  La smalla  Avril en ville  Confluent jazz festival  Forest Sounds  Kikk  Into the blue  Vibrations à Malmedy Le refuge  Fiestacity verviers  Brdcst - broadcast à l' Ancienne Belgique  Le jour le plus…

Avec sa première édition réussie en 2016 avec des milliers de festivaliers, le festival Listen ! est le nouveau venu des festivals électro à Bruxelles. Durant 3 jours, des DJs se succèdent sur plusieurs scènes majeures de la capitale pour animer cet événement qui se veut celui des "musiques du…

Le Jazz Marathon de Bruxelles c'est depuis plus de 20 ans un rendez-vous incroyable qui plonge notre capitale dans une ambiance jazzy, des plus grandes places de la ville aux plus petits clubs et bars : plus de 150 concerts et plus de 450 groupes se succèdent durant 3 jours.…

Chassepière

Certainement un des moments les plus magiques de la saison des festivals en Belgique. Tout le village de Chassepière, situé dans les Ardennes non loin de Florenville, se transforme l'espace d'un week-end en une énorme fête à la gloire des arts de la rue : acrobates, jongleurs, clowns, musiciens, danseurs,…

18 août 2016

Le Brussels Summer Festival, aussi connu sous le nom de "BSF" est le festival grand-public par excellence. De grand noms, de toutes les scènes, belges, françaises et internationales, ... se succèdent pendant 10 jours dans différents lieux de la capitale.
