{"id":436,"date":"2017-03-23T13:55:08","date_gmt":"2017-03-23T12:55:08","guid":{"rendered":"http:\/\/www.festivals.be\/festivals-belgique\/?page_id=436"},"modified":"2017-03-23T13:55:08","modified_gmt":"2017-03-23T12:55:08","slug":"kermezzoo","status":"publish","type":"page","link":"https:\/\/www.festivals.be\/festivals-belgique\/festivals\/theatre\/kermezzoo\/","title":{"rendered":"Kermezzoo"},"content":{"rendered":"<figure id=\"attachment_437\" aria-describedby=\"caption-attachment-437\" style=\"width: 300px\" class=\"wp-caption alignleft\"><img data-recalc-dims=\"1\" loading=\"lazy\" decoding=\"async\" class=\"size-medium wp-image-437\" src=\"https:\/\/i0.wp.com\/www.festivals.be\/festivals-belgique\/wp-content\/uploads\/2017\/03\/tent-300x235.png?resize=300%2C235\" alt=\"Kermezzoo\" width=\"300\" height=\"235\" srcset=\"https:\/\/i0.wp.com\/www.festivals.be\/festivals-belgique\/wp-content\/uploads\/2017\/03\/tent.png?resize=300%2C235&amp;ssl=1 300w, https:\/\/i0.wp.com\/www.festivals.be\/festivals-belgique\/wp-content\/uploads\/2017\/03\/tent.png?w=378&amp;ssl=1 378w\" sizes=\"auto, (max-width: 300px) 85vw, 300px\" \/><figcaption id=\"caption-attachment-437\" class=\"wp-caption-text\">Kermezzo le festival du rire \u00e0 Bruxelles.<\/figcaption><\/figure>\n<p>Le festival <strong>Kermezzoo<\/strong> est la biennale bruxelloise consacr\u00e9e \u00e0 l&rsquo;humour sous toutes ses formes : spectacles, one man shows, stand up, &#8230; un m\u00e9lange des styles est des genres dont le point commun est de d\u00e9rider les Bruxellois \u00e0 l&rsquo;arriv\u00e9e des beaux jours.<\/p>\n<p>Durant 3 semaines, des shows in\u00e9dits et des spectacles se succ\u00e8dent dans le Parc du Cinquantenaire \u00e0 <strong>Bruxelles<\/strong> pour vous faire rire !<\/p>\n<p>En 2015, pour sa premi\u00e8re \u00e9dition, le festival <strong>Kermezzoo<\/strong> avait rassembl\u00e9 pas moins de 75.000 spectateurs.<\/p>\n<p>Prochaine \u00e9dition : <strong>Kermezzoo 2017<\/strong>, du 5 au 21 mai 2017<\/p>\n<p>Site internet : <a href=\"http:\/\/www.kermezzoo.be\"><strong>Kermezzoo<\/strong><\/a><\/p>\n<p>&nbsp;<\/p>\n","protected":false},"excerpt":{"rendered":"<p>Le festival Kermezzoo est la biennale bruxelloise consacr\u00e9e \u00e0 l&rsquo;humour sous toutes ses formes : spectacles, one man shows, stand up, &#8230; un m\u00e9lange des styles est des genres dont &hellip; <a href=\"https:\/\/www.festivals.be\/festivals-belgique\/festivals\/theatre\/kermezzoo\/\" class=\"more-link\">Continuer la lecture<span class=\"screen-reader-text\"> de &laquo;&nbsp;Kermezzoo&nbsp;&raquo;<\/span><\/a><\/p>\n","protected":false},"author":1,"featured_media":0,"parent":20,"menu_order":0,"comment_status":"closed","ping_status":"closed","template":"","meta":{"jetpack_post_was_ever_published":false,"footnotes":""},"class_list":["post-436","page","type-page","status-publish","hentry"],"aioseo_notices":[],"jetpack_sharing_enabled":true,"jetpack_shortlink":"https:\/\/wp.me\/P7Iv6j-72","jetpack_likes_enabled":true,"jetpack-related-posts":[{"id":392,"url":"https:\/\/www.festivals.be\/festivals-belgique\/festivals\/musique\/electro-et-dance\/listen-festival\/","url_meta":{"origin":436,"position":0},"title":"Listen Festival","author":"Admin","date":"9 mars 2017","format":false,"excerpt":"Avec sa premi\u00e8re \u00e9dition r\u00e9ussie en 2016 avec des milliers de festivaliers, le festival Listen ! est le nouveau venu des festivals \u00e9lectro \u00e0 Bruxelles. Durant 3 jours, des DJs se succ\u00e8dent sur plusieurs sc\u00e8nes majeures de la capitale pour animer cet \u00e9v\u00e9nement qui se veut celui des \"musiques du\u2026","rel":"","context":"Article similaire","block_context":{"text":"Article similaire","link":""},"img":{"alt_text":"Listen Festival","src":"https:\/\/i0.wp.com\/www.festivals.be\/festivals-belgique\/wp-content\/uploads\/2017\/03\/layer4A-300x300.png?resize=350%2C200","width":350,"height":200},"classes":[]},{"id":199,"url":"https:\/\/www.festivals.be\/festivals-belgique\/festivals\/theatre\/bruxellons\/","url_meta":{"origin":436,"position":1},"title":"Bruxellons","author":"Admin","date":"1 mars 2017","format":false,"excerpt":"Le festival de th\u00e9\u00e2tre Bruxellons ! a lieu chaque ann\u00e9e durant l'\u00e9t\u00e9 sur le site du chateau du Karreveld, \u00e0 Molenbeek. Ce festival donne la part belle aux cr\u00e9ations des artistes de la F\u00e9d\u00e9ration Wallonie - Bruxelles et pr\u00e9sente de nouveaux spectacles originaux parmi plus d'une centaine de repr\u00e9sentations. Dates\u2026","rel":"","context":"Article similaire","block_context":{"text":"Article similaire","link":""},"img":{"alt_text":"","src":"","width":0,"height":0},"classes":[]},{"id":387,"url":"https:\/\/www.festivals.be\/festivals-belgique\/festivals\/autres\/museum-night-fever\/","url_meta":{"origin":436,"position":2},"title":"Museum Night Fever","author":"Admin","date":"9 mars 2017","format":false,"excerpt":"C'est la f\u00eate annuelle des mus\u00e9es bruxellois ! Chaque ann\u00e9e depuis 2007, le temps d'une soir\u00e9e et d'une nuit, de nombreux mus\u00e9es de la capitale prennent un coup de folie et ouvrent leurs portes aux noctambules pour des visites \u00a0guid\u00e9es hors du commun, des \u00e9v\u00e9nements, des animations, des performances live,\u2026","rel":"","context":"Article similaire","block_context":{"text":"Article similaire","link":""},"img":{"alt_text":"","src":"","width":0,"height":0},"classes":[]},{"id":381,"url":"https:\/\/www.festivals.be\/festivals-belgique\/festivals\/autres\/banad-festival\/","url_meta":{"origin":436,"position":3},"title":"BANAD Festival","author":"Admin","date":"9 mars 2017","format":false,"excerpt":"En mars 2017 a lieu la premi\u00e8re \u00e9dition de ce festival bruxellois de l'Art Nouveau et de l'Art D\u00e9co, anciennement la biennale Art Nouveau et Art D\u00e9co. Durant 15 jours de printemps diff\u00e9rents lieux de la Capitale ouvrent leurs portes pour accueillir visites, promenades \u00e0 pied et en v\u00e9lo, concerts,\u2026","rel":"","context":"Article similaire","block_context":{"text":"Article similaire","link":""},"img":{"alt_text":"","src":"","width":0,"height":0},"classes":[]},{"id":479,"url":"https:\/\/www.festivals.be\/festivals-belgique\/festivals\/theatre\/festival-du-rire-de-rochefort\/","url_meta":{"origin":436,"position":4},"title":"Festival du Rire de Rochefort","author":"Admin","date":"27 avril 2017","format":false,"excerpt":"Le Festival International du Rire de Rochefort est une v\u00e9ritable institution. Tout le monde le connait et il a vu d\u00e9filer les plus grands noms parmi les humoristes, les stand-ups et autres imitateurs, ... Ce festival fait de Rochefort la capitale francophone du rire ! Prochaine \u00e9dition : Festival du\u2026","rel":"","context":"Article similaire","block_context":{"text":"Article similaire","link":""},"img":{"alt_text":"Festival International du Rire de Rochefort","src":"https:\/\/i0.wp.com\/www.festivals.be\/festivals-belgique\/wp-content\/uploads\/2017\/04\/Banner-abo-300x221.jpg?resize=350%2C200","width":350,"height":200},"classes":[]},{"id":13,"url":"https:\/\/www.festivals.be\/festivals-belgique\/festivals\/","url_meta":{"origin":436,"position":5},"title":"Festivals","author":"Admin","date":"13 juillet 2016","format":false,"excerpt":"Tous les festivals en Belgique. Agenda des festivals en Belgique Senneffe\u00a0 Waterlol\u00a0 Rock system\u00a0 Un festival\u00a0 Belzik\u00a0 Listen\u00a0 La smalla\u00a0 Avril en ville\u00a0 Confluent jazz festival\u00a0 Forest Sounds\u00a0 Kikk\u00a0 Into the blue\u00a0 Vibrations \u00e0 Malmedy Le refuge\u00a0 Fiestacity verviers\u00a0 Brdcst - broadcast \u00e0 l' Ancienne Belgique\u00a0 Le jour le plus\u2026","rel":"","context":"Article similaire","block_context":{"text":"Article similaire","link":""},"img":{"alt_text":"","src":"","width":0,"height":0},"classes":[]}],"_links":{"self":[{"href":"https:\/\/www.festivals.be\/festivals-belgique\/wp-json\/wp\/v2\/pages\/436","targetHints":{"allow":["GET"]}}],"collection":[{"href":"https:\/\/www.festivals.be\/festivals-belgique\/wp-json\/wp\/v2\/pages"}],"about":[{"href":"https:\/\/www.festivals.be\/festivals-belgique\/wp-json\/wp\/v2\/types\/page"}],"author":[{"embeddable":true,"href":"https:\/\/www.festivals.be\/festivals-belgique\/wp-json\/wp\/v2\/users\/1"}],"replies":[{"embeddable":true,"href":"https:\/\/www.festivals.be\/festivals-belgique\/wp-json\/wp\/v2\/comments?post=436"}],"version-history":[{"count":1,"href":"https:\/\/www.festivals.be\/festivals-belgique\/wp-json\/wp\/v2\/pages\/436\/revisions"}],"predecessor-version":[{"id":438,"href":"https:\/\/www.festivals.be\/festivals-belgique\/wp-json\/wp\/v2\/pages\/436\/revisions\/438"}],"up":[{"embeddable":true,"href":"https:\/\/www.festivals.be\/festivals-belgique\/wp-json\/wp\/v2\/pages\/20"}],"wp:attachment":[{"href":"https:\/\/www.festivals.be\/festivals-belgique\/wp-json\/wp\/v2\/media?parent=436"}],"curies":[{"name":"wp","href":"https:\/\/api.w.org\/{rel}","templated":true}]}}

<figure id="attachment_437" aria-describedby="caption-attachment-437" style="width: 300px" class="wp-caption alignleft"><img data-recalc-dims="1" loading="lazy" decoding="async" class="size-medium wp-image-437" src="https://i0.wp.com/www.festivals.be/festivals-belgique/wp-content/uploads/2017/03/tent-300x235.png?resize=300%2C235" alt="Kermezzoo" width="300" height="235" srcset="https://i0.wp.com/www.festivals.be/festivals-belgique/wp-content/uploads/2017/03/tent.png?resize=300%2C235&amp;ssl=1 300w, https://i0.wp.com/www.festivals.be/festivals-belgique/wp-content/uploads/2017/03/tent.png?w=378&amp;ssl=1 378w" sizes="auto, (max-width: 300px) 85vw, 300px" /><figcaption id="caption-attachment-437" class="wp-caption-text">Kermezzo le festival du rire à Bruxelles.</figcaption></figure>
<p>Le festival <strong>Kermezzoo</strong> est la biennale bruxelloise consacrée à l&rsquo;humour sous toutes ses formes : spectacles, one man shows, stand up, &#8230; un mélange des styles est des genres dont le point commun est de dérider les Bruxellois à l&rsquo;arrivée des beaux jours.</p>
<p>Durant 3 semaines, des shows inédits et des spectacles se succèdent dans le Parc du Cinquantenaire à <strong>Bruxelles</strong> pour vous faire rire !</p>
<p>En 2015, pour sa première édition, le festival <strong>Kermezzoo</strong> avait rassemblé pas moins de 75.000 spectateurs.</p>
<p>Prochaine édition : <strong>Kermezzoo 2017</strong>, du 5 au 21 mai 2017</p>
<p>Site internet : <a href="http://www.kermezzoo.be"><strong>Kermezzoo</strong></a></p>
<p>&nbsp;</p>

<p>Le festival Kermezzoo est la biennale bruxelloise consacrée à l&rsquo;humour sous toutes ses formes : spectacles, one man shows, stand up, &#8230; un mélange des styles est des genres dont &hellip; <a href="https://www.festivals.be/festivals-belgique/festivals/theatre/kermezzoo/" class="more-link">Continuer la lecture<span class="screen-reader-text"> de &laquo;&nbsp;Kermezzoo&nbsp;&raquo;</span></a></p>

Avec sa première édition réussie en 2016 avec des milliers de festivaliers, le festival Listen ! est le nouveau venu des festivals électro à Bruxelles. Durant 3 jours, des DJs se succèdent sur plusieurs scènes majeures de la capitale pour animer cet événement qui se veut celui des "musiques du…

Le festival de théâtre Bruxellons ! a lieu chaque année durant l'été sur le site du chateau du Karreveld, à Molenbeek. Ce festival donne la part belle aux créations des artistes de la Fédération Wallonie - Bruxelles et présente de nouveaux spectacles originaux parmi plus d'une centaine de représentations. Dates…

C'est la fête annuelle des musées bruxellois ! Chaque année depuis 2007, le temps d'une soirée et d'une nuit, de nombreux musées de la capitale prennent un coup de folie et ouvrent leurs portes aux noctambules pour des visites  guidées hors du commun, des événements, des animations, des performances live,…

En mars 2017 a lieu la première édition de ce festival bruxellois de l'Art Nouveau et de l'Art Déco, anciennement la biennale Art Nouveau et Art Déco. Durant 15 jours de printemps différents lieux de la Capitale ouvrent leurs portes pour accueillir visites, promenades à pied et en vélo, concerts,…

Le Festival International du Rire de Rochefort est une véritable institution. Tout le monde le connait et il a vu défiler les plus grands noms parmi les humoristes, les stand-ups et autres imitateurs, ... Ce festival fait de Rochefort la capitale francophone du rire ! Prochaine édition : Festival du…

Tous les festivals en Belgique. Agenda des festivals en Belgique Senneffe  Waterlol  Rock system  Un festival  Belzik  Listen  La smalla  Avril en ville  Confluent jazz festival  Forest Sounds  Kikk  Into the blue  Vibrations à Malmedy Le refuge  Fiestacity verviers  Brdcst - broadcast à l' Ancienne Belgique  Le jour le plus…
