{"id":48,"date":"2016-07-13T21:24:45","date_gmt":"2016-07-13T19:24:45","guid":{"rendered":"http:\/\/www.festivals.be\/festivals-belgique\/?page_id=48"},"modified":"2016-07-13T21:24:45","modified_gmt":"2016-07-13T19:24:45","slug":"jazz","status":"publish","type":"page","link":"https:\/\/www.festivals.be\/festivals-belgique\/festivals\/musique\/jazz\/","title":{"rendered":"Jazz"},"content":{"rendered":"<p>Festivals de jazz en Belgique.<\/p>\n","protected":false},"excerpt":{"rendered":"<p>Festivals de jazz en Belgique.<\/p>\n","protected":false},"author":1,"featured_media":0,"parent":16,"menu_order":0,"comment_status":"closed","ping_status":"closed","template":"","meta":{"jetpack_post_was_ever_published":false,"footnotes":""},"class_list":["post-48","page","type-page","status-publish","hentry"],"aioseo_notices":[],"jetpack_sharing_enabled":true,"jetpack_shortlink":"https:\/\/wp.me\/P7Iv6j-M","jetpack_likes_enabled":true,"jetpack-related-posts":[{"id":282,"url":"https:\/\/www.festivals.be\/festivals-belgique\/festivals\/musique\/jazz\/gent-jazz\/","url_meta":{"origin":48,"position":0},"title":"Gent Jazz","author":"Admin","date":"2 mars 2017","format":false,"excerpt":"Le festival de jazz de Gand dure chaque ann\u00e9e une dizaine de jour et rassemble de tr\u00e8s grand noms du jazz mondial. Il est historiquement le premier festival au monde organis\u00e9 en collaboration avec le prestigieux label de jazz Blue Note, le premier \u00e0 pouvoir porter ce nom. Il a\u2026","rel":"","context":"Article similaire","block_context":{"text":"Article similaire","link":""},"img":{"alt_text":"","src":"","width":0,"height":0},"classes":[]},{"id":463,"url":"https:\/\/www.festivals.be\/festivals-belgique\/festivals\/musique\/jazz\/jazz-a-liege\/","url_meta":{"origin":48,"position":1},"title":"Jazz \u00e0 Li\u00e8ge","author":"Admin","date":"27 avril 2017","format":false,"excerpt":"Plus de 25 ans d'existence pour festival incontournable pour tous les amateurs de jazz. Les plus grands noms se succ\u00e8dent sur diff\u00e9rentes sc\u00e8nes li\u00e9geoise l'espace d'un long weekend. Prochaine \u00e9dition : Jazz \u00e0 Li\u00e8ge 2017, du 11 au 13 mai 2017 Site internet : Jazz \u00e0 Li\u00e8ge \u00a0 \u00a0","rel":"","context":"Article similaire","block_context":{"text":"Article similaire","link":""},"img":{"alt_text":"Mithra Jazz \u00e0 Li\u00e8ge","src":"https:\/\/i0.wp.com\/www.festivals.be\/festivals-belgique\/wp-content\/uploads\/2017\/04\/jazz_a_liege-213x300.png?resize=350%2C200","width":350,"height":200},"classes":[]},{"id":369,"url":"https:\/\/www.festivals.be\/festivals-belgique\/festivals\/musique\/jazz\/brussels-jazz-marathon\/","url_meta":{"origin":48,"position":2},"title":"Brussels Jazz Marathon","author":"Admin","date":"6 mars 2017","format":false,"excerpt":"Le Jazz Marathon de Bruxelles c'est depuis plus de 20 ans un rendez-vous incroyable qui plonge notre capitale dans une ambiance jazzy, des plus grandes places de la ville aux plus petits clubs et bars : plus de 150 concerts et plus de 450 groupes se succ\u00e8dent durant 3 jours.\u2026","rel":"","context":"Article similaire","block_context":{"text":"Article similaire","link":""},"img":{"alt_text":"Jazz Marathon","src":"https:\/\/i0.wp.com\/www.festivals.be\/festivals-belgique\/wp-content\/uploads\/2017\/03\/bjm16.generiek-218x300.png?resize=350%2C200","width":350,"height":200},"classes":[]},{"id":344,"url":"https:\/\/www.festivals.be\/festivals-belgique\/festivals\/musique\/jazz\/django-a-liberchies\/","url_meta":{"origin":48,"position":3},"title":"Django \u00e0 Liberchies","author":"Admin","date":"3 mars 2017","format":false,"excerpt":"Un festival unique qui rassemble depuis une quinzaine d'ann\u00e9e les amateurs de jazz manouche. Le festival Django se tient l'espace d'un week-end dans le village de Liberchies, lieu de naissance de Django Reinhardt, le plus grand guitariste de jazz manouche belge. Le festival accueille \u00e9galement plusieurs bals et s'est inscrit\u2026","rel":"","context":"Article similaire","block_context":{"text":"Article similaire","link":""},"img":{"alt_text":"","src":"","width":0,"height":0},"classes":[]},{"id":202,"url":"https:\/\/www.festivals.be\/festivals-belgique\/festivals\/musique\/jazz\/jyvazik\/","url_meta":{"origin":48,"position":4},"title":"Jyva&rsquo;Zik","author":"Admin","date":"1 mars 2017","format":false,"excerpt":"Depuis 2006, le festival de musique Jyva'Zik a lieu chaque ann\u00e9e \u00e0 Court-Saint-Etienne, pr\u00e8s d'Ottignies - Louvain-la-Neuve. Il se d\u00e9roule sur deux soir\u00e9es et met en sc\u00e8ne des musiciens, danseurs, artistes de cabarets et toute une s\u00e9rie d'\u00e9v\u00e9nements et d'activit\u00e9s autour des ann\u00e9es folles : jazz, blues, burlesque, ... ce\u2026","rel":"","context":"Article similaire","block_context":{"text":"Article similaire","link":""},"img":{"alt_text":"","src":"","width":0,"height":0},"classes":[]},{"id":13,"url":"https:\/\/www.festivals.be\/festivals-belgique\/festivals\/","url_meta":{"origin":48,"position":5},"title":"Festivals","author":"Admin","date":"13 juillet 2016","format":false,"excerpt":"Tous les festivals en Belgique. Agenda des festivals en Belgique Senneffe\u00a0 Waterlol\u00a0 Rock system\u00a0 Un festival\u00a0 Belzik\u00a0 Listen\u00a0 La smalla\u00a0 Avril en ville\u00a0 Confluent jazz festival\u00a0 Forest Sounds\u00a0 Kikk\u00a0 Into the blue\u00a0 Vibrations \u00e0 Malmedy Le refuge\u00a0 Fiestacity verviers\u00a0 Brdcst - broadcast \u00e0 l' Ancienne Belgique\u00a0 Le jour le plus\u2026","rel":"","context":"Article similaire","block_context":{"text":"Article similaire","link":""},"img":{"alt_text":"","src":"","width":0,"height":0},"classes":[]}],"_links":{"self":[{"href":"https:\/\/www.festivals.be\/festivals-belgique\/wp-json\/wp\/v2\/pages\/48","targetHints":{"allow":["GET"]}}],"collection":[{"href":"https:\/\/www.festivals.be\/festivals-belgique\/wp-json\/wp\/v2\/pages"}],"about":[{"href":"https:\/\/www.festivals.be\/festivals-belgique\/wp-json\/wp\/v2\/types\/page"}],"author":[{"embeddable":true,"href":"https:\/\/www.festivals.be\/festivals-belgique\/wp-json\/wp\/v2\/users\/1"}],"replies":[{"embeddable":true,"href":"https:\/\/www.festivals.be\/festivals-belgique\/wp-json\/wp\/v2\/comments?post=48"}],"version-history":[{"count":1,"href":"https:\/\/www.festivals.be\/festivals-belgique\/wp-json\/wp\/v2\/pages\/48\/revisions"}],"predecessor-version":[{"id":49,"href":"https:\/\/www.festivals.be\/festivals-belgique\/wp-json\/wp\/v2\/pages\/48\/revisions\/49"}],"up":[{"embeddable":true,"href":"https:\/\/www.festivals.be\/festivals-belgique\/wp-json\/wp\/v2\/pages\/16"}],"wp:attachment":[{"href":"https:\/\/www.festivals.be\/festivals-belgique\/wp-json\/wp\/v2\/media?parent=48"}],"curies":[{"name":"wp","href":"https:\/\/api.w.org\/{rel}","templated":true}]}}

Le festival de jazz de Gand dure chaque année une dizaine de jour et rassemble de très grand noms du jazz mondial. Il est historiquement le premier festival au monde organisé en collaboration avec le prestigieux label de jazz Blue Note, le premier à pouvoir porter ce nom. Il a…

Jazz à Liège

Plus de 25 ans d'existence pour festival incontournable pour tous les amateurs de jazz. Les plus grands noms se succèdent sur différentes scènes liégeoise l'espace d'un long weekend. Prochaine édition : Jazz à Liège 2017, du 11 au 13 mai 2017 Site internet : Jazz à Liège

Mithra Jazz à Liège

Le Jazz Marathon de Bruxelles c'est depuis plus de 20 ans un rendez-vous incroyable qui plonge notre capitale dans une ambiance jazzy, des plus grandes places de la ville aux plus petits clubs et bars : plus de 150 concerts et plus de 450 groupes se succèdent durant 3 jours.…

Django à Liberchies

Un festival unique qui rassemble depuis une quinzaine d'année les amateurs de jazz manouche. Le festival Django se tient l'espace d'un week-end dans le village de Liberchies, lieu de naissance de Django Reinhardt, le plus grand guitariste de jazz manouche belge. Le festival accueille également plusieurs bals et s'est inscrit…

Depuis 2006, le festival de musique Jyva'Zik a lieu chaque année à Court-Saint-Etienne, près d'Ottignies - Louvain-la-Neuve. Il se déroule sur deux soirées et met en scène des musiciens, danseurs, artistes de cabarets et toute une série d'événements et d'activités autour des années folles : jazz, blues, burlesque, ... ce…

Tous les festivals en Belgique. Agenda des festivals en Belgique Senneffe  Waterlol  Rock system  Un festival  Belzik  Listen  La smalla  Avril en ville  Confluent jazz festival  Forest Sounds  Kikk  Into the blue  Vibrations à Malmedy Le refuge  Fiestacity verviers  Brdcst - broadcast à l' Ancienne Belgique  Le jour le plus…
