{"id":52,"date":"2016-07-13T21:25:43","date_gmt":"2016-07-13T19:25:43","guid":{"rendered":"http:\/\/www.festivals.be\/festivals-belgique\/?page_id=52"},"modified":"2016-07-13T21:25:43","modified_gmt":"2016-07-13T19:25:43","slug":"musique-du-monde","status":"publish","type":"page","link":"https:\/\/www.festivals.be\/festivals-belgique\/festivals\/musique\/musique-du-monde\/","title":{"rendered":"Musique du monde"},"content":{"rendered":"<p>Les festivals de musiques du monde, de world music.<\/p>\n","protected":false},"excerpt":{"rendered":"<p>Les festivals de musiques du monde, de world music.<\/p>\n","protected":false},"author":1,"featured_media":0,"parent":16,"menu_order":0,"comment_status":"closed","ping_status":"closed","template":"","meta":{"jetpack_post_was_ever_published":false,"footnotes":""},"class_list":["post-52","page","type-page","status-publish","hentry"],"aioseo_notices":[],"jetpack_sharing_enabled":true,"jetpack_shortlink":"https:\/\/wp.me\/P7Iv6j-Q","jetpack_likes_enabled":true,"jetpack-related-posts":[{"id":134,"url":"https:\/\/www.festivals.be\/festivals-belgique\/festivals\/musique\/musique-du-monde\/couleur-cafe\/","url_meta":{"origin":52,"position":0},"title":"Couleur Caf\u00e9","author":"Admin","date":"18 ao\u00fbt 2016","format":false,"excerpt":"World Music ?!?! Non, ... disons plut\u00f4t \"m\u00e9lange des genres et des cultures\". Au fil des ann\u00e9es, Couleur Caf\u00e9 s'est install\u00e9 comme un rassemblement se voulant diff\u00e9rent des grosses machines rock : du rap, de la world, du rock (un peu), de la chanson, ... disons tout simplement de l'alternatif\u2026","rel":"","context":"Article similaire","block_context":{"text":"Article similaire","link":""},"img":{"alt_text":"","src":"","width":0,"height":0},"classes":[]},{"id":229,"url":"https:\/\/www.festivals.be\/festivals-belgique\/festivals\/musique\/musique-du-monde\/fetes-antillaises\/","url_meta":{"origin":52,"position":1},"title":"F\u00eates Antillaises","author":"Admin","date":"1 mars 2017","format":false,"excerpt":"Les F\u00eates Antillaises ou Antillaanse Feesten sont un des festivals de world music majeurs en Belgique. Ils ont lieu chaque ann\u00e9e depuis 1983 \u00e0 Hoogstraten. Il s'agit tout simplement du plus grand festival de musique antillaise d'Europe et d'apr\u00e8s les organisateurs \"le plus grand festival caribbean du monde\", rien que\u2026","rel":"","context":"Article similaire","block_context":{"text":"Article similaire","link":""},"img":{"alt_text":"F\u00eates Antillaises","src":"https:\/\/i0.wp.com\/www.festivals.be\/festivals-belgique\/wp-content\/uploads\/2017\/03\/fetes-antillaises-300x180.jpg?resize=350%2C200","width":350,"height":200},"classes":[]},{"id":46,"url":"https:\/\/www.festivals.be\/festivals-belgique\/festivals\/musique\/electro-et-dance\/","url_meta":{"origin":52,"position":2},"title":"Electro et dance","author":"Admin","date":"13 juillet 2016","format":false,"excerpt":"Festivals electro, techno et dance music.","rel":"","context":"Article similaire","block_context":{"text":"Article similaire","link":""},"img":{"alt_text":"","src":"","width":0,"height":0},"classes":[]},{"id":331,"url":"https:\/\/www.festivals.be\/festivals-belgique\/festivals\/musique\/musique-du-monde\/pole-pole\/","url_meta":{"origin":52,"position":3},"title":"Pol\u00e9 Pol\u00e9","author":"Admin","date":"2 mars 2017","format":false,"excerpt":"Un festival des musiques du monde o\u00f9 la danse et la f\u00eate sont irr\u00e9sistibles ! Le festival Pol\u00e9 Pol\u00e9 de Gand se d\u00e9roule pendant les \"f\u00eates de Gand\" chaque ann\u00e9e durant le mois de juillet. Dates de la prochaine \u00e9dition : Pol\u00e9 Pol\u00e9 2017, du 14 au 23 juillet 2017\u2026","rel":"","context":"Article similaire","block_context":{"text":"Article similaire","link":""},"img":{"alt_text":"Pole Pole","src":"https:\/\/i0.wp.com\/www.festivals.be\/festivals-belgique\/wp-content\/uploads\/2017\/03\/pole-pole-festival-300x97.jpg?resize=350%2C200","width":350,"height":200,"srcset":"https:\/\/i0.wp.com\/www.festivals.be\/festivals-belgique\/wp-content\/uploads\/2017\/03\/pole-pole-festival-300x97.jpg?resize=350%2C200 1x, https:\/\/i0.wp.com\/www.festivals.be\/festivals-belgique\/wp-content\/uploads\/2017\/03\/pole-pole-festival-300x97.jpg?resize=525%2C300 1.5x"},"classes":[]},{"id":222,"url":"https:\/\/www.festivals.be\/festivals-belgique\/festivals\/musique\/musique-du-monde\/afro-latino-festival\/","url_meta":{"origin":52,"position":4},"title":"Afro-Latino Festival","author":"Admin","date":"1 mars 2017","format":false,"excerpt":"Le festival de musique du monde Afro-Latino est organis\u00e9 \u00e0 Bree et propose chaque ann\u00e9e une affiche innovante, compos\u00e9e d'artistes internationaux renomm\u00e9s venant d'Afrique, d'Am\u00e9rique latine, des Cara\u00efbes et d'Europe du Sud. Au total, c'est plus de 40 groupes et DJ qui sont programm\u00e9s, ainsi qu'une dizaine d'animations de danse\u2026","rel":"","context":"Article similaire","block_context":{"text":"Article similaire","link":""},"img":{"alt_text":"Afro Latino","src":"https:\/\/i0.wp.com\/www.festivals.be\/festivals-belgique\/wp-content\/uploads\/2017\/03\/Afro-Latino-300x200.jpg?resize=350%2C200","width":350,"height":200},"classes":[]},{"id":353,"url":"https:\/\/www.festivals.be\/festivals-belgique\/festivals\/musique\/musique-du-monde\/jamin-jette\/","url_meta":{"origin":52,"position":5},"title":"Jam&rsquo;in Jette","author":"Admin","date":"3 mars 2017","format":false,"excerpt":"Dates de la prochaine \u00e9dition : Jam'in Jette 2017, les 12 et 13 mai 2017 Site internet : Jam'in Jette","rel":"","context":"Article similaire","block_context":{"text":"Article similaire","link":""},"img":{"alt_text":"Jam'in Jette","src":"https:\/\/i0.wp.com\/jaminjette.be\/wp-content\/uploads\/2017\/02\/13243949_585689461598928_7638618773152824583_o-e1486308730711.jpg?resize=350%2C200","width":350,"height":200,"srcset":"https:\/\/i0.wp.com\/jaminjette.be\/wp-content\/uploads\/2017\/02\/13243949_585689461598928_7638618773152824583_o-e1486308730711.jpg?resize=350%2C200 1x, https:\/\/i0.wp.com\/jaminjette.be\/wp-content\/uploads\/2017\/02\/13243949_585689461598928_7638618773152824583_o-e1486308730711.jpg?resize=525%2C300 1.5x"},"classes":[]}],"_links":{"self":[{"href":"https:\/\/www.festivals.be\/festivals-belgique\/wp-json\/wp\/v2\/pages\/52","targetHints":{"allow":["GET"]}}],"collection":[{"href":"https:\/\/www.festivals.be\/festivals-belgique\/wp-json\/wp\/v2\/pages"}],"about":[{"href":"https:\/\/www.festivals.be\/festivals-belgique\/wp-json\/wp\/v2\/types\/page"}],"author":[{"embeddable":true,"href":"https:\/\/www.festivals.be\/festivals-belgique\/wp-json\/wp\/v2\/users\/1"}],"replies":[{"embeddable":true,"href":"https:\/\/www.festivals.be\/festivals-belgique\/wp-json\/wp\/v2\/comments?post=52"}],"version-history":[{"count":1,"href":"https:\/\/www.festivals.be\/festivals-belgique\/wp-json\/wp\/v2\/pages\/52\/revisions"}],"predecessor-version":[{"id":53,"href":"https:\/\/www.festivals.be\/festivals-belgique\/wp-json\/wp\/v2\/pages\/52\/revisions\/53"}],"up":[{"embeddable":true,"href":"https:\/\/www.festivals.be\/festivals-belgique\/wp-json\/wp\/v2\/pages\/16"}],"wp:attachment":[{"href":"https:\/\/www.festivals.be\/festivals-belgique\/wp-json\/wp\/v2\/media?parent=52"}],"curies":[{"name":"wp","href":"https:\/\/api.w.org\/{rel}","templated":true}]}}

Couleur Café

18 août 2016

World Music ?!?! Non, ... disons plutôt "mélange des genres et des cultures". Au fil des années, Couleur Café s'est installé comme un rassemblement se voulant différent des grosses machines rock : du rap, de la world, du rock (un peu), de la chanson, ... disons tout simplement de l'alternatif…

Fêtes Antillaises

Les Fêtes Antillaises ou Antillaanse Feesten sont un des festivals de world music majeurs en Belgique. Ils ont lieu chaque année depuis 1983 à Hoogstraten. Il s'agit tout simplement du plus grand festival de musique antillaise d'Europe et d'après les organisateurs "le plus grand festival caribbean du monde", rien que…

Polé Polé

Un festival des musiques du monde où la danse et la fête sont irrésistibles ! Le festival Polé Polé de Gand se déroule pendant les "fêtes de Gand" chaque année durant le mois de juillet. Dates de la prochaine édition : Polé Polé 2017, du 14 au 23 juillet 2017…

Le festival de musique du monde Afro-Latino est organisé à Bree et propose chaque année une affiche innovante, composée d'artistes internationaux renommés venant d'Afrique, d'Amérique latine, des Caraïbes et d'Europe du Sud. Au total, c'est plus de 40 groupes et DJ qui sont programmés, ainsi qu'une dizaine d'animations de danse…

Dates de la prochaine édition : Jam'in Jette 2017, les 12 et 13 mai 2017 Site internet : Jam'in Jette
