{"id":531,"date":"2017-05-05T12:59:12","date_gmt":"2017-05-05T10:59:12","guid":{"rendered":"http:\/\/www.festivals.be\/festivals-belgique\/?page_id=531"},"modified":"2017-05-05T12:59:12","modified_gmt":"2017-05-05T10:59:12","slug":"food-truck-festival","status":"publish","type":"page","link":"https:\/\/www.festivals.be\/festivals-belgique\/festivals\/gastronomie\/food-truck-festival\/","title":{"rendered":"Food Truck Festival"},"content":{"rendered":"<figure id=\"attachment_532\" aria-describedby=\"caption-attachment-532\" style=\"width: 300px\" class=\"wp-caption alignleft\"><img data-recalc-dims=\"1\" loading=\"lazy\" decoding=\"async\" class=\"size-medium wp-image-532\" src=\"https:\/\/i0.wp.com\/www.festivals.be\/festivals-belgique\/wp-content\/uploads\/2017\/05\/Food-Truck-Festival-300x300.jpg?resize=300%2C300\" alt=\"Food trucks festival\" width=\"300\" height=\"300\" srcset=\"https:\/\/i0.wp.com\/www.festivals.be\/festivals-belgique\/wp-content\/uploads\/2017\/05\/Food-Truck-Festival.jpg?resize=300%2C300&amp;ssl=1 300w, https:\/\/i0.wp.com\/www.festivals.be\/festivals-belgique\/wp-content\/uploads\/2017\/05\/Food-Truck-Festival.jpg?resize=150%2C150&amp;ssl=1 150w, https:\/\/i0.wp.com\/www.festivals.be\/festivals-belgique\/wp-content\/uploads\/2017\/05\/Food-Truck-Festival.jpg?resize=768%2C768&amp;ssl=1 768w, https:\/\/i0.wp.com\/www.festivals.be\/festivals-belgique\/wp-content\/uploads\/2017\/05\/Food-Truck-Festival.jpg?w=800&amp;ssl=1 800w\" sizes=\"auto, (max-width: 300px) 85vw, 300px\" \/><figcaption id=\"caption-attachment-532\" class=\"wp-caption-text\">Food Trucks Festival<\/figcaption><\/figure>\n<p>Le Brussels <strong>Food Truck Festival<\/strong> se d\u00e9roule depuis 2014 \u00e0 Bruxelles, maintenant sur le site de Tour &amp; Taxis. Une centaine de <strong>Food Trucks<\/strong> s\u00e9lectionn\u00e9s vous proposent des menus du monde entier dans un un esprit convivial.<\/p>\n<p>Le festival est aussi l&rsquo;occasion de remettre chaque ann\u00e9e les \u00ab\u00a0awards\u00a0\u00bb aux meilleurs <strong>food trucks<\/strong> : concept, d\u00e9co, gastronomie, &#8230; tous les crit\u00e8res sont pass\u00e9s en revue.<\/p>\n<p>Prochaine \u00e9dition : Brussels Food Trucks Festival 2018<\/p>\n<p>Site internet : <a href=\"http:\/\/www.europeanfoodtruckfestival.org\/\" target=\"_blank\" rel=\"noopener noreferrer\">Brussels Food Trucks Festival<\/a><\/p>\n<p>&nbsp;<\/p>\n","protected":false},"excerpt":{"rendered":"<p>Le Brussels Food Truck Festival se d\u00e9roule depuis 2014 \u00e0 Bruxelles, maintenant sur le site de Tour &amp; Taxis. Une centaine de Food Trucks s\u00e9lectionn\u00e9s vous proposent des menus du &hellip; <a href=\"https:\/\/www.festivals.be\/festivals-belgique\/festivals\/gastronomie\/food-truck-festival\/\" class=\"more-link\">Continuer la lecture<span class=\"screen-reader-text\"> de &laquo;&nbsp;Food Truck Festival&nbsp;&raquo;<\/span><\/a><\/p>\n","protected":false},"author":1,"featured_media":0,"parent":24,"menu_order":0,"comment_status":"closed","ping_status":"closed","template":"","meta":{"jetpack_post_was_ever_published":false,"footnotes":""},"class_list":["post-531","page","type-page","status-publish","hentry"],"aioseo_notices":[],"jetpack_sharing_enabled":true,"jetpack_shortlink":"https:\/\/wp.me\/P7Iv6j-8z","jetpack_likes_enabled":true,"jetpack-related-posts":[{"id":13,"url":"https:\/\/www.festivals.be\/festivals-belgique\/festivals\/","url_meta":{"origin":531,"position":0},"title":"Festivals","author":"Admin","date":"13 juillet 2016","format":false,"excerpt":"Tous les festivals en Belgique. Agenda des festivals en Belgique Senneffe\u00a0 Waterlol\u00a0 Rock system\u00a0 Un festival\u00a0 Belzik\u00a0 Listen\u00a0 La smalla\u00a0 Avril en ville\u00a0 Confluent jazz festival\u00a0 Forest Sounds\u00a0 Kikk\u00a0 Into the blue\u00a0 Vibrations \u00e0 Malmedy Le refuge\u00a0 Fiestacity verviers\u00a0 Brdcst - broadcast \u00e0 l' Ancienne Belgique\u00a0 Le jour le plus\u2026","rel":"","context":"Article similaire","block_context":{"text":"Article similaire","link":""},"img":{"alt_text":"","src":"","width":0,"height":0},"classes":[]},{"id":153,"url":"https:\/\/www.festivals.be\/festivals-belgique\/festivals\/gastronomie\/eat-brussels\/","url_meta":{"origin":531,"position":1},"title":"Eat! Brussels","author":"Admin","date":"5 septembre 2016","format":false,"excerpt":"Traditionnellement organis\u00e9 durant le mois de septembre dans le Parc Royal de Bruxelles, face au palais, le food festival Eat! est un concept unique qui permet aux amateurs de d\u00e9couvrir une multitude de go\u00fbts dans une ambiance festive. Le festival existe depuis 2012. L'id\u00e9e du festival culinaire Eat! : des\u2026","rel":"","context":"Article similaire","block_context":{"text":"Article similaire","link":""},"img":{"alt_text":"","src":"","width":0,"height":0},"classes":[]},{"id":701,"url":"https:\/\/www.festivals.be\/festivals-belgique\/liens\/","url_meta":{"origin":531,"position":2},"title":"Liens","author":"Admin","date":"17 d\u00e9cembre 2019","format":false,"excerpt":"Festivals Agenda des festivals en Belgique, infos pratiques et achat de tickets : Festivals Festivals Belgique Festivals Belgi\u00eb Festival Vlaanderen Festivals Vlaanderen Festival TV Festivals TV Festival TV Festivals TV Festivals Europe Festivals Europe Festivals Europe Concerts agenda Concerts Belgique Concerten Belgi\u00eb Concerten agenda Hotels, voyages et vacances Le plus\u2026","rel":"","context":"Article similaire","block_context":{"text":"Article similaire","link":""},"img":{"alt_text":"","src":"","width":0,"height":0},"classes":[]},{"id":381,"url":"https:\/\/www.festivals.be\/festivals-belgique\/festivals\/autres\/banad-festival\/","url_meta":{"origin":531,"position":3},"title":"BANAD Festival","author":"Admin","date":"9 mars 2017","format":false,"excerpt":"En mars 2017 a lieu la premi\u00e8re \u00e9dition de ce festival bruxellois de l'Art Nouveau et de l'Art D\u00e9co, anciennement la biennale Art Nouveau et Art D\u00e9co. Durant 15 jours de printemps diff\u00e9rents lieux de la Capitale ouvrent leurs portes pour accueillir visites, promenades \u00e0 pied et en v\u00e9lo, concerts,\u2026","rel":"","context":"Article similaire","block_context":{"text":"Article similaire","link":""},"img":{"alt_text":"","src":"","width":0,"height":0},"classes":[]},{"id":369,"url":"https:\/\/www.festivals.be\/festivals-belgique\/festivals\/musique\/jazz\/brussels-jazz-marathon\/","url_meta":{"origin":531,"position":4},"title":"Brussels Jazz Marathon","author":"Admin","date":"6 mars 2017","format":false,"excerpt":"Le Jazz Marathon de Bruxelles c'est depuis plus de 20 ans un rendez-vous incroyable qui plonge notre capitale dans une ambiance jazzy, des plus grandes places de la ville aux plus petits clubs et bars : plus de 150 concerts et plus de 450 groupes se succ\u00e8dent durant 3 jours.\u2026","rel":"","context":"Article similaire","block_context":{"text":"Article similaire","link":""},"img":{"alt_text":"Jazz Marathon","src":"https:\/\/i0.wp.com\/www.festivals.be\/festivals-belgique\/wp-content\/uploads\/2017\/03\/bjm16.generiek-218x300.png?resize=350%2C200","width":350,"height":200},"classes":[]},{"id":132,"url":"https:\/\/www.festivals.be\/festivals-belgique\/festivals\/musique\/rock-et-divers\/brussels-summer-festival\/","url_meta":{"origin":531,"position":5},"title":"Brussels Summer Festival","author":"Admin","date":"18 ao\u00fbt 2016","format":false,"excerpt":"Le Brussels Summer Festival, aussi connu sous le nom de \"BSF\" est le festival grand-public par excellence. De grand noms, de toutes les sc\u00e8nes, belges, fran\u00e7aises et internationales, ... se succ\u00e8dent pendant 10 jours dans diff\u00e9rents lieux de la capitale.","rel":"","context":"Article similaire","block_context":{"text":"Article similaire","link":""},"img":{"alt_text":"","src":"","width":0,"height":0},"classes":[]}],"_links":{"self":[{"href":"https:\/\/www.festivals.be\/festivals-belgique\/wp-json\/wp\/v2\/pages\/531","targetHints":{"allow":["GET"]}}],"collection":[{"href":"https:\/\/www.festivals.be\/festivals-belgique\/wp-json\/wp\/v2\/pages"}],"about":[{"href":"https:\/\/www.festivals.be\/festivals-belgique\/wp-json\/wp\/v2\/types\/page"}],"author":[{"embeddable":true,"href":"https:\/\/www.festivals.be\/festivals-belgique\/wp-json\/wp\/v2\/users\/1"}],"replies":[{"embeddable":true,"href":"https:\/\/www.festivals.be\/festivals-belgique\/wp-json\/wp\/v2\/comments?post=531"}],"version-history":[{"count":1,"href":"https:\/\/www.festivals.be\/festivals-belgique\/wp-json\/wp\/v2\/pages\/531\/revisions"}],"predecessor-version":[{"id":533,"href":"https:\/\/www.festivals.be\/festivals-belgique\/wp-json\/wp\/v2\/pages\/531\/revisions\/533"}],"up":[{"embeddable":true,"href":"https:\/\/www.festivals.be\/festivals-belgique\/wp-json\/wp\/v2\/pages\/24"}],"wp:attachment":[{"href":"https:\/\/www.festivals.be\/festivals-belgique\/wp-json\/wp\/v2\/media?parent=531"}],"curies":[{"name":"wp","href":"https:\/\/api.w.org\/{rel}","templated":true}]}}

<figure id="attachment_532" aria-describedby="caption-attachment-532" style="width: 300px" class="wp-caption alignleft"><img data-recalc-dims="1" loading="lazy" decoding="async" class="size-medium wp-image-532" src="https://i0.wp.com/www.festivals.be/festivals-belgique/wp-content/uploads/2017/05/Food-Truck-Festival-300x300.jpg?resize=300%2C300" alt="Food trucks festival" width="300" height="300" srcset="https://i0.wp.com/www.festivals.be/festivals-belgique/wp-content/uploads/2017/05/Food-Truck-Festival.jpg?resize=300%2C300&amp;ssl=1 300w, https://i0.wp.com/www.festivals.be/festivals-belgique/wp-content/uploads/2017/05/Food-Truck-Festival.jpg?resize=150%2C150&amp;ssl=1 150w, https://i0.wp.com/www.festivals.be/festivals-belgique/wp-content/uploads/2017/05/Food-Truck-Festival.jpg?resize=768%2C768&amp;ssl=1 768w, https://i0.wp.com/www.festivals.be/festivals-belgique/wp-content/uploads/2017/05/Food-Truck-Festival.jpg?w=800&amp;ssl=1 800w" sizes="auto, (max-width: 300px) 85vw, 300px" /><figcaption id="caption-attachment-532" class="wp-caption-text">Food Trucks Festival</figcaption></figure>
<p>Le Brussels <strong>Food Truck Festival</strong> se déroule depuis 2014 à Bruxelles, maintenant sur le site de Tour &amp; Taxis. Une centaine de <strong>Food Trucks</strong> sélectionnés vous proposent des menus du monde entier dans un un esprit convivial.</p>
<p>Le festival est aussi l&rsquo;occasion de remettre chaque année les « awards » aux meilleurs <strong>food trucks</strong> : concept, déco, gastronomie, &#8230; tous les critères sont passés en revue.</p>
<p>Prochaine édition : Brussels Food Trucks Festival 2018</p>
<p>Site internet : <a href="http://www.europeanfoodtruckfestival.org/" target="_blank" rel="noopener noreferrer">Brussels Food Trucks Festival</a></p>
<p>&nbsp;</p>

<p>Le Brussels Food Truck Festival se déroule depuis 2014 à Bruxelles, maintenant sur le site de Tour &amp; Taxis. Une centaine de Food Trucks sélectionnés vous proposent des menus du &hellip; <a href="https://www.festivals.be/festivals-belgique/festivals/gastronomie/food-truck-festival/" class="more-link">Continuer la lecture<span class="screen-reader-text"> de &laquo;&nbsp;Food Truck Festival&nbsp;&raquo;</span></a></p>

Tous les festivals en Belgique. Agenda des festivals en Belgique Senneffe  Waterlol  Rock system  Un festival  Belzik  Listen  La smalla  Avril en ville  Confluent jazz festival  Forest Sounds  Kikk  Into the blue  Vibrations à Malmedy Le refuge  Fiestacity verviers  Brdcst - broadcast à l' Ancienne Belgique  Le jour le plus…

Traditionnellement organisé durant le mois de septembre dans le Parc Royal de Bruxelles, face au palais, le food festival Eat! est un concept unique qui permet aux amateurs de découvrir une multitude de goûts dans une ambiance festive. Le festival existe depuis 2012. L'idée du festival culinaire Eat! : des…

17 décembre 2019

Festivals Agenda des festivals en Belgique, infos pratiques et achat de tickets : Festivals Festivals Belgique Festivals België Festival Vlaanderen Festivals Vlaanderen Festival TV Festivals TV Festival TV Festivals TV Festivals Europe Festivals Europe Festivals Europe Concerts agenda Concerts Belgique Concerten België Concerten agenda Hotels, voyages et vacances Le plus…

En mars 2017 a lieu la première édition de ce festival bruxellois de l'Art Nouveau et de l'Art Déco, anciennement la biennale Art Nouveau et Art Déco. Durant 15 jours de printemps différents lieux de la Capitale ouvrent leurs portes pour accueillir visites, promenades à pied et en vélo, concerts,…

Le Jazz Marathon de Bruxelles c'est depuis plus de 20 ans un rendez-vous incroyable qui plonge notre capitale dans une ambiance jazzy, des plus grandes places de la ville aux plus petits clubs et bars : plus de 150 concerts et plus de 450 groupes se succèdent durant 3 jours.…

18 août 2016

Le Brussels Summer Festival, aussi connu sous le nom de "BSF" est le festival grand-public par excellence. De grand noms, de toutes les scènes, belges, françaises et internationales, ... se succèdent pendant 10 jours dans différents lieux de la capitale.
