{"id":64,"date":"2016-07-13T21:39:15","date_gmt":"2016-07-13T19:39:15","guid":{"rendered":"http:\/\/www.festivals.be\/festivals-belgique\/?page_id=64"},"modified":"2017-05-03T20:16:05","modified_gmt":"2017-05-03T18:16:05","slug":"a-propos","status":"publish","type":"page","link":"https:\/\/www.festivals.be\/festivals-belgique\/a-propos\/","title":{"rendered":"A propos"},"content":{"rendered":"<h2>Festivals.be : n\u00b01 sur les Festivals en Belgique !<\/h2>\n<p>En ligne\u00a0depuis 2001, le site Festivals .be s&rsquo;est rapidement impos\u00e9 comme le premier site sur les festivals en Belgique. Avec des dizaines de milliers de pages vues et de visiteurs uniques par mois, il attire une grande partie de l&rsquo;audience des festivals et \u00e9v\u00e9nements musicaux et culturels dans notre pays. La version actuelle du site a \u00e9t\u00e9 publi\u00e9e en juillet 2016.<\/p>\n<p><strong>Festivals.be c&rsquo;est &#8230; <\/strong><\/p>\n<ul>\n<li>chaque ann\u00e9e plus de 500 dates de festivals dans l&rsquo;agenda des \u00e9v\u00e9nements<\/li>\n<li>des milliers de membres actifs et de followers<\/li>\n<li>des milliers de visiteurs envoy\u00e9s chaque jour vers les sites internet des festivals belges<\/li>\n<li>&#8230;<\/li>\n<\/ul>\n<p>Le site\u00a0Festivals.be &#8211; Festivals Belgique est \u00e9dit\u00e9 par Multimotion.<\/p>\n","protected":false},"excerpt":{"rendered":"<p>Festivals.be : n\u00b01 sur les Festivals en Belgique ! En ligne\u00a0depuis 2001, le site Festivals .be s&rsquo;est rapidement impos\u00e9 comme le premier site sur les festivals en Belgique. Avec des &hellip; <a href=\"https:\/\/www.festivals.be\/festivals-belgique\/a-propos\/\" class=\"more-link\">Continuer la lecture<span class=\"screen-reader-text\"> de &laquo;&nbsp;A propos&nbsp;&raquo;<\/span><\/a><\/p>\n","protected":false},"author":1,"featured_media":0,"parent":0,"menu_order":0,"comment_status":"closed","ping_status":"closed","template":"","meta":{"jetpack_post_was_ever_published":false,"footnotes":""},"class_list":["post-64","page","type-page","status-publish","hentry"],"aioseo_notices":[],"jetpack_sharing_enabled":true,"jetpack_shortlink":"https:\/\/wp.me\/P7Iv6j-12","jetpack_likes_enabled":true,"jetpack-related-posts":[{"id":175,"url":"https:\/\/www.festivals.be\/festivals-belgique\/festivals\/musique\/metal\/graspop-metal-meeting\/","url_meta":{"origin":64,"position":0},"title":"Graspop Metal Meeting","author":"Admin","date":"1 mars 2017","format":false,"excerpt":"Le Graspop Metal Meeting (ou Graspop)\u00a0est LE festival incontournable pour les fans de metal en Belgique. Chaque ann\u00e9e des dizaines de milliers de festivaliers arpentent les plaines du Graspop \u00e0 Dessel dans le Limbourg. De plus en plus de groupes, de plus en plus de sc\u00e8nes durant les 3 jours\u2026","rel":"","context":"Article similaire","block_context":{"text":"Article similaire","link":""},"img":{"alt_text":"","src":"","width":0,"height":0},"classes":[]},{"id":67,"url":"https:\/\/www.festivals.be\/festivals-belgique\/legal\/","url_meta":{"origin":64,"position":1},"title":"Legal","author":"Admin","date":"13 juillet 2016","format":false,"excerpt":"Notice l\u00e9gale importante Merci de lire attentivement cette notice l\u00e9gale avant de vous inscrire sur le site Festivals.be ou d'y communiquer des informations personnelles. Informations pour les visiteurs de Festivals Belgique \u2022 L'utilisation du site Festivals.be est r\u00e9serv\u00e9e aux personnes majeures (\u00e2g\u00e9es de plus de 18 ans) et qui r\u00e9sident\u2026","rel":"","context":"Article similaire","block_context":{"text":"Article similaire","link":""},"img":{"alt_text":"","src":"","width":0,"height":0},"classes":[]},{"id":411,"url":"https:\/\/www.festivals.be\/festivals-belgique\/festivals\/films-et-cinema\/festival-international-du-film-francophone\/","url_meta":{"origin":64,"position":2},"title":"Festival International du Film Francophone","author":"Admin","date":"23 mars 2017","format":false,"excerpt":"Le Festival International du Film Francophone de Namur, ou FIFF pour les intimes, existe depuis 1986. Il est reconnu et fr\u00e9quent\u00e9 par l'ensemble du monde du cin\u00e9ma francophone et chaque ann\u00e9e par des milliers de spectateurs. Les jurys du FIFF remettent dans diff\u00e9rentes cat\u00e9gories des \"Bayards\", prix destin\u00e9s \u00e0 r\u00e9compenser\u2026","rel":"","context":"Article similaire","block_context":{"text":"Article similaire","link":""},"img":{"alt_text":"FIFF","src":"https:\/\/i0.wp.com\/www.festivals.be\/festivals-belgique\/wp-content\/uploads\/2017\/03\/FIFF.png?resize=350%2C200","width":350,"height":200},"classes":[]},{"id":212,"url":"https:\/\/www.festivals.be\/festivals-belgique\/festivals\/musique\/rock-et-divers\/pukkelpop\/","url_meta":{"origin":64,"position":3},"title":"Pukkelpop","author":"Admin","date":"1 mars 2017","format":false,"excerpt":"Un des festivals de musique les plus attendu chaque ann\u00e9e ! Le Pukkelpop c'est 4 jours de folie et des dizaines de milliers de festivaliers qui se baladent entre de nombreuses sc\u00e8nes pour acclamer des artistes confirm\u00e9s ou des futures stars nationales et internationales. Du rock, de la pop, de\u2026","rel":"","context":"Article similaire","block_context":{"text":"Article similaire","link":""},"img":{"alt_text":"","src":"","width":0,"height":0},"classes":[]},{"id":191,"url":"https:\/\/www.festivals.be\/festivals-belgique\/festivals\/films-et-cinema\/festival-du-film-damour-de-mons\/","url_meta":{"origin":64,"position":4},"title":"Festival du Film d&rsquo;Amour de Mons","author":"Admin","date":"1 mars 2017","format":false,"excerpt":"Le Festival International du Film d'Amour de Mons est aussi connu sous le nom de FIFA. Il se tient chaque ann\u00e9e dans la cit\u00e9e du Doudou aux alentours de ... la Saint Valentin bien s\u00fbr ! Le festival se d\u00e9roule durant une semaine et accueille des films du monde entier.\u2026","rel":"","context":"Article similaire","block_context":{"text":"Article similaire","link":""},"img":{"alt_text":"","src":"","width":0,"height":0},"classes":[]},{"id":392,"url":"https:\/\/www.festivals.be\/festivals-belgique\/festivals\/musique\/electro-et-dance\/listen-festival\/","url_meta":{"origin":64,"position":5},"title":"Listen Festival","author":"Admin","date":"9 mars 2017","format":false,"excerpt":"Avec sa premi\u00e8re \u00e9dition r\u00e9ussie en 2016 avec des milliers de festivaliers, le festival Listen ! est le nouveau venu des festivals \u00e9lectro \u00e0 Bruxelles. Durant 3 jours, des DJs se succ\u00e8dent sur plusieurs sc\u00e8nes majeures de la capitale pour animer cet \u00e9v\u00e9nement qui se veut celui des \"musiques du\u2026","rel":"","context":"Article similaire","block_context":{"text":"Article similaire","link":""},"img":{"alt_text":"Listen Festival","src":"https:\/\/i0.wp.com\/www.festivals.be\/festivals-belgique\/wp-content\/uploads\/2017\/03\/layer4A-300x300.png?resize=350%2C200","width":350,"height":200},"classes":[]}],"_links":{"self":[{"href":"https:\/\/www.festivals.be\/festivals-belgique\/wp-json\/wp\/v2\/pages\/64","targetHints":{"allow":["GET"]}}],"collection":[{"href":"https:\/\/www.festivals.be\/festivals-belgique\/wp-json\/wp\/v2\/pages"}],"about":[{"href":"https:\/\/www.festivals.be\/festivals-belgique\/wp-json\/wp\/v2\/types\/page"}],"author":[{"embeddable":true,"href":"https:\/\/www.festivals.be\/festivals-belgique\/wp-json\/wp\/v2\/users\/1"}],"replies":[{"embeddable":true,"href":"https:\/\/www.festivals.be\/festivals-belgique\/wp-json\/wp\/v2\/comments?post=64"}],"version-history":[{"count":2,"href":"https:\/\/www.festivals.be\/festivals-belgique\/wp-json\/wp\/v2\/pages\/64\/revisions"}],"predecessor-version":[{"id":510,"href":"https:\/\/www.festivals.be\/festivals-belgique\/wp-json\/wp\/v2\/pages\/64\/revisions\/510"}],"wp:attachment":[{"href":"https:\/\/www.festivals.be\/festivals-belgique\/wp-json\/wp\/v2\/media?parent=64"}],"curies":[{"name":"wp","href":"https:\/\/api.w.org\/{rel}","templated":true}]}}