{"id":77,"date":"2016-07-13T22:34:30","date_gmt":"2016-07-13T20:34:30","guid":{"rendered":"http:\/\/www.festivals.be\/festivals-belgique\/?page_id=77"},"modified":"2016-07-13T22:34:52","modified_gmt":"2016-07-13T20:34:52","slug":"archives","status":"publish","type":"page","link":"https:\/\/www.festivals.be\/festivals-belgique\/festivals\/archives\/","title":{"rendered":"Archives"},"content":{"rendered":"<p>Vous trouverez dans cette rubrique des infos sur les festivals qui ne sont plus organis\u00e9s ou qui ont chang\u00e9 de nom, de formule etc.<\/p>\n<p>Cette rubrique n&rsquo;est pas class\u00e9e par sous-cat\u00e9gories.<\/p>\n","protected":false},"excerpt":{"rendered":"<p>Vous trouverez dans cette rubrique des infos sur les festivals qui ne sont plus organis\u00e9s ou qui ont chang\u00e9 de nom, de formule etc. Cette rubrique n&rsquo;est pas class\u00e9e par &hellip; <a href=\"https:\/\/www.festivals.be\/festivals-belgique\/festivals\/archives\/\" class=\"more-link\">Continuer la lecture<span class=\"screen-reader-text\"> de &laquo;&nbsp;Archives&nbsp;&raquo;<\/span><\/a><\/p>\n","protected":false},"author":1,"featured_media":0,"parent":13,"menu_order":0,"comment_status":"closed","ping_status":"closed","template":"","meta":{"jetpack_post_was_ever_published":false,"footnotes":""},"class_list":["post-77","page","type-page","status-publish","hentry"],"aioseo_notices":[],"jetpack_sharing_enabled":true,"jetpack_shortlink":"https:\/\/wp.me\/P7Iv6j-1f","jetpack_likes_enabled":true,"jetpack-related-posts":[],"_links":{"self":[{"href":"https:\/\/www.festivals.be\/festivals-belgique\/wp-json\/wp\/v2\/pages\/77","targetHints":{"allow":["GET"]}}],"collection":[{"href":"https:\/\/www.festivals.be\/festivals-belgique\/wp-json\/wp\/v2\/pages"}],"about":[{"href":"https:\/\/www.festivals.be\/festivals-belgique\/wp-json\/wp\/v2\/types\/page"}],"author":[{"embeddable":true,"href":"https:\/\/www.festivals.be\/festivals-belgique\/wp-json\/wp\/v2\/users\/1"}],"replies":[{"embeddable":true,"href":"https:\/\/www.festivals.be\/festivals-belgique\/wp-json\/wp\/v2\/comments?post=77"}],"version-history":[{"count":1,"href":"https:\/\/www.festivals.be\/festivals-belgique\/wp-json\/wp\/v2\/pages\/77\/revisions"}],"predecessor-version":[{"id":79,"href":"https:\/\/www.festivals.be\/festivals-belgique\/wp-json\/wp\/v2\/pages\/77\/revisions\/79"}],"up":[{"embeddable":true,"href":"https:\/\/www.festivals.be\/festivals-belgique\/wp-json\/wp\/v2\/pages\/13"}],"wp:attachment":[{"href":"https:\/\/www.festivals.be\/festivals-belgique\/wp-json\/wp\/v2\/media?parent=77"}],"curies":[{"name":"wp","href":"https:\/\/api.w.org\/{rel}","templated":true}]}}

<p>Vous trouverez dans cette rubrique des infos sur les festivals qui ne sont plus organisés ou qui ont changé de nom, de formule etc.</p>
<p>Cette rubrique n&rsquo;est pas classée par sous-catégories.</p>

<p>Vous trouverez dans cette rubrique des infos sur les festivals qui ne sont plus organisés ou qui ont changé de nom, de formule etc. Cette rubrique n&rsquo;est pas classée par &hellip; <a href="https://www.festivals.be/festivals-belgique/festivals/archives/" class="more-link">Continuer la lecture<span class="screen-reader-text"> de &laquo;&nbsp;Archives&nbsp;&raquo;</span></a></p>
