{"id":288,"date":"2017-03-02T15:57:12","date_gmt":"2017-03-02T14:57:12","guid":{"rendered":"http:\/\/www.festivals.be\/festivals-belgique\/?post_type=tribe_events&#038;p=288"},"modified":"2017-03-03T22:01:23","modified_gmt":"2017-03-03T21:01:23","slug":"gent-jazz-2017","status":"publish","type":"tribe_events","link":"https:\/\/www.festivals.be\/festivals-belgique\/event\/gent-jazz-2017\/","title":{"rendered":"Gent Jazz 2017"},"content":{"rendered":"<p>Organis\u00e9 chaque ann\u00e9e \u00e0 <strong>Gand<\/strong> dans les jardins du Bijloke, le <a href=\"http:\/\/www.festivals.be\/festivals-belgique\/festivals\/musique\/jazz\/gent-jazz\/\">Gent Jazz festival<\/a> pr\u00e9sente avec le label Blue Note, des artistes confirm\u00e9s du monde entier.<\/p>\n<p>Un des temps forts des festivals de jazz en Belgique.<\/p>\n","protected":false},"excerpt":{"rendered":"<p>Organis\u00e9 chaque ann\u00e9e \u00e0 Gand dans les jardins du Bijloke, le Gent Jazz festival pr\u00e9sente avec le label Blue Note, des artistes confirm\u00e9s du monde entier. Un des temps forts &hellip; <a href=\"https:\/\/www.festivals.be\/festivals-belgique\/event\/gent-jazz-2017\/\" class=\"more-link\">Continuer la lecture<span class=\"screen-reader-text\"> de &laquo;&nbsp;Gent Jazz 2017&nbsp;&raquo;<\/span><\/a><\/p>\n","protected":false},"author":1,"featured_media":0,"comment_status":"open","ping_status":"closed","template":"","meta":{"jetpack_post_was_ever_published":false,"_tribe_events_status":"","_tribe_events_status_reason":"","footnotes":""},"tags":[21,28,34],"tribe_events_cat":[7],"class_list":["post-288","tribe_events","type-tribe_events","status-publish","hentry","tag-21","tag-gand","tag-jazz","tribe_events_cat-musique","cat_musique"],"aioseo_notices":[],"jetpack_sharing_enabled":true,"jetpack_likes_enabled":true,"_links":{"self":[{"href":"https:\/\/www.festivals.be\/festivals-belgique\/wp-json\/wp\/v2\/tribe_events\/288","targetHints":{"allow":["GET"]}}],"collection":[{"href":"https:\/\/www.festivals.be\/festivals-belgique\/wp-json\/wp\/v2\/tribe_events"}],"about":[{"href":"https:\/\/www.festivals.be\/festivals-belgique\/wp-json\/wp\/v2\/types\/tribe_events"}],"author":[{"embeddable":true,"href":"https:\/\/www.festivals.be\/festivals-belgique\/wp-json\/wp\/v2\/users\/1"}],"replies":[{"embeddable":true,"href":"https:\/\/www.festivals.be\/festivals-belgique\/wp-json\/wp\/v2\/comments?post=288"}],"version-history":[{"count":1,"href":"https:\/\/www.festivals.be\/festivals-belgique\/wp-json\/wp\/v2\/tribe_events\/288\/revisions"}],"predecessor-version":[{"id":289,"href":"https:\/\/www.festivals.be\/festivals-belgique\/wp-json\/wp\/v2\/tribe_events\/288\/revisions\/289"}],"wp:attachment":[{"href":"https:\/\/www.festivals.be\/festivals-belgique\/wp-json\/wp\/v2\/media?parent=288"}],"wp:term":[{"taxonomy":"post_tag","embeddable":true,"href":"https:\/\/www.festivals.be\/festivals-belgique\/wp-json\/wp\/v2\/tags?post=288"},{"taxonomy":"tribe_events_cat","embeddable":true,"href":"https:\/\/www.festivals.be\/festivals-belgique\/wp-json\/wp\/v2\/tribe_events_cat?post=288"}],"curies":[{"name":"wp","href":"https:\/\/api.w.org\/{rel}","templated":true}]}}

<p>Organisé chaque année à <strong>Gand</strong> dans les jardins du Bijloke, le <a href="http://www.festivals.be/festivals-belgique/festivals/musique/jazz/gent-jazz/">Gent Jazz festival</a> présente avec le label Blue Note, des artistes confirmés du monde entier.</p>
<p>Un des temps forts des festivals de jazz en Belgique.</p>

<p>Organisé chaque année à Gand dans les jardins du Bijloke, le Gent Jazz festival présente avec le label Blue Note, des artistes confirmés du monde entier. Un des temps forts &hellip; <a href="https://www.festivals.be/festivals-belgique/event/gent-jazz-2017/" class="more-link">Continuer la lecture<span class="screen-reader-text"> de &laquo;&nbsp;Gent Jazz 2017&nbsp;&raquo;</span></a></p>
