{"id":356,"date":"2017-03-03T22:50:57","date_gmt":"2017-03-03T21:50:57","guid":{"rendered":"http:\/\/www.festivals.be\/festivals-belgique\/?post_type=tribe_events&#038;p=356"},"modified":"2017-05-03T17:59:06","modified_gmt":"2017-05-03T15:59:06","slug":"jamin-jette-2017","status":"publish","type":"tribe_events","link":"https:\/\/www.festivals.be\/festivals-belgique\/event\/jamin-jette-2017\/","title":{"rendered":"Jam&rsquo;in Jette 2017"},"content":{"rendered":"<figure style=\"width: 663px\" class=\"wp-caption alignnone\"><a href=\"http:\/\/www.festivals.be\/festivals-belgique\/festivals\/musique\/musique-du-monde\/jamin-jette\/\"><img data-recalc-dims=\"1\" loading=\"lazy\" decoding=\"async\" class=\"size-medium\" src=\"https:\/\/i0.wp.com\/jaminjette.be\/wp-content\/uploads\/2017\/02\/13243949_585689461598928_7638618773152824583_o-e1486308730711.jpg?resize=663%2C663\" alt=\"Jam'in Jette\" width=\"663\" height=\"663\" \/><\/a><figcaption class=\"wp-caption-text\">Jam&rsquo;in Jette<\/figcaption><\/figure>\n<p>Le <strong>festival gratuit<\/strong> <a href=\"http:\/\/www.festivals.be\/festivals-belgique\/festivals\/musique\/musique-du-monde\/jamin-jette\/\">Jam&rsquo;in Jette<\/a> se d\u00e9roulera pour la premi\u00e8re fois sur deux jours. Il accueille comme chaque ann\u00e9e depuis environ 10 ans des groupes de musiques du monde.<\/p>\n","protected":false},"excerpt":{"rendered":"<p>Le festival gratuit Jam&rsquo;in Jette se d\u00e9roulera pour la premi\u00e8re fois sur deux jours. Il accueille comme chaque ann\u00e9e depuis environ 10 ans des groupes de musiques du monde.<\/p>\n","protected":false},"author":1,"featured_media":0,"comment_status":"open","ping_status":"closed","template":"","meta":{"jetpack_post_was_ever_published":false,"_tribe_events_status":"","_tribe_events_status_reason":"","footnotes":""},"tags":[21,38,24],"tribe_events_cat":[7],"class_list":["post-356","tribe_events","type-tribe_events","status-publish","hentry","tag-21","tag-bruxelles","tag-musique-du-monde","tribe_events_cat-musique","cat_musique"],"aioseo_notices":[],"jetpack_sharing_enabled":true,"jetpack_likes_enabled":true,"_links":{"self":[{"href":"https:\/\/www.festivals.be\/festivals-belgique\/wp-json\/wp\/v2\/tribe_events\/356","targetHints":{"allow":["GET"]}}],"collection":[{"href":"https:\/\/www.festivals.be\/festivals-belgique\/wp-json\/wp\/v2\/tribe_events"}],"about":[{"href":"https:\/\/www.festivals.be\/festivals-belgique\/wp-json\/wp\/v2\/types\/tribe_events"}],"author":[{"embeddable":true,"href":"https:\/\/www.festivals.be\/festivals-belgique\/wp-json\/wp\/v2\/users\/1"}],"replies":[{"embeddable":true,"href":"https:\/\/www.festivals.be\/festivals-belgique\/wp-json\/wp\/v2\/comments?post=356"}],"version-history":[{"count":2,"href":"https:\/\/www.festivals.be\/festivals-belgique\/wp-json\/wp\/v2\/tribe_events\/356\/revisions"}],"predecessor-version":[{"id":493,"href":"https:\/\/www.festivals.be\/festivals-belgique\/wp-json\/wp\/v2\/tribe_events\/356\/revisions\/493"}],"wp:attachment":[{"href":"https:\/\/www.festivals.be\/festivals-belgique\/wp-json\/wp\/v2\/media?parent=356"}],"wp:term":[{"taxonomy":"post_tag","embeddable":true,"href":"https:\/\/www.festivals.be\/festivals-belgique\/wp-json\/wp\/v2\/tags?post=356"},{"taxonomy":"tribe_events_cat","embeddable":true,"href":"https:\/\/www.festivals.be\/festivals-belgique\/wp-json\/wp\/v2\/tribe_events_cat?post=356"}],"curies":[{"name":"wp","href":"https:\/\/api.w.org\/{rel}","templated":true}]}}

<figure style="width: 663px" class="wp-caption alignnone"><a href="http://www.festivals.be/festivals-belgique/festivals/musique/musique-du-monde/jamin-jette/"><img data-recalc-dims="1" loading="lazy" decoding="async" class="size-medium" src="https://i0.wp.com/jaminjette.be/wp-content/uploads/2017/02/13243949_585689461598928_7638618773152824583_o-e1486308730711.jpg?resize=663%2C663" alt="Jam'in Jette" width="663" height="663" /></a><figcaption class="wp-caption-text">Jam&rsquo;in Jette</figcaption></figure>
<p>Le <strong>festival gratuit</strong> <a href="http://www.festivals.be/festivals-belgique/festivals/musique/musique-du-monde/jamin-jette/">Jam&rsquo;in Jette</a> se déroulera pour la première fois sur deux jours. Il accueille comme chaque année depuis environ 10 ans des groupes de musiques du monde.</p>

<p>Le festival gratuit Jam&rsquo;in Jette se déroulera pour la première fois sur deux jours. Il accueille comme chaque année depuis environ 10 ans des groupes de musiques du monde.</p>
