{"id":431,"date":"2017-03-23T13:34:09","date_gmt":"2017-03-23T12:34:09","guid":{"rendered":"http:\/\/www.festivals.be\/festivals-belgique\/?post_type=tribe_events&#038;p=431"},"modified":"2017-03-23T13:35:06","modified_gmt":"2017-03-23T12:35:06","slug":"la-caravane-du-court-2017","status":"publish","type":"tribe_events","link":"https:\/\/www.festivals.be\/festivals-belgique\/event\/la-caravane-du-court-2017\/","title":{"rendered":"La Caravane du Court 2017"},"content":{"rendered":"<figure id=\"attachment_429\" aria-describedby=\"caption-attachment-429\" style=\"width: 300px\" class=\"wp-caption alignleft\"><img data-recalc-dims=\"1\" loading=\"lazy\" decoding=\"async\" class=\"size-medium wp-image-429\" src=\"https:\/\/i0.wp.com\/www.festivals.be\/festivals-belgique\/wp-content\/uploads\/2017\/03\/caravane-logo-black_reference-300x75.jpg?resize=300%2C75\" alt=\"Caravane du court\" width=\"300\" height=\"75\" srcset=\"https:\/\/i0.wp.com\/www.festivals.be\/festivals-belgique\/wp-content\/uploads\/2017\/03\/caravane-logo-black_reference.jpg?resize=300%2C75&amp;ssl=1 300w, https:\/\/i0.wp.com\/www.festivals.be\/festivals-belgique\/wp-content\/uploads\/2017\/03\/caravane-logo-black_reference.jpg?w=548&amp;ssl=1 548w\" sizes=\"auto, (max-width: 300px) 85vw, 300px\" \/><figcaption id=\"caption-attachment-429\" class=\"wp-caption-text\">La Caravane du Court<\/figcaption><\/figure>\n<p><a href=\"http:\/\/www.festivals.be\/festivals-belgique\/festivals\/films-et-cinema\/la-caravane-du-court\/\"><strong>La Caravane du Court<\/strong><\/a> est un festival itin\u00e9rant dans trois provinces walonnes : Namur, Li\u00e8ge et Luxembourg. Le festival est organis\u00e9 en collaboration avec le bureau d&rsquo;accueil des tournages CLAP! et les provinces de Namur, Li\u00e8ge et Luxembourg.<\/p>\n<p>Il s&rsquo;agit de la projection lors d&rsquo;une\u00a0soir\u00e9e par ville de courts m\u00e9trages belges, en pr\u00e9sence des r\u00e9alisateurs.<\/p>\n<p>Voici l&rsquo;agenda des projections pour cette ann\u00e9e 2017 :<\/p>\n<ul>\n<li>13 mars &#8211; Soir\u00e9e d\u2019ouverture &#8211; Cin\u00e9ma Cam\u00e9o de Namur (04 222 27 78)<\/li>\n<li>14 mars &#8211; Centre culturel de Gembloux (081 61 38 38)<\/li>\n<li>15 mars &#8211; Cin\u00e9 Chaplin de Nismes (Viroinval) (060 31 35 33)<\/li>\n<li>16 mars &#8211; Centre culturel de Rochefort (084 22 13 76)<\/li>\n<li>17 mars &#8211; Cin\u00e9ma Cam\u00e9o de Tamines (071 71 10 71)<\/li>\n<li>20 mars &#8211; Cin\u00e9ma Le Foyer de Habay-la-Vieille (063 42 41 07)<\/li>\n<li>21 mars &#8211; Cin\u00e9PointCom de Marche (084 31 45 18)<\/li>\n<li>22 mars &#8211; Cin\u00e9 de Bouillon (061 46 63 22)<\/li>\n<li>23 mars &#8211; Cin\u00e9 Patria de Virton (063 57 81 04)<\/li>\n<li>27 mars \u2013 Cin\u00e9ma Movie Mills de Malm\u00e9dy (080 87 00 00)<\/li>\n<li>28 mars \u2013 Centre culturel de Verviers (087 39 30 60)<\/li>\n<li>29 mars \u2013 Centre culturel de Jupille (04 370 16 80)<\/li>\n<li>30 mars \u2013 P\u00f4le Image de Li\u00e8ge\u00a0\u2013 Soir\u00e9e de cl\u00f4ture 04 266 98 33)<\/li>\n<\/ul>\n<p>&nbsp;<\/p>\n","protected":false},"excerpt":{"rendered":"<p>La Caravane du Court est un festival itin\u00e9rant dans trois provinces walonnes : Namur, Li\u00e8ge et Luxembourg. Le festival est organis\u00e9 en collaboration avec le bureau d&rsquo;accueil des tournages CLAP! &hellip; <a href=\"https:\/\/www.festivals.be\/festivals-belgique\/event\/la-caravane-du-court-2017\/\" class=\"more-link\">Continuer la lecture<span class=\"screen-reader-text\"> de &laquo;&nbsp;La Caravane du Court 2017&nbsp;&raquo;<\/span><\/a><\/p>\n","protected":false},"author":1,"featured_media":0,"comment_status":"open","ping_status":"closed","template":"","meta":{"jetpack_post_was_ever_published":false,"_tribe_events_status":"","_tribe_events_status_reason":"","footnotes":""},"tags":[21,44,23,29],"tribe_events_cat":[4],"class_list":["post-431","tribe_events","type-tribe_events","status-publish","hentry","tag-21","tag-court-metrage","tag-films","tag-namur","tribe_events_cat-films","cat_films"],"aioseo_notices":[],"jetpack_sharing_enabled":true,"jetpack_likes_enabled":true,"_links":{"self":[{"href":"https:\/\/www.festivals.be\/festivals-belgique\/wp-json\/wp\/v2\/tribe_events\/431","targetHints":{"allow":["GET"]}}],"collection":[{"href":"https:\/\/www.festivals.be\/festivals-belgique\/wp-json\/wp\/v2\/tribe_events"}],"about":[{"href":"https:\/\/www.festivals.be\/festivals-belgique\/wp-json\/wp\/v2\/types\/tribe_events"}],"author":[{"embeddable":true,"href":"https:\/\/www.festivals.be\/festivals-belgique\/wp-json\/wp\/v2\/users\/1"}],"replies":[{"embeddable":true,"href":"https:\/\/www.festivals.be\/festivals-belgique\/wp-json\/wp\/v2\/comments?post=431"}],"version-history":[{"count":2,"href":"https:\/\/www.festivals.be\/festivals-belgique\/wp-json\/wp\/v2\/tribe_events\/431\/revisions"}],"predecessor-version":[{"id":433,"href":"https:\/\/www.festivals.be\/festivals-belgique\/wp-json\/wp\/v2\/tribe_events\/431\/revisions\/433"}],"wp:attachment":[{"href":"https:\/\/www.festivals.be\/festivals-belgique\/wp-json\/wp\/v2\/media?parent=431"}],"wp:term":[{"taxonomy":"post_tag","embeddable":true,"href":"https:\/\/www.festivals.be\/festivals-belgique\/wp-json\/wp\/v2\/tags?post=431"},{"taxonomy":"tribe_events_cat","embeddable":true,"href":"https:\/\/www.festivals.be\/festivals-belgique\/wp-json\/wp\/v2\/tribe_events_cat?post=431"}],"curies":[{"name":"wp","href":"https:\/\/api.w.org\/{rel}","templated":true}]}}

<figure id="attachment_429" aria-describedby="caption-attachment-429" style="width: 300px" class="wp-caption alignleft"><img data-recalc-dims="1" loading="lazy" decoding="async" class="size-medium wp-image-429" src="https://i0.wp.com/www.festivals.be/festivals-belgique/wp-content/uploads/2017/03/caravane-logo-black_reference-300x75.jpg?resize=300%2C75" alt="Caravane du court" width="300" height="75" srcset="https://i0.wp.com/www.festivals.be/festivals-belgique/wp-content/uploads/2017/03/caravane-logo-black_reference.jpg?resize=300%2C75&amp;ssl=1 300w, https://i0.wp.com/www.festivals.be/festivals-belgique/wp-content/uploads/2017/03/caravane-logo-black_reference.jpg?w=548&amp;ssl=1 548w" sizes="auto, (max-width: 300px) 85vw, 300px" /><figcaption id="caption-attachment-429" class="wp-caption-text">La Caravane du Court</figcaption></figure>
<p><a href="http://www.festivals.be/festivals-belgique/festivals/films-et-cinema/la-caravane-du-court/"><strong>La Caravane du Court</strong></a> est un festival itinérant dans trois provinces walonnes : Namur, Liège et Luxembourg. Le festival est organisé en collaboration avec le bureau d&rsquo;accueil des tournages CLAP! et les provinces de Namur, Liège et Luxembourg.</p>
<p>Il s&rsquo;agit de la projection lors d&rsquo;une soirée par ville de courts métrages belges, en présence des réalisateurs.</p>
<p>Voici l&rsquo;agenda des projections pour cette année 2017 :</p>
<ul>
<li>13 mars &#8211; Soirée d’ouverture &#8211; Cinéma Caméo de Namur (04 222 27 78)</li>
<li>14 mars &#8211; Centre culturel de Gembloux (081 61 38 38)</li>
<li>15 mars &#8211; Ciné Chaplin de Nismes (Viroinval) (060 31 35 33)</li>
<li>16 mars &#8211; Centre culturel de Rochefort (084 22 13 76)</li>
<li>17 mars &#8211; Cinéma Caméo de Tamines (071 71 10 71)</li>
<li>20 mars &#8211; Cinéma Le Foyer de Habay-la-Vieille (063 42 41 07)</li>
<li>21 mars &#8211; CinéPointCom de Marche (084 31 45 18)</li>
<li>22 mars &#8211; Ciné de Bouillon (061 46 63 22)</li>
<li>23 mars &#8211; Ciné Patria de Virton (063 57 81 04)</li>
<li>27 mars – Cinéma Movie Mills de Malmédy (080 87 00 00)</li>
<li>28 mars – Centre culturel de Verviers (087 39 30 60)</li>
<li>29 mars – Centre culturel de Jupille (04 370 16 80)</li>
<li>30 mars – Pôle Image de Liège – Soirée de clôture 04 266 98 33)</li>
</ul>
<p>&nbsp;</p>

<p>La Caravane du Court est un festival itinérant dans trois provinces walonnes : Namur, Liège et Luxembourg. Le festival est organisé en collaboration avec le bureau d&rsquo;accueil des tournages CLAP! &hellip; <a href="https://www.festivals.be/festivals-belgique/event/la-caravane-du-court-2017/" class="more-link">Continuer la lecture<span class="screen-reader-text"> de &laquo;&nbsp;La Caravane du Court 2017&nbsp;&raquo;</span></a></p>
