{"id":452,"date":"2017-03-23T14:24:18","date_gmt":"2017-03-23T13:24:18","guid":{"rendered":"http:\/\/www.festivals.be\/festivals-belgique\/?post_type=tribe_events&#038;p=452"},"modified":"2017-03-23T14:26:30","modified_gmt":"2017-03-23T13:26:30","slug":"belzik-2017","status":"publish","type":"tribe_events","link":"https:\/\/www.festivals.be\/festivals-belgique\/event\/belzik-2017\/","title":{"rendered":"Bel&rsquo;zik 2017"},"content":{"rendered":"<figure id=\"attachment_447\" aria-describedby=\"caption-attachment-447\" style=\"width: 220px\" class=\"wp-caption alignleft\"><img data-recalc-dims=\"1\" loading=\"lazy\" decoding=\"async\" class=\"size-full wp-image-447\" src=\"https:\/\/i0.wp.com\/www.festivals.be\/festivals-belgique\/wp-content\/uploads\/2017\/03\/logoBelzik.png?resize=220%2C159\" alt=\"Belzik\" width=\"220\" height=\"159\" \/><figcaption id=\"caption-attachment-447\" class=\"wp-caption-text\">Belzik festival \u00e0 Herve<\/figcaption><\/figure>\n<p>Le <strong>festival <a href=\"http:\/\/www.festivals.be\/festivals-belgique\/festivals\/musique\/rock-et-divers\/belzik\/\">Bel\u2019Zik<\/a><\/strong> se d\u00e9roule \u00e0 <strong>Herve<\/strong> sur 4 jours. Pendant ce long weekend le festival accueille des artistes rock et de chanson fran\u00e7aise \u00ab\u00a0grand public\u00a0\u00bb et se veut un \u00e9v\u00e9nement tr\u00e8s familial. L\u2019entr\u00e9e est gratuite pour les enfants de moins de 10 ans.<\/p>\n<p>La premi\u00e8re \u00e9dition du festival a eu lieu en 2004.<\/p>\n<p>Le programme du samedi se veut 100% belge et dans la tendance ROCK !<\/p>\n<p>&nbsp;<\/p>\n","protected":false},"excerpt":{"rendered":"<p>Le festival Bel\u2019Zik se d\u00e9roule \u00e0 Herve sur 4 jours. Pendant ce long weekend le festival accueille des artistes rock et de chanson fran\u00e7aise \u00ab\u00a0grand public\u00a0\u00bb et se veut un &hellip; <a href=\"https:\/\/www.festivals.be\/festivals-belgique\/event\/belzik-2017\/\" class=\"more-link\">Continuer la lecture<span class=\"screen-reader-text\"> de &laquo;&nbsp;Bel&rsquo;zik 2017&nbsp;&raquo;<\/span><\/a><\/p>\n","protected":false},"author":1,"featured_media":0,"comment_status":"open","ping_status":"closed","template":"","meta":{"jetpack_post_was_ever_published":false,"_tribe_events_status":"","_tribe_events_status_reason":"","footnotes":""},"tags":[21,48,49,47],"tribe_events_cat":[7],"class_list":["post-452","tribe_events","type-tribe_events","status-publish","hentry","tag-21","tag-chanson-francaise","tag-famille","tag-herve","tribe_events_cat-musique","cat_musique"],"aioseo_notices":[],"jetpack_sharing_enabled":true,"jetpack_likes_enabled":true,"_links":{"self":[{"href":"https:\/\/www.festivals.be\/festivals-belgique\/wp-json\/wp\/v2\/tribe_events\/452","targetHints":{"allow":["GET"]}}],"collection":[{"href":"https:\/\/www.festivals.be\/festivals-belgique\/wp-json\/wp\/v2\/tribe_events"}],"about":[{"href":"https:\/\/www.festivals.be\/festivals-belgique\/wp-json\/wp\/v2\/types\/tribe_events"}],"author":[{"embeddable":true,"href":"https:\/\/www.festivals.be\/festivals-belgique\/wp-json\/wp\/v2\/users\/1"}],"replies":[{"embeddable":true,"href":"https:\/\/www.festivals.be\/festivals-belgique\/wp-json\/wp\/v2\/comments?post=452"}],"version-history":[{"count":3,"href":"https:\/\/www.festivals.be\/festivals-belgique\/wp-json\/wp\/v2\/tribe_events\/452\/revisions"}],"predecessor-version":[{"id":455,"href":"https:\/\/www.festivals.be\/festivals-belgique\/wp-json\/wp\/v2\/tribe_events\/452\/revisions\/455"}],"wp:attachment":[{"href":"https:\/\/www.festivals.be\/festivals-belgique\/wp-json\/wp\/v2\/media?parent=452"}],"wp:term":[{"taxonomy":"post_tag","embeddable":true,"href":"https:\/\/www.festivals.be\/festivals-belgique\/wp-json\/wp\/v2\/tags?post=452"},{"taxonomy":"tribe_events_cat","embeddable":true,"href":"https:\/\/www.festivals.be\/festivals-belgique\/wp-json\/wp\/v2\/tribe_events_cat?post=452"}],"curies":[{"name":"wp","href":"https:\/\/api.w.org\/{rel}","templated":true}]}}

<figure id="attachment_447" aria-describedby="caption-attachment-447" style="width: 220px" class="wp-caption alignleft"><img data-recalc-dims="1" loading="lazy" decoding="async" class="size-full wp-image-447" src="https://i0.wp.com/www.festivals.be/festivals-belgique/wp-content/uploads/2017/03/logoBelzik.png?resize=220%2C159" alt="Belzik" width="220" height="159" /><figcaption id="caption-attachment-447" class="wp-caption-text">Belzik festival à Herve</figcaption></figure>
<p>Le <strong>festival <a href="http://www.festivals.be/festivals-belgique/festivals/musique/rock-et-divers/belzik/">Bel’Zik</a></strong> se déroule à <strong>Herve</strong> sur 4 jours. Pendant ce long weekend le festival accueille des artistes rock et de chanson française « grand public » et se veut un événement très familial. L’entrée est gratuite pour les enfants de moins de 10 ans.</p>
<p>La première édition du festival a eu lieu en 2004.</p>
<p>Le programme du samedi se veut 100% belge et dans la tendance ROCK !</p>
<p>&nbsp;</p>

<p>Le festival Bel’Zik se déroule à Herve sur 4 jours. Pendant ce long weekend le festival accueille des artistes rock et de chanson française « grand public » et se veut un &hellip; <a href="https://www.festivals.be/festivals-belgique/event/belzik-2017/" class="more-link">Continuer la lecture<span class="screen-reader-text"> de &laquo;&nbsp;Bel&rsquo;zik 2017&nbsp;&raquo;</span></a></p>
