{"id":486,"date":"2017-04-27T15:55:46","date_gmt":"2017-04-27T13:55:46","guid":{"rendered":"http:\/\/www.festivals.be\/festivals-belgique\/?post_type=tribe_events&#038;p=486"},"modified":"2017-04-27T15:55:46","modified_gmt":"2017-04-27T13:55:46","slug":"festival-du-rire-de-rochefort-2017","status":"publish","type":"tribe_events","link":"https:\/\/www.festivals.be\/festivals-belgique\/event\/festival-du-rire-de-rochefort-2017\/","title":{"rendered":"Festival du Rire de Rochefort 2017"},"content":{"rendered":"<figure id=\"attachment_482\" aria-describedby=\"caption-attachment-482\" style=\"width: 300px\" class=\"wp-caption alignleft\"><img data-recalc-dims=\"1\" loading=\"lazy\" decoding=\"async\" class=\"size-medium wp-image-482\" src=\"https:\/\/i0.wp.com\/www.festivals.be\/festivals-belgique\/wp-content\/uploads\/2017\/04\/Banner-abo-300x221.jpg?resize=300%2C221\" alt=\"Festival International du Rire de Rochefort\" width=\"300\" height=\"221\" srcset=\"https:\/\/i0.wp.com\/www.festivals.be\/festivals-belgique\/wp-content\/uploads\/2017\/04\/Banner-abo.jpg?resize=300%2C221&amp;ssl=1 300w, https:\/\/i0.wp.com\/www.festivals.be\/festivals-belgique\/wp-content\/uploads\/2017\/04\/Banner-abo.jpg?resize=768%2C566&amp;ssl=1 768w, https:\/\/i0.wp.com\/www.festivals.be\/festivals-belgique\/wp-content\/uploads\/2017\/04\/Banner-abo.jpg?resize=1024%2C754&amp;ssl=1 1024w, https:\/\/i0.wp.com\/www.festivals.be\/festivals-belgique\/wp-content\/uploads\/2017\/04\/Banner-abo.jpg?resize=1200%2C884&amp;ssl=1 1200w, https:\/\/i0.wp.com\/www.festivals.be\/festivals-belgique\/wp-content\/uploads\/2017\/04\/Banner-abo.jpg?w=1782&amp;ssl=1 1782w, https:\/\/i0.wp.com\/www.festivals.be\/festivals-belgique\/wp-content\/uploads\/2017\/04\/Banner-abo.jpg?w=1680&amp;ssl=1 1680w\" sizes=\"auto, (max-width: 300px) 85vw, 300px\" \/><figcaption id=\"caption-attachment-482\" class=\"wp-caption-text\">Festival du Rire de Rochefort<\/figcaption><\/figure>\n<p>Le <strong>Festival International du Rire de Rochefort<\/strong> se d\u00e9roulera cette ann\u00e9e du 11 au 27 mai 2017 \u00e0 Rochefort.<\/p>\n<p>&nbsp;<\/p>\n","protected":false},"excerpt":{"rendered":"<p>Le Festival International du Rire de Rochefort se d\u00e9roulera cette ann\u00e9e du 11 au 27 mai 2017 \u00e0 Rochefort. &nbsp;<\/p>\n","protected":false},"author":1,"featured_media":0,"comment_status":"open","ping_status":"closed","template":"","meta":{"jetpack_post_was_ever_published":false,"_tribe_events_status":"","_tribe_events_status_reason":"","footnotes":""},"tags":[21,46,52,45],"tribe_events_cat":[8],"class_list":["post-486","tribe_events","type-tribe_events","status-publish","hentry","tag-21","tag-humour","tag-rochefort","tag-theatre","tribe_events_cat-theatre","cat_theatre"],"aioseo_notices":[],"jetpack_sharing_enabled":true,"jetpack_likes_enabled":true,"_links":{"self":[{"href":"https:\/\/www.festivals.be\/festivals-belgique\/wp-json\/wp\/v2\/tribe_events\/486","targetHints":{"allow":["GET"]}}],"collection":[{"href":"https:\/\/www.festivals.be\/festivals-belgique\/wp-json\/wp\/v2\/tribe_events"}],"about":[{"href":"https:\/\/www.festivals.be\/festivals-belgique\/wp-json\/wp\/v2\/types\/tribe_events"}],"author":[{"embeddable":true,"href":"https:\/\/www.festivals.be\/festivals-belgique\/wp-json\/wp\/v2\/users\/1"}],"replies":[{"embeddable":true,"href":"https:\/\/www.festivals.be\/festivals-belgique\/wp-json\/wp\/v2\/comments?post=486"}],"version-history":[{"count":1,"href":"https:\/\/www.festivals.be\/festivals-belgique\/wp-json\/wp\/v2\/tribe_events\/486\/revisions"}],"predecessor-version":[{"id":487,"href":"https:\/\/www.festivals.be\/festivals-belgique\/wp-json\/wp\/v2\/tribe_events\/486\/revisions\/487"}],"wp:attachment":[{"href":"https:\/\/www.festivals.be\/festivals-belgique\/wp-json\/wp\/v2\/media?parent=486"}],"wp:term":[{"taxonomy":"post_tag","embeddable":true,"href":"https:\/\/www.festivals.be\/festivals-belgique\/wp-json\/wp\/v2\/tags?post=486"},{"taxonomy":"tribe_events_cat","embeddable":true,"href":"https:\/\/www.festivals.be\/festivals-belgique\/wp-json\/wp\/v2\/tribe_events_cat?post=486"}],"curies":[{"name":"wp","href":"https:\/\/api.w.org\/{rel}","templated":true}]}}

<figure id="attachment_482" aria-describedby="caption-attachment-482" style="width: 300px" class="wp-caption alignleft"><img data-recalc-dims="1" loading="lazy" decoding="async" class="size-medium wp-image-482" src="https://i0.wp.com/www.festivals.be/festivals-belgique/wp-content/uploads/2017/04/Banner-abo-300x221.jpg?resize=300%2C221" alt="Festival International du Rire de Rochefort" width="300" height="221" srcset="https://i0.wp.com/www.festivals.be/festivals-belgique/wp-content/uploads/2017/04/Banner-abo.jpg?resize=300%2C221&amp;ssl=1 300w, https://i0.wp.com/www.festivals.be/festivals-belgique/wp-content/uploads/2017/04/Banner-abo.jpg?resize=768%2C566&amp;ssl=1 768w, https://i0.wp.com/www.festivals.be/festivals-belgique/wp-content/uploads/2017/04/Banner-abo.jpg?resize=1024%2C754&amp;ssl=1 1024w, https://i0.wp.com/www.festivals.be/festivals-belgique/wp-content/uploads/2017/04/Banner-abo.jpg?resize=1200%2C884&amp;ssl=1 1200w, https://i0.wp.com/www.festivals.be/festivals-belgique/wp-content/uploads/2017/04/Banner-abo.jpg?w=1782&amp;ssl=1 1782w, https://i0.wp.com/www.festivals.be/festivals-belgique/wp-content/uploads/2017/04/Banner-abo.jpg?w=1680&amp;ssl=1 1680w" sizes="auto, (max-width: 300px) 85vw, 300px" /><figcaption id="caption-attachment-482" class="wp-caption-text">Festival du Rire de Rochefort</figcaption></figure>
<p>Le <strong>Festival International du Rire de Rochefort</strong> se déroulera cette année du 11 au 27 mai 2017 à Rochefort.</p>
<p>&nbsp;</p>

<p>Le Festival International du Rire de Rochefort se déroulera cette année du 11 au 27 mai 2017 à Rochefort. &nbsp;</p>
