{"id":616,"date":"2019-08-09T01:03:53","date_gmt":"2019-08-08T23:03:53","guid":{"rendered":"https:\/\/www.festivals.be\/festivals-belgique\/?post_type=tribe_events&#038;p=616"},"modified":"2019-08-09T01:07:39","modified_gmt":"2019-08-08T23:07:39","slug":"crammerock-2019","status":"publish","type":"tribe_events","link":"https:\/\/www.festivals.be\/festivals-belgique\/event\/crammerock-2019\/","title":{"rendered":"Crammerock 2019"},"content":{"rendered":"<h2><img data-recalc-dims=\"1\" loading=\"lazy\" decoding=\"async\" class=\"alignleft size-medium wp-image-617\" src=\"https:\/\/i0.wp.com\/www.festivals.be\/festivals-belgique\/wp-content\/uploads\/2019\/08\/cr_logo.png?resize=300%2C250&#038;ssl=1\" alt=\"Crammerock 2019\" width=\"300\" height=\"250\" srcset=\"https:\/\/i0.wp.com\/www.festivals.be\/festivals-belgique\/wp-content\/uploads\/2019\/08\/cr_logo.png?resize=300%2C250&amp;ssl=1 300w, https:\/\/i0.wp.com\/www.festivals.be\/festivals-belgique\/wp-content\/uploads\/2019\/08\/cr_logo.png?resize=768%2C640&amp;ssl=1 768w, https:\/\/i0.wp.com\/www.festivals.be\/festivals-belgique\/wp-content\/uploads\/2019\/08\/cr_logo.png?resize=150%2C125&amp;ssl=1 150w, https:\/\/i0.wp.com\/www.festivals.be\/festivals-belgique\/wp-content\/uploads\/2019\/08\/cr_logo.png?resize=500%2C417&amp;ssl=1 500w, https:\/\/i0.wp.com\/www.festivals.be\/festivals-belgique\/wp-content\/uploads\/2019\/08\/cr_logo.png?w=1000&amp;ssl=1 1000w\" sizes=\"auto, (max-width: 300px) 85vw, 300px\" \/>Crammerock<\/h2>\n<p>Le 29\u00e8me <strong>Crammerock<\/strong> se d\u00e9roulera pendant 2 jours, le vendredi 6 et le samedi 7 septembre, comme toujours lors du premier weekend apr\u00e8s la rentr\u00e9e.<\/p>\n<p><!--more-->Le festival a lieu \u00e0 <strong>Stekene<\/strong>, entre <strong>Anvers<\/strong> et <strong>Gand<\/strong>. Plus de 50 groupes se succ\u00e8dent sur trois sc\u00e8nes lors de ce festival au prix tr\u00e8s d\u00e9mocratique, mais malheureusement d\u00e9j\u00e0 complet. En effet, les 35.000 places mises en vente ont d\u00e9j\u00e0 trouv\u00e9 leurs festivaliers. Le festival a remport\u00e9 plusieurs prix pour son approche durable et inclusive.<\/p>\n","protected":false},"excerpt":{"rendered":"<p>Crammerock Le 29\u00e8me Crammerock se d\u00e9roulera pendant 2 jours, le vendredi 6 et le samedi 7 septembre, comme toujours lors du premier weekend apr\u00e8s la rentr\u00e9e.<\/p>\n","protected":false},"author":1,"featured_media":0,"comment_status":"open","ping_status":"closed","template":"","meta":{"jetpack_post_was_ever_published":false,"_tribe_events_status":"","_tribe_events_status_reason":"","footnotes":""},"tags":[78,28,79],"tribe_events_cat":[7],"class_list":["post-616","tribe_events","type-tribe_events","status-publish","hentry","tag-anvers","tag-gand","tag-rock","tribe_events_cat-musique","cat_musique"],"aioseo_notices":[],"jetpack_sharing_enabled":true,"jetpack_likes_enabled":true,"_links":{"self":[{"href":"https:\/\/www.festivals.be\/festivals-belgique\/wp-json\/wp\/v2\/tribe_events\/616","targetHints":{"allow":["GET"]}}],"collection":[{"href":"https:\/\/www.festivals.be\/festivals-belgique\/wp-json\/wp\/v2\/tribe_events"}],"about":[{"href":"https:\/\/www.festivals.be\/festivals-belgique\/wp-json\/wp\/v2\/types\/tribe_events"}],"author":[{"embeddable":true,"href":"https:\/\/www.festivals.be\/festivals-belgique\/wp-json\/wp\/v2\/users\/1"}],"replies":[{"embeddable":true,"href":"https:\/\/www.festivals.be\/festivals-belgique\/wp-json\/wp\/v2\/comments?post=616"}],"version-history":[{"count":4,"href":"https:\/\/www.festivals.be\/festivals-belgique\/wp-json\/wp\/v2\/tribe_events\/616\/revisions"}],"predecessor-version":[{"id":623,"href":"https:\/\/www.festivals.be\/festivals-belgique\/wp-json\/wp\/v2\/tribe_events\/616\/revisions\/623"}],"wp:attachment":[{"href":"https:\/\/www.festivals.be\/festivals-belgique\/wp-json\/wp\/v2\/media?parent=616"}],"wp:term":[{"taxonomy":"post_tag","embeddable":true,"href":"https:\/\/www.festivals.be\/festivals-belgique\/wp-json\/wp\/v2\/tags?post=616"},{"taxonomy":"tribe_events_cat","embeddable":true,"href":"https:\/\/www.festivals.be\/festivals-belgique\/wp-json\/wp\/v2\/tribe_events_cat?post=616"}],"curies":[{"name":"wp","href":"https:\/\/api.w.org\/{rel}","templated":true}]}}

<h2><img data-recalc-dims="1" loading="lazy" decoding="async" class="alignleft size-medium wp-image-617" src="https://i0.wp.com/www.festivals.be/festivals-belgique/wp-content/uploads/2019/08/cr_logo.png?resize=300%2C250&#038;ssl=1" alt="Crammerock 2019" width="300" height="250" srcset="https://i0.wp.com/www.festivals.be/festivals-belgique/wp-content/uploads/2019/08/cr_logo.png?resize=300%2C250&amp;ssl=1 300w, https://i0.wp.com/www.festivals.be/festivals-belgique/wp-content/uploads/2019/08/cr_logo.png?resize=768%2C640&amp;ssl=1 768w, https://i0.wp.com/www.festivals.be/festivals-belgique/wp-content/uploads/2019/08/cr_logo.png?resize=150%2C125&amp;ssl=1 150w, https://i0.wp.com/www.festivals.be/festivals-belgique/wp-content/uploads/2019/08/cr_logo.png?resize=500%2C417&amp;ssl=1 500w, https://i0.wp.com/www.festivals.be/festivals-belgique/wp-content/uploads/2019/08/cr_logo.png?w=1000&amp;ssl=1 1000w" sizes="auto, (max-width: 300px) 85vw, 300px" />Crammerock</h2>
<p>Le 29ème <strong>Crammerock</strong> se déroulera pendant 2 jours, le vendredi 6 et le samedi 7 septembre, comme toujours lors du premier weekend après la rentrée.</p>
<p><!--more-->Le festival a lieu à <strong>Stekene</strong>, entre <strong>Anvers</strong> et <strong>Gand</strong>. Plus de 50 groupes se succèdent sur trois scènes lors de ce festival au prix très démocratique, mais malheureusement déjà complet. En effet, les 35.000 places mises en vente ont déjà trouvé leurs festivaliers. Le festival a remporté plusieurs prix pour son approche durable et inclusive.</p>

<p>Crammerock Le 29ème Crammerock se déroulera pendant 2 jours, le vendredi 6 et le samedi 7 septembre, comme toujours lors du premier weekend après la rentrée.</p>
