{"id":631,"date":"2019-09-03T09:55:06","date_gmt":"2019-09-03T07:55:06","guid":{"rendered":"https:\/\/www.festivals.be\/festivals-belgique\/?post_type=tribe_events&#038;p=631"},"modified":"2019-09-03T11:10:34","modified_gmt":"2019-09-03T09:10:34","slug":"dream-island-festival-2020","status":"publish","type":"tribe_events","link":"https:\/\/www.festivals.be\/festivals-belgique\/event\/dream-island-festival-2020\/","title":{"rendered":"Dream Island Festival 2020"},"content":{"rendered":"<p><img data-recalc-dims=\"1\" loading=\"lazy\" decoding=\"async\" class=\"alignleft size-medium wp-image-632\" src=\"https:\/\/i0.wp.com\/www.festivals.be\/festivals-belgique\/wp-content\/uploads\/2019\/09\/67743877_688654424934127_7309671073753071616_n.png?resize=300%2C300&#038;ssl=1\" alt=\"Dream Island Festival\" width=\"300\" height=\"300\" srcset=\"https:\/\/i0.wp.com\/www.festivals.be\/festivals-belgique\/wp-content\/uploads\/2019\/09\/67743877_688654424934127_7309671073753071616_n.png?resize=300%2C300&amp;ssl=1 300w, https:\/\/i0.wp.com\/www.festivals.be\/festivals-belgique\/wp-content\/uploads\/2019\/09\/67743877_688654424934127_7309671073753071616_n.png?resize=150%2C150&amp;ssl=1 150w, https:\/\/i0.wp.com\/www.festivals.be\/festivals-belgique\/wp-content\/uploads\/2019\/09\/67743877_688654424934127_7309671073753071616_n.png?resize=50%2C50&amp;ssl=1 50w, https:\/\/i0.wp.com\/www.festivals.be\/festivals-belgique\/wp-content\/uploads\/2019\/09\/67743877_688654424934127_7309671073753071616_n.png?w=311&amp;ssl=1 311w\" sizes=\"auto, (max-width: 300px) 85vw, 300px\" \/>La premi\u00e8re \u00e9dition du <strong>Dream Island Festival<\/strong> se tiendra \u00e0 Menin pr\u00e8s de Courtrai du 10 au 12 avril 2020.<\/p>\n<p>Plus d&rsquo;info \u00e0 venir.<\/p>\n<p>&nbsp;<\/p>\n<p>&nbsp;<\/p>\n<p>&nbsp;<\/p>\n<p><!--more--><\/p>\n","protected":false},"excerpt":{"rendered":"<p>La premi\u00e8re \u00e9dition du Dream Island Festival se tiendra \u00e0 Menin pr\u00e8s de Courtrai du 10 au 12 avril 2020. Plus d&rsquo;info \u00e0 venir. &nbsp; &nbsp; &nbsp;<\/p>\n","protected":false},"author":1,"featured_media":0,"comment_status":"open","ping_status":"closed","template":"","meta":{"jetpack_post_was_ever_published":false,"_tribe_events_status":"","_tribe_events_status_reason":"","footnotes":""},"tags":[82,40,50,39,36],"tribe_events_cat":[7],"class_list":["post-631","tribe_events","type-tribe_events","status-publish","hentry","tag-82","tag-courtrai","tag-dance","tag-dj","tag-electro","tribe_events_cat-musique","cat_musique"],"aioseo_notices":[],"jetpack_sharing_enabled":true,"jetpack_likes_enabled":true,"_links":{"self":[{"href":"https:\/\/www.festivals.be\/festivals-belgique\/wp-json\/wp\/v2\/tribe_events\/631","targetHints":{"allow":["GET"]}}],"collection":[{"href":"https:\/\/www.festivals.be\/festivals-belgique\/wp-json\/wp\/v2\/tribe_events"}],"about":[{"href":"https:\/\/www.festivals.be\/festivals-belgique\/wp-json\/wp\/v2\/types\/tribe_events"}],"author":[{"embeddable":true,"href":"https:\/\/www.festivals.be\/festivals-belgique\/wp-json\/wp\/v2\/users\/1"}],"replies":[{"embeddable":true,"href":"https:\/\/www.festivals.be\/festivals-belgique\/wp-json\/wp\/v2\/comments?post=631"}],"version-history":[{"count":3,"href":"https:\/\/www.festivals.be\/festivals-belgique\/wp-json\/wp\/v2\/tribe_events\/631\/revisions"}],"predecessor-version":[{"id":641,"href":"https:\/\/www.festivals.be\/festivals-belgique\/wp-json\/wp\/v2\/tribe_events\/631\/revisions\/641"}],"wp:attachment":[{"href":"https:\/\/www.festivals.be\/festivals-belgique\/wp-json\/wp\/v2\/media?parent=631"}],"wp:term":[{"taxonomy":"post_tag","embeddable":true,"href":"https:\/\/www.festivals.be\/festivals-belgique\/wp-json\/wp\/v2\/tags?post=631"},{"taxonomy":"tribe_events_cat","embeddable":true,"href":"https:\/\/www.festivals.be\/festivals-belgique\/wp-json\/wp\/v2\/tribe_events_cat?post=631"}],"curies":[{"name":"wp","href":"https:\/\/api.w.org\/{rel}","templated":true}]}}

<p><img data-recalc-dims="1" loading="lazy" decoding="async" class="alignleft size-medium wp-image-632" src="https://i0.wp.com/www.festivals.be/festivals-belgique/wp-content/uploads/2019/09/67743877_688654424934127_7309671073753071616_n.png?resize=300%2C300&#038;ssl=1" alt="Dream Island Festival" width="300" height="300" srcset="https://i0.wp.com/www.festivals.be/festivals-belgique/wp-content/uploads/2019/09/67743877_688654424934127_7309671073753071616_n.png?resize=300%2C300&amp;ssl=1 300w, https://i0.wp.com/www.festivals.be/festivals-belgique/wp-content/uploads/2019/09/67743877_688654424934127_7309671073753071616_n.png?resize=150%2C150&amp;ssl=1 150w, https://i0.wp.com/www.festivals.be/festivals-belgique/wp-content/uploads/2019/09/67743877_688654424934127_7309671073753071616_n.png?resize=50%2C50&amp;ssl=1 50w, https://i0.wp.com/www.festivals.be/festivals-belgique/wp-content/uploads/2019/09/67743877_688654424934127_7309671073753071616_n.png?w=311&amp;ssl=1 311w" sizes="auto, (max-width: 300px) 85vw, 300px" />La première édition du <strong>Dream Island Festival</strong> se tiendra à Menin près de Courtrai du 10 au 12 avril 2020.</p>
<p>Plus d&rsquo;info à venir.</p>
<p>&nbsp;</p>
<p>&nbsp;</p>
<p>&nbsp;</p>
<p><!--more--></p>

<p>La première édition du Dream Island Festival se tiendra à Menin près de Courtrai du 10 au 12 avril 2020. Plus d&rsquo;info à venir. &nbsp; &nbsp; &nbsp;</p>
