{"id":637,"date":"2019-09-03T11:07:44","date_gmt":"2019-09-03T09:07:44","guid":{"rendered":"https:\/\/www.festivals.be\/festivals-belgique\/?post_type=tribe_events&#038;p=637"},"modified":"2019-09-03T11:07:44","modified_gmt":"2019-09-03T09:07:44","slug":"eat-brussels-2019","status":"publish","type":"tribe_events","link":"https:\/\/www.festivals.be\/festivals-belgique\/event\/eat-brussels-2019\/","title":{"rendered":"Eat Brussels 2019"},"content":{"rendered":"<figure id=\"attachment_638\" aria-describedby=\"caption-attachment-638\" style=\"width: 300px\" class=\"wp-caption alignleft\"><img data-recalc-dims=\"1\" loading=\"lazy\" decoding=\"async\" class=\"size-medium wp-image-638\" src=\"https:\/\/i0.wp.com\/www.festivals.be\/festivals-belgique\/wp-content\/uploads\/2019\/09\/eat-brussels-drink-bordeaux.png?resize=300%2C280&#038;ssl=1\" alt=\"Eat Brussels\" width=\"300\" height=\"280\" srcset=\"https:\/\/i0.wp.com\/www.festivals.be\/festivals-belgique\/wp-content\/uploads\/2019\/09\/eat-brussels-drink-bordeaux.png?resize=300%2C280&amp;ssl=1 300w, https:\/\/i0.wp.com\/www.festivals.be\/festivals-belgique\/wp-content\/uploads\/2019\/09\/eat-brussels-drink-bordeaux.png?resize=150%2C140&amp;ssl=1 150w, https:\/\/i0.wp.com\/www.festivals.be\/festivals-belgique\/wp-content\/uploads\/2019\/09\/eat-brussels-drink-bordeaux.png?w=423&amp;ssl=1 423w\" sizes=\"auto, (max-width: 300px) 85vw, 300px\" \/><figcaption id=\"caption-attachment-638\" class=\"wp-caption-text\">Eat Brussels Drink Bordeaux<\/figcaption><\/figure>\n<p class=\"em-small\">Pour sa huiti\u00e8me \u00e9dition, le <strong>festival Eat BRUSSELS &#8211; Drink BORDEAUX<\/strong> met \u00e0 l\u2019honneur la gastronomie bruxelloise.<\/p>\n<p class=\"em-small\">La R\u00e9gion de Bordeaux sera cette ann\u00e9e encore de la partie avec sa version revisit\u00e9e \u00e0 la bruxelloise de Bordeaux F\u00eate le Vin.<\/p>\n<p class=\"em-small\"><!--more-->Le temps d\u2019une pause entre deux d\u00e9gustations, d\u00e9couvrez le Village International et ses saveurs exotiques ou participez aux ateliers ludiques et aux workshops o\u00f9 vous pourrez assouvir votre curiosit\u00e9 culinaire \u0153nologique.<\/p>\n<p>Des tickets achet\u00e9s sur place ou en pr\u00e9vente vous permettent de go\u00fbter les diff\u00e9rents menus, plats et vins propos\u00e9s par les chefs selon vos envies.<\/p>\n<p>Cette ann\u00e9e vous pourrez \u00e0 nouveau d\u00e9couvrir le village international pr\u00e9sentant les gastronomies de plusieurs pays, de m\u00eame que des ateliers <strong>mixologie<\/strong> &#8230; et le fameux concours de la meilleure <strong>croquette aux crevettes<\/strong> !<\/p>\n<p>Bon app\u00e9tit !<\/p>\n","protected":false},"excerpt":{"rendered":"<p>Pour sa huiti\u00e8me \u00e9dition, le festival Eat BRUSSELS &#8211; Drink BORDEAUX met \u00e0 l\u2019honneur la gastronomie bruxelloise. La R\u00e9gion de Bordeaux sera cette ann\u00e9e encore de la partie avec sa &hellip; <a href=\"https:\/\/www.festivals.be\/festivals-belgique\/event\/eat-brussels-2019\/\" class=\"more-link\">Continuer la lecture<span class=\"screen-reader-text\"> de &laquo;&nbsp;Eat Brussels 2019&nbsp;&raquo;<\/span><\/a><\/p>\n","protected":false},"author":1,"featured_media":0,"comment_status":"open","ping_status":"closed","template":"","meta":{"jetpack_post_was_ever_published":false,"_tribe_events_status":"","_tribe_events_status_reason":"","footnotes":""},"tags":[83,38,84,85],"tribe_events_cat":[5],"class_list":["post-637","tribe_events","type-tribe_events","status-publish","hentry","tag-83","tag-bruxelles","tag-gastronomie","tag-vins","tribe_events_cat-gastronomie","cat_gastronomie"],"aioseo_notices":[],"jetpack_sharing_enabled":true,"jetpack_likes_enabled":true,"_links":{"self":[{"href":"https:\/\/www.festivals.be\/festivals-belgique\/wp-json\/wp\/v2\/tribe_events\/637","targetHints":{"allow":["GET"]}}],"collection":[{"href":"https:\/\/www.festivals.be\/festivals-belgique\/wp-json\/wp\/v2\/tribe_events"}],"about":[{"href":"https:\/\/www.festivals.be\/festivals-belgique\/wp-json\/wp\/v2\/types\/tribe_events"}],"author":[{"embeddable":true,"href":"https:\/\/www.festivals.be\/festivals-belgique\/wp-json\/wp\/v2\/users\/1"}],"replies":[{"embeddable":true,"href":"https:\/\/www.festivals.be\/festivals-belgique\/wp-json\/wp\/v2\/comments?post=637"}],"version-history":[{"count":1,"href":"https:\/\/www.festivals.be\/festivals-belgique\/wp-json\/wp\/v2\/tribe_events\/637\/revisions"}],"predecessor-version":[{"id":639,"href":"https:\/\/www.festivals.be\/festivals-belgique\/wp-json\/wp\/v2\/tribe_events\/637\/revisions\/639"}],"wp:attachment":[{"href":"https:\/\/www.festivals.be\/festivals-belgique\/wp-json\/wp\/v2\/media?parent=637"}],"wp:term":[{"taxonomy":"post_tag","embeddable":true,"href":"https:\/\/www.festivals.be\/festivals-belgique\/wp-json\/wp\/v2\/tags?post=637"},{"taxonomy":"tribe_events_cat","embeddable":true,"href":"https:\/\/www.festivals.be\/festivals-belgique\/wp-json\/wp\/v2\/tribe_events_cat?post=637"}],"curies":[{"name":"wp","href":"https:\/\/api.w.org\/{rel}","templated":true}]}}

<figure id="attachment_638" aria-describedby="caption-attachment-638" style="width: 300px" class="wp-caption alignleft"><img data-recalc-dims="1" loading="lazy" decoding="async" class="size-medium wp-image-638" src="https://i0.wp.com/www.festivals.be/festivals-belgique/wp-content/uploads/2019/09/eat-brussels-drink-bordeaux.png?resize=300%2C280&#038;ssl=1" alt="Eat Brussels" width="300" height="280" srcset="https://i0.wp.com/www.festivals.be/festivals-belgique/wp-content/uploads/2019/09/eat-brussels-drink-bordeaux.png?resize=300%2C280&amp;ssl=1 300w, https://i0.wp.com/www.festivals.be/festivals-belgique/wp-content/uploads/2019/09/eat-brussels-drink-bordeaux.png?resize=150%2C140&amp;ssl=1 150w, https://i0.wp.com/www.festivals.be/festivals-belgique/wp-content/uploads/2019/09/eat-brussels-drink-bordeaux.png?w=423&amp;ssl=1 423w" sizes="auto, (max-width: 300px) 85vw, 300px" /><figcaption id="caption-attachment-638" class="wp-caption-text">Eat Brussels Drink Bordeaux</figcaption></figure>
<p class="em-small">Pour sa huitième édition, le <strong>festival Eat BRUSSELS &#8211; Drink BORDEAUX</strong> met à l’honneur la gastronomie bruxelloise.</p>
<p class="em-small">La Région de Bordeaux sera cette année encore de la partie avec sa version revisitée à la bruxelloise de Bordeaux Fête le Vin.</p>
<p class="em-small"><!--more-->Le temps d’une pause entre deux dégustations, découvrez le Village International et ses saveurs exotiques ou participez aux ateliers ludiques et aux workshops où vous pourrez assouvir votre curiosité culinaire œnologique.</p>
<p>Des tickets achetés sur place ou en prévente vous permettent de goûter les différents menus, plats et vins proposés par les chefs selon vos envies.</p>
<p>Cette année vous pourrez à nouveau découvrir le village international présentant les gastronomies de plusieurs pays, de même que des ateliers <strong>mixologie</strong> &#8230; et le fameux concours de la meilleure <strong>croquette aux crevettes</strong> !</p>
<p>Bon appétit !</p>

<p>Pour sa huitième édition, le festival Eat BRUSSELS &#8211; Drink BORDEAUX met à l’honneur la gastronomie bruxelloise. La Région de Bordeaux sera cette année encore de la partie avec sa &hellip; <a href="https://www.festivals.be/festivals-belgique/event/eat-brussels-2019/" class="more-link">Continuer la lecture<span class="screen-reader-text"> de &laquo;&nbsp;Eat Brussels 2019&nbsp;&raquo;</span></a></p>
