{"id":668,"date":"2019-10-04T22:05:57","date_gmt":"2019-10-04T20:05:57","guid":{"rendered":"https:\/\/www.festivals.be\/festivals-belgique\/?post_type=tribe_events&#038;p=668"},"modified":"2019-10-04T22:02:24","modified_gmt":"2019-10-04T20:02:24","slug":"lol2-festival-2020","status":"publish","type":"tribe_events","link":"https:\/\/www.festivals.be\/festivals-belgique\/event\/lol2-festival-2020\/","title":{"rendered":"LOL2 Festival 2020"},"content":{"rendered":"<p><img data-recalc-dims=\"1\" loading=\"lazy\" decoding=\"async\" class=\"size-medium wp-image-669 alignleft\" style=\"font-weight: bold; background-color: transparent; text-align: inherit;\" src=\"https:\/\/i0.wp.com\/www.festivals.be\/festivals-belgique\/wp-content\/uploads\/2019\/10\/LOL2-festival-2019.jpg?resize=300%2C221&#038;ssl=1\" alt=\"LOL2 Festival\" width=\"300\" height=\"221\" srcset=\"https:\/\/i0.wp.com\/www.festivals.be\/festivals-belgique\/wp-content\/uploads\/2019\/10\/LOL2-festival-2019.jpg?resize=300%2C221&amp;ssl=1 300w, https:\/\/i0.wp.com\/www.festivals.be\/festivals-belgique\/wp-content\/uploads\/2019\/10\/LOL2-festival-2019.jpg?resize=150%2C111&amp;ssl=1 150w, https:\/\/i0.wp.com\/www.festivals.be\/festivals-belgique\/wp-content\/uploads\/2019\/10\/LOL2-festival-2019.jpg?w=305&amp;ssl=1 305w\" sizes=\"auto, (max-width: 300px) 85vw, 300px\" \/>De grands noms de l&rsquo;humour belge et fran\u00e7ais se succ\u00e8dent sur sc\u00e8ne dans deux villes diff\u00e9rentes de chaque c\u00f4t\u00e9 de la fronti\u00e8re pour un <strong>festival<\/strong> franco-belge.<\/p>\n<p><a href=\"https:\/\/ticketmaster-be.tm7522.net\/qX06Y\" target=\"_blank\" rel=\"noopener noreferrer\">Acheter des tickets<\/a><\/p>\n<p>Du jeudi 2 au dimanche 5 avril 2020, lors du <strong>LOL2 Festival<\/strong>, nous vous proposons de jouer \u00e0 saute fronti\u00e8re dans la bonne humeur. Un jour \u00e0 Mons ou l\u2019autre \u00e0 Aulnoye-Aymeries, pour voir vos artistes pr\u00e9f\u00e9r\u00e9s ou d\u00e9couvrir de nouveaux talents.<\/p>\n<p>\u00c0 Mons Expo nous vous proposons deux salles\u00a0: la LOL Arena et le LOL Th\u00e9\u00e2tre, sans oublier notre Comedy Club. \u00c0 Aulnoye-Aymeries, le Th\u00e9\u00e2tre L\u00e9o Ferr\u00e9 totalement r\u00e9nov\u00e9 vous accueillera dans un confort parfait.<\/p>\n<p><!--more--><\/p>\n<ul>\n<li>C\u00c9CILE\u00a0DJUNGA<\/li>\n<li>ANNE\u00a0ROUMANOFF<\/li>\n<li>HAROUN<\/li>\n<li>J\u00c9R\u00d4ME\u00a0DE\u00a0WARZ\u00c9E<\/li>\n<li>KOSH<\/li>\n<li>JEANFI\u00a0JANSSENS<\/li>\n<li>MAGALI\u00a0RIPOLL<\/li>\n<li>VIKTOR\u00a0VINCENT<\/li>\n<li>TOM\u00a0VILLA<\/li>\n<li>BIGARD\u00a0+\u00a0RUTTEN<\/li>\n<li>FARAH\u00a0GIROUD + STOTZ<\/li>\n<li>WILLY\u00a0ROVELLI<\/li>\n<li>FRAN\u00c7OIS\u00a0PIRETTE<\/li>\n<li>ALEX\u00a0RAMIR\u00c8S<\/li>\n<li>JEAN-LUC LEMOINE<\/li>\n<\/ul>\n<p><a href=\"https:\/\/ticketmaster-be.tm7522.net\/qX06Y\" target=\"_blank\" rel=\"noopener noreferrer\">Acheter des tickets<\/a><\/p>\n","protected":false},"excerpt":{"rendered":"<p>De grands noms de l&rsquo;humour belge et fran\u00e7ais se succ\u00e8dent sur sc\u00e8ne dans deux villes diff\u00e9rentes de chaque c\u00f4t\u00e9 de la fronti\u00e8re pour un festival franco-belge. Acheter des tickets Du &hellip; <a href=\"https:\/\/www.festivals.be\/festivals-belgique\/event\/lol2-festival-2020\/\" class=\"more-link\">Continuer la lecture<span class=\"screen-reader-text\"> de &laquo;&nbsp;LOL2 Festival 2020&nbsp;&raquo;<\/span><\/a><\/p>\n","protected":false},"author":1,"featured_media":0,"comment_status":"open","ping_status":"closed","template":"","meta":{"jetpack_post_was_ever_published":false,"_tribe_events_status":"","_tribe_events_status_reason":"","footnotes":""},"tags":[82,46,90,45],"tribe_events_cat":[8],"class_list":["post-668","tribe_events","type-tribe_events","status-publish","hentry","tag-82","tag-humour","tag-mons","tag-theatre","tribe_events_cat-theatre","cat_theatre"],"aioseo_notices":[],"jetpack_sharing_enabled":true,"jetpack_likes_enabled":true,"_links":{"self":[{"href":"https:\/\/www.festivals.be\/festivals-belgique\/wp-json\/wp\/v2\/tribe_events\/668","targetHints":{"allow":["GET"]}}],"collection":[{"href":"https:\/\/www.festivals.be\/festivals-belgique\/wp-json\/wp\/v2\/tribe_events"}],"about":[{"href":"https:\/\/www.festivals.be\/festivals-belgique\/wp-json\/wp\/v2\/types\/tribe_events"}],"author":[{"embeddable":true,"href":"https:\/\/www.festivals.be\/festivals-belgique\/wp-json\/wp\/v2\/users\/1"}],"replies":[{"embeddable":true,"href":"https:\/\/www.festivals.be\/festivals-belgique\/wp-json\/wp\/v2\/comments?post=668"}],"version-history":[{"count":6,"href":"https:\/\/www.festivals.be\/festivals-belgique\/wp-json\/wp\/v2\/tribe_events\/668\/revisions"}],"predecessor-version":[{"id":676,"href":"https:\/\/www.festivals.be\/festivals-belgique\/wp-json\/wp\/v2\/tribe_events\/668\/revisions\/676"}],"wp:attachment":[{"href":"https:\/\/www.festivals.be\/festivals-belgique\/wp-json\/wp\/v2\/media?parent=668"}],"wp:term":[{"taxonomy":"post_tag","embeddable":true,"href":"https:\/\/www.festivals.be\/festivals-belgique\/wp-json\/wp\/v2\/tags?post=668"},{"taxonomy":"tribe_events_cat","embeddable":true,"href":"https:\/\/www.festivals.be\/festivals-belgique\/wp-json\/wp\/v2\/tribe_events_cat?post=668"}],"curies":[{"name":"wp","href":"https:\/\/api.w.org\/{rel}","templated":true}]}}

<p><img data-recalc-dims="1" loading="lazy" decoding="async" class="size-medium wp-image-669 alignleft" style="font-weight: bold; background-color: transparent; text-align: inherit;" src="https://i0.wp.com/www.festivals.be/festivals-belgique/wp-content/uploads/2019/10/LOL2-festival-2019.jpg?resize=300%2C221&#038;ssl=1" alt="LOL2 Festival" width="300" height="221" srcset="https://i0.wp.com/www.festivals.be/festivals-belgique/wp-content/uploads/2019/10/LOL2-festival-2019.jpg?resize=300%2C221&amp;ssl=1 300w, https://i0.wp.com/www.festivals.be/festivals-belgique/wp-content/uploads/2019/10/LOL2-festival-2019.jpg?resize=150%2C111&amp;ssl=1 150w, https://i0.wp.com/www.festivals.be/festivals-belgique/wp-content/uploads/2019/10/LOL2-festival-2019.jpg?w=305&amp;ssl=1 305w" sizes="auto, (max-width: 300px) 85vw, 300px" />De grands noms de l&rsquo;humour belge et français se succèdent sur scène dans deux villes différentes de chaque côté de la frontière pour un <strong>festival</strong> franco-belge.</p>
<p><a href="https://ticketmaster-be.tm7522.net/qX06Y" target="_blank" rel="noopener noreferrer">Acheter des tickets</a></p>
<p>Du jeudi 2 au dimanche 5 avril 2020, lors du <strong>LOL2 Festival</strong>, nous vous proposons de jouer à saute frontière dans la bonne humeur. Un jour à Mons ou l’autre à Aulnoye-Aymeries, pour voir vos artistes préférés ou découvrir de nouveaux talents.</p>
<p>À Mons Expo nous vous proposons deux salles : la LOL Arena et le LOL Théâtre, sans oublier notre Comedy Club. À Aulnoye-Aymeries, le Théâtre Léo Ferré totalement rénové vous accueillera dans un confort parfait.</p>
<p><!--more--></p>
<ul>
<li>CÉCILE DJUNGA</li>
<li>ANNE ROUMANOFF</li>
<li>HAROUN</li>
<li>JÉRÔME DE WARZÉE</li>
<li>KOSH</li>
<li>JEANFI JANSSENS</li>
<li>MAGALI RIPOLL</li>
<li>VIKTOR VINCENT</li>
<li>TOM VILLA</li>
<li>BIGARD + RUTTEN</li>
<li>FARAH GIROUD + STOTZ</li>
<li>WILLY ROVELLI</li>
<li>FRANÇOIS PIRETTE</li>
<li>ALEX RAMIRÈS</li>
<li>JEAN-LUC LEMOINE</li>
</ul>
<p><a href="https://ticketmaster-be.tm7522.net/qX06Y" target="_blank" rel="noopener noreferrer">Acheter des tickets</a></p>

<p>De grands noms de l&rsquo;humour belge et français se succèdent sur scène dans deux villes différentes de chaque côté de la frontière pour un festival franco-belge. Acheter des tickets Du &hellip; <a href="https://www.festivals.be/festivals-belgique/event/lol2-festival-2020/" class="more-link">Continuer la lecture<span class="screen-reader-text"> de &laquo;&nbsp;LOL2 Festival 2020&nbsp;&raquo;</span></a></p>
