{"id":677,"date":"2019-10-04T22:22:12","date_gmt":"2019-10-04T20:22:12","guid":{"rendered":"https:\/\/www.festivals.be\/festivals-belgique\/?post_type=tribe_events&#038;p=677"},"modified":"2019-10-14T10:39:06","modified_gmt":"2019-10-14T08:39:06","slug":"werchter-boutique-pop-up","status":"publish","type":"tribe_events","link":"https:\/\/www.festivals.be\/festivals-belgique\/event\/werchter-boutique-pop-up\/","title":{"rendered":"Werchter Boutique Pop-Up"},"content":{"rendered":"<p><img data-recalc-dims=\"1\" loading=\"lazy\" decoding=\"async\" class=\"alignleft size-full wp-image-678\" src=\"https:\/\/i0.wp.com\/www.festivals.be\/festivals-belgique\/wp-content\/uploads\/2019\/10\/Werchter-boutique-pop-up.jpg?resize=205%2C115&#038;ssl=1\" alt=\"Werchter Boutique Pop-Up\" width=\"205\" height=\"115\" srcset=\"https:\/\/i0.wp.com\/www.festivals.be\/festivals-belgique\/wp-content\/uploads\/2019\/10\/Werchter-boutique-pop-up.jpg?w=205&amp;ssl=1 205w, https:\/\/i0.wp.com\/www.festivals.be\/festivals-belgique\/wp-content\/uploads\/2019\/10\/Werchter-boutique-pop-up.jpg?resize=150%2C84&amp;ssl=1 150w\" sizes=\"auto, (max-width: 205px) 85vw, 205px\" \/>Qu&rsquo;est-ce qui pouvait bien justifier une \u00e9dition suppl\u00e9mentaire exceptionnelle du <strong>festival<\/strong> Werchter Boutique ? <strong>Billie Eilish<\/strong> !<\/p>\n<p><strong><a href=\"http:\/\/ticketmaster-be.tm7522.net\/JyoB2\">Acheter des tickets<\/a><\/strong><\/p>\n<p><!--more-->La ph\u00e9nom\u00e8ne de 17 ans se produira sur la sc\u00e8ne du Werchter Boutique pour une date exceptionnelle. Elle sera accompagn\u00e9e d&rsquo;autres artistes \u00e0 d\u00e9couvrir dans les prochains mois.<\/p>\n<p><img data-recalc-dims=\"1\" loading=\"lazy\" decoding=\"async\" class=\"alignleft size-medium wp-image-679\" src=\"https:\/\/i0.wp.com\/www.festivals.be\/festivals-belgique\/wp-content\/uploads\/2019\/10\/Werchter-Boutique-Popup.jpg?resize=300%2C168&#038;ssl=1\" alt=\"Werchter Boutique Pop-Up\" width=\"300\" height=\"168\" srcset=\"https:\/\/i0.wp.com\/www.festivals.be\/festivals-belgique\/wp-content\/uploads\/2019\/10\/Werchter-Boutique-Popup.jpg?resize=300%2C168&amp;ssl=1 300w, https:\/\/i0.wp.com\/www.festivals.be\/festivals-belgique\/wp-content\/uploads\/2019\/10\/Werchter-Boutique-Popup.jpg?resize=150%2C84&amp;ssl=1 150w, https:\/\/i0.wp.com\/www.festivals.be\/festivals-belgique\/wp-content\/uploads\/2019\/10\/Werchter-Boutique-Popup.jpg?w=500&amp;ssl=1 500w\" sizes=\"auto, (max-width: 300px) 85vw, 300px\" \/><\/p>\n<p>All the good girls go to\u2026 Ce qui est s\u00fbr, c\u2019est qu\u2019aucune d\u2019entre elles ne voudra manquer la Werchter Boutique pop-up, le dimanche 19 juillet au Parc du Festival de Werchter. Une Werchter Boutique de plus ? Rein qu\u2019une fois ! Et pour une tr\u00e8s bonne raison : Billie Eilish ! Dix-sept ans, un talent inn\u00e9, un ph\u00e9nom\u00e8ne sur la toile. Oubliez les conventions, place \u00e0 une personnalit\u00e9 hors du commun. Elle est l\u2019une des artistes actuelles les plus populaires. Elle pr\u00e9voit une courte tourn\u00e9e europ\u00e9enne \u00e0 partir du 10 juillet. Elle se produira dans quelques salles et festivals. Et au Parc du Festival de Werchter.<\/p>\n<p><strong><a href=\"http:\/\/ticketmaster-be.tm7522.net\/JyoB2\">Acheter des tickets<\/a><\/strong><\/p>\n<p>&nbsp;<\/p>\n","protected":false},"excerpt":{"rendered":"<p>Qu&rsquo;est-ce qui pouvait bien justifier une \u00e9dition suppl\u00e9mentaire exceptionnelle du festival Werchter Boutique ? Billie Eilish ! Acheter des tickets<\/p>\n","protected":false},"author":1,"featured_media":0,"comment_status":"open","ping_status":"closed","template":"","meta":{"jetpack_post_was_ever_published":false,"_tribe_events_status":"","_tribe_events_status_reason":"","footnotes":""},"tags":[82,36,91,31],"tribe_events_cat":[7],"class_list":["post-677","tribe_events","type-tribe_events","status-publish","hentry","tag-82","tag-electro","tag-pop","tag-werchter","tribe_events_cat-musique","cat_musique"],"aioseo_notices":[],"jetpack_sharing_enabled":true,"jetpack_likes_enabled":true,"_links":{"self":[{"href":"https:\/\/www.festivals.be\/festivals-belgique\/wp-json\/wp\/v2\/tribe_events\/677","targetHints":{"allow":["GET"]}}],"collection":[{"href":"https:\/\/www.festivals.be\/festivals-belgique\/wp-json\/wp\/v2\/tribe_events"}],"about":[{"href":"https:\/\/www.festivals.be\/festivals-belgique\/wp-json\/wp\/v2\/types\/tribe_events"}],"author":[{"embeddable":true,"href":"https:\/\/www.festivals.be\/festivals-belgique\/wp-json\/wp\/v2\/users\/1"}],"replies":[{"embeddable":true,"href":"https:\/\/www.festivals.be\/festivals-belgique\/wp-json\/wp\/v2\/comments?post=677"}],"version-history":[{"count":5,"href":"https:\/\/www.festivals.be\/festivals-belgique\/wp-json\/wp\/v2\/tribe_events\/677\/revisions"}],"predecessor-version":[{"id":697,"href":"https:\/\/www.festivals.be\/festivals-belgique\/wp-json\/wp\/v2\/tribe_events\/677\/revisions\/697"}],"wp:attachment":[{"href":"https:\/\/www.festivals.be\/festivals-belgique\/wp-json\/wp\/v2\/media?parent=677"}],"wp:term":[{"taxonomy":"post_tag","embeddable":true,"href":"https:\/\/www.festivals.be\/festivals-belgique\/wp-json\/wp\/v2\/tags?post=677"},{"taxonomy":"tribe_events_cat","embeddable":true,"href":"https:\/\/www.festivals.be\/festivals-belgique\/wp-json\/wp\/v2\/tribe_events_cat?post=677"}],"curies":[{"name":"wp","href":"https:\/\/api.w.org\/{rel}","templated":true}]}}

<p><img data-recalc-dims="1" loading="lazy" decoding="async" class="alignleft size-full wp-image-678" src="https://i0.wp.com/www.festivals.be/festivals-belgique/wp-content/uploads/2019/10/Werchter-boutique-pop-up.jpg?resize=205%2C115&#038;ssl=1" alt="Werchter Boutique Pop-Up" width="205" height="115" srcset="https://i0.wp.com/www.festivals.be/festivals-belgique/wp-content/uploads/2019/10/Werchter-boutique-pop-up.jpg?w=205&amp;ssl=1 205w, https://i0.wp.com/www.festivals.be/festivals-belgique/wp-content/uploads/2019/10/Werchter-boutique-pop-up.jpg?resize=150%2C84&amp;ssl=1 150w" sizes="auto, (max-width: 205px) 85vw, 205px" />Qu&rsquo;est-ce qui pouvait bien justifier une édition supplémentaire exceptionnelle du <strong>festival</strong> Werchter Boutique ? <strong>Billie Eilish</strong> !</p>
<p><strong><a href="http://ticketmaster-be.tm7522.net/JyoB2">Acheter des tickets</a></strong></p>
<p><!--more-->La phénomène de 17 ans se produira sur la scène du Werchter Boutique pour une date exceptionnelle. Elle sera accompagnée d&rsquo;autres artistes à découvrir dans les prochains mois.</p>
<p><img data-recalc-dims="1" loading="lazy" decoding="async" class="alignleft size-medium wp-image-679" src="https://i0.wp.com/www.festivals.be/festivals-belgique/wp-content/uploads/2019/10/Werchter-Boutique-Popup.jpg?resize=300%2C168&#038;ssl=1" alt="Werchter Boutique Pop-Up" width="300" height="168" srcset="https://i0.wp.com/www.festivals.be/festivals-belgique/wp-content/uploads/2019/10/Werchter-Boutique-Popup.jpg?resize=300%2C168&amp;ssl=1 300w, https://i0.wp.com/www.festivals.be/festivals-belgique/wp-content/uploads/2019/10/Werchter-Boutique-Popup.jpg?resize=150%2C84&amp;ssl=1 150w, https://i0.wp.com/www.festivals.be/festivals-belgique/wp-content/uploads/2019/10/Werchter-Boutique-Popup.jpg?w=500&amp;ssl=1 500w" sizes="auto, (max-width: 300px) 85vw, 300px" /></p>
<p>All the good girls go to… Ce qui est sûr, c’est qu’aucune d’entre elles ne voudra manquer la Werchter Boutique pop-up, le dimanche 19 juillet au Parc du Festival de Werchter. Une Werchter Boutique de plus ? Rein qu’une fois ! Et pour une très bonne raison : Billie Eilish ! Dix-sept ans, un talent inné, un phénomène sur la toile. Oubliez les conventions, place à une personnalité hors du commun. Elle est l’une des artistes actuelles les plus populaires. Elle prévoit une courte tournée européenne à partir du 10 juillet. Elle se produira dans quelques salles et festivals. Et au Parc du Festival de Werchter.</p>
<p><strong><a href="http://ticketmaster-be.tm7522.net/JyoB2">Acheter des tickets</a></strong></p>
<p>&nbsp;</p>

<p>Qu&rsquo;est-ce qui pouvait bien justifier une édition supplémentaire exceptionnelle du festival Werchter Boutique ? Billie Eilish ! Acheter des tickets</p>
