{"id":692,"date":"2019-10-09T16:18:03","date_gmt":"2019-10-09T14:18:03","guid":{"rendered":"https:\/\/www.festivals.be\/festivals-belgique\/?post_type=tribe_events&#038;p=692"},"modified":"2019-10-09T16:18:03","modified_gmt":"2019-10-09T14:18:03","slug":"les-nuits-botanique-2020","status":"publish","type":"tribe_events","link":"https:\/\/www.festivals.be\/festivals-belgique\/event\/les-nuits-botanique-2020\/","title":{"rendered":"Les Nuits Botanique 2020"},"content":{"rendered":"<h2>Programme des Nuits du Botanique 2020<\/h2>\n<figure id=\"attachment_693\" aria-describedby=\"caption-attachment-693\" style=\"width: 300px\" class=\"wp-caption alignleft\"><img data-recalc-dims=\"1\" loading=\"lazy\" decoding=\"async\" class=\"wp-image-693 size-medium\" src=\"https:\/\/i0.wp.com\/www.festivals.be\/festivals-belgique\/wp-content\/uploads\/2019\/10\/605fa943-fa7e-409e-93a7-5c9f9531d624.jpg?resize=300%2C300&#038;ssl=1\" alt=\"Nuits Botanique 2020\" width=\"300\" height=\"300\" srcset=\"https:\/\/i0.wp.com\/www.festivals.be\/festivals-belgique\/wp-content\/uploads\/2019\/10\/605fa943-fa7e-409e-93a7-5c9f9531d624.jpg?resize=300%2C300&amp;ssl=1 300w, https:\/\/i0.wp.com\/www.festivals.be\/festivals-belgique\/wp-content\/uploads\/2019\/10\/605fa943-fa7e-409e-93a7-5c9f9531d624.jpg?resize=150%2C150&amp;ssl=1 150w, https:\/\/i0.wp.com\/www.festivals.be\/festivals-belgique\/wp-content\/uploads\/2019\/10\/605fa943-fa7e-409e-93a7-5c9f9531d624.jpg?resize=768%2C768&amp;ssl=1 768w, https:\/\/i0.wp.com\/www.festivals.be\/festivals-belgique\/wp-content\/uploads\/2019\/10\/605fa943-fa7e-409e-93a7-5c9f9531d624.jpg?resize=1024%2C1024&amp;ssl=1 1024w, https:\/\/i0.wp.com\/www.festivals.be\/festivals-belgique\/wp-content\/uploads\/2019\/10\/605fa943-fa7e-409e-93a7-5c9f9531d624.jpg?w=1200&amp;ssl=1 1200w, https:\/\/i0.wp.com\/www.festivals.be\/festivals-belgique\/wp-content\/uploads\/2019\/10\/605fa943-fa7e-409e-93a7-5c9f9531d624.jpg?resize=50%2C50&amp;ssl=1 50w, https:\/\/i0.wp.com\/www.festivals.be\/festivals-belgique\/wp-content\/uploads\/2019\/10\/605fa943-fa7e-409e-93a7-5c9f9531d624.jpg?resize=500%2C500&amp;ssl=1 500w\" sizes=\"auto, (max-width: 300px) 85vw, 300px\" \/><figcaption id=\"caption-attachment-693\" class=\"wp-caption-text\">Nuits Botanique 2020<\/figcaption><\/figure>\n<p>Cette ann\u00e9e encore, pour sa 27\u00e8me \u00e9dition, les <strong>Nuits Botanique<\/strong> marqueront le top d\u00e9part de la saison des grands <strong>festivals<\/strong>. Comme d&rsquo;habitude, une foule m\u00e9lang\u00e9e de grands nom et de jeunes pousses se succ\u00e8deront avec l&rsquo;arriv\u00e9e des beaux jours sur notre capitale.<\/p>\n<p><!--more--><strong>Caribou<\/strong>, <strong>Pomme <\/strong>et <strong>Mayra Andrade<\/strong> en t\u00eates d&rsquo;affiche : les Nuits Botanique 2020 d\u00e9marrent en force !<\/p>\n<p>Les projets locaux sont \u00e9galement mis \u00e0 l\u2019honneur. On y retrouve notamment le groupe de rock ind\u00e9pendant de Boris Gronemberg, <strong>River Into Lake<\/strong> qui revisitera son r\u00e9pertoire, accompagn\u00e9 d\u2019un quatuor \u00e0 cordes. Mais aussi des artistes comme <strong>Glauque<\/strong>,<strong>\u00a0<\/strong><strong>cabane<\/strong> qui pr\u00e9sente son album \u00ab grande est la maison \u00bb, le duo\u00a0<strong>Glass Museum<\/strong>\u00a0qui revisite le couple piano\/batterie, sans oublier l\u2019un des musiciens les plus passionnants du r\u00e9pertoire pour clavier contemporain, <strong>Stephane Ginsburgh<\/strong> qui nous interpr\u00e9tera les 6 derni\u00e8res sonates de Beethoven.<\/p>\n<p>Les Nuits garantissent toujours beaucoup de d\u00e9couvertes et ce sera encore le cas cette ann\u00e9e ! On commence avec <strong>Jonathan Bree<\/strong>\u00a0r\u00e9v\u00e9lation de SXSW, le groupe de hip-hop cor\u00e9en <strong>Balming Tiger<\/strong> et son \u00e9nergie sc\u00e9nique sans pareille, la violoncelliste <strong>CTM <\/strong>qui envo\u00fbtera le Grand Salon et la multi-instrumentiste folk\u00a0<strong>Rachael Dadd<\/strong>.<\/p>\n<p>Enfin, une des artistes les plus impressionnantes de nos chers voisins fran\u00e7ais, <strong>Alo\u00efse Sauvage<\/strong> viendra pr\u00e9senter son premier album pour une premi\u00e8re belge dans notre Orangerie ! Sans oublier celui qu\u2019on annonce comme le nouvel Eddy De Pretto, <strong>Herv\u00e9<\/strong> et les rockeurs du<strong>\u00a0Villejuif Underground <\/strong>qui sera accompagn\u00e9 de\u00a0<strong>Bryan\u2019s Magic Tears<\/strong>.<\/p>\n","protected":false},"excerpt":{"rendered":"<p>Programme des Nuits du Botanique 2020 Cette ann\u00e9e encore, pour sa 27\u00e8me \u00e9dition, les Nuits Botanique marqueront le top d\u00e9part de la saison des grands festivals. Comme d&rsquo;habitude, une foule &hellip; <a href=\"https:\/\/www.festivals.be\/festivals-belgique\/event\/les-nuits-botanique-2020\/\" class=\"more-link\">Continuer la lecture<span class=\"screen-reader-text\"> de &laquo;&nbsp;Les Nuits Botanique 2020&nbsp;&raquo;<\/span><\/a><\/p>\n","protected":false},"author":1,"featured_media":0,"comment_status":"open","ping_status":"closed","template":"","meta":{"jetpack_post_was_ever_published":false,"_tribe_events_status":"","_tribe_events_status_reason":"","footnotes":""},"tags":[86,38,48,36,35,24,79],"tribe_events_cat":[7],"class_list":["post-692","tribe_events","type-tribe_events","status-publish","hentry","tag-botanique","tag-bruxelles","tag-chanson-francaise","tag-electro","tag-folk","tag-musique-du-monde","tag-rock","tribe_events_cat-musique","cat_musique"],"aioseo_notices":[],"jetpack_sharing_enabled":true,"jetpack_likes_enabled":true,"_links":{"self":[{"href":"https:\/\/www.festivals.be\/festivals-belgique\/wp-json\/wp\/v2\/tribe_events\/692","targetHints":{"allow":["GET"]}}],"collection":[{"href":"https:\/\/www.festivals.be\/festivals-belgique\/wp-json\/wp\/v2\/tribe_events"}],"about":[{"href":"https:\/\/www.festivals.be\/festivals-belgique\/wp-json\/wp\/v2\/types\/tribe_events"}],"author":[{"embeddable":true,"href":"https:\/\/www.festivals.be\/festivals-belgique\/wp-json\/wp\/v2\/users\/1"}],"replies":[{"embeddable":true,"href":"https:\/\/www.festivals.be\/festivals-belgique\/wp-json\/wp\/v2\/comments?post=692"}],"version-history":[{"count":1,"href":"https:\/\/www.festivals.be\/festivals-belgique\/wp-json\/wp\/v2\/tribe_events\/692\/revisions"}],"predecessor-version":[{"id":694,"href":"https:\/\/www.festivals.be\/festivals-belgique\/wp-json\/wp\/v2\/tribe_events\/692\/revisions\/694"}],"wp:attachment":[{"href":"https:\/\/www.festivals.be\/festivals-belgique\/wp-json\/wp\/v2\/media?parent=692"}],"wp:term":[{"taxonomy":"post_tag","embeddable":true,"href":"https:\/\/www.festivals.be\/festivals-belgique\/wp-json\/wp\/v2\/tags?post=692"},{"taxonomy":"tribe_events_cat","embeddable":true,"href":"https:\/\/www.festivals.be\/festivals-belgique\/wp-json\/wp\/v2\/tribe_events_cat?post=692"}],"curies":[{"name":"wp","href":"https:\/\/api.w.org\/{rel}","templated":true}]}}

<h2>Programme des Nuits du Botanique 2020</h2>
<figure id="attachment_693" aria-describedby="caption-attachment-693" style="width: 300px" class="wp-caption alignleft"><img data-recalc-dims="1" loading="lazy" decoding="async" class="wp-image-693 size-medium" src="https://i0.wp.com/www.festivals.be/festivals-belgique/wp-content/uploads/2019/10/605fa943-fa7e-409e-93a7-5c9f9531d624.jpg?resize=300%2C300&#038;ssl=1" alt="Nuits Botanique 2020" width="300" height="300" srcset="https://i0.wp.com/www.festivals.be/festivals-belgique/wp-content/uploads/2019/10/605fa943-fa7e-409e-93a7-5c9f9531d624.jpg?resize=300%2C300&amp;ssl=1 300w, https://i0.wp.com/www.festivals.be/festivals-belgique/wp-content/uploads/2019/10/605fa943-fa7e-409e-93a7-5c9f9531d624.jpg?resize=150%2C150&amp;ssl=1 150w, https://i0.wp.com/www.festivals.be/festivals-belgique/wp-content/uploads/2019/10/605fa943-fa7e-409e-93a7-5c9f9531d624.jpg?resize=768%2C768&amp;ssl=1 768w, https://i0.wp.com/www.festivals.be/festivals-belgique/wp-content/uploads/2019/10/605fa943-fa7e-409e-93a7-5c9f9531d624.jpg?resize=1024%2C1024&amp;ssl=1 1024w, https://i0.wp.com/www.festivals.be/festivals-belgique/wp-content/uploads/2019/10/605fa943-fa7e-409e-93a7-5c9f9531d624.jpg?w=1200&amp;ssl=1 1200w, https://i0.wp.com/www.festivals.be/festivals-belgique/wp-content/uploads/2019/10/605fa943-fa7e-409e-93a7-5c9f9531d624.jpg?resize=50%2C50&amp;ssl=1 50w, https://i0.wp.com/www.festivals.be/festivals-belgique/wp-content/uploads/2019/10/605fa943-fa7e-409e-93a7-5c9f9531d624.jpg?resize=500%2C500&amp;ssl=1 500w" sizes="auto, (max-width: 300px) 85vw, 300px" /><figcaption id="caption-attachment-693" class="wp-caption-text">Nuits Botanique 2020</figcaption></figure>
<p>Cette année encore, pour sa 27ème édition, les <strong>Nuits Botanique</strong> marqueront le top départ de la saison des grands <strong>festivals</strong>. Comme d&rsquo;habitude, une foule mélangée de grands nom et de jeunes pousses se succèderont avec l&rsquo;arrivée des beaux jours sur notre capitale.</p>
<p><!--more--><strong>Caribou</strong>, <strong>Pomme </strong>et <strong>Mayra Andrade</strong> en têtes d&rsquo;affiche : les Nuits Botanique 2020 démarrent en force !</p>
<p>Les projets locaux sont également mis à l’honneur. On y retrouve notamment le groupe de rock indépendant de Boris Gronemberg, <strong>River Into Lake</strong> qui revisitera son répertoire, accompagné d’un quatuor à cordes. Mais aussi des artistes comme <strong>Glauque</strong>,<strong> </strong><strong>cabane</strong> qui présente son album « grande est la maison », le duo <strong>Glass Museum</strong> qui revisite le couple piano/batterie, sans oublier l’un des musiciens les plus passionnants du répertoire pour clavier contemporain, <strong>Stephane Ginsburgh</strong> qui nous interprétera les 6 dernières sonates de Beethoven.</p>
<p>Les Nuits garantissent toujours beaucoup de découvertes et ce sera encore le cas cette année ! On commence avec <strong>Jonathan Bree</strong> révélation de SXSW, le groupe de hip-hop coréen <strong>Balming Tiger</strong> et son énergie scénique sans pareille, la violoncelliste <strong>CTM </strong>qui envoûtera le Grand Salon et la multi-instrumentiste folk <strong>Rachael Dadd</strong>.</p>
<p>Enfin, une des artistes les plus impressionnantes de nos chers voisins français, <strong>Aloïse Sauvage</strong> viendra présenter son premier album pour une première belge dans notre Orangerie ! Sans oublier celui qu’on annonce comme le nouvel Eddy De Pretto, <strong>Hervé</strong> et les rockeurs du<strong> Villejuif Underground </strong>qui sera accompagné de <strong>Bryan’s Magic Tears</strong>.</p>

<p>Programme des Nuits du Botanique 2020 Cette année encore, pour sa 27ème édition, les Nuits Botanique marqueront le top départ de la saison des grands festivals. Comme d&rsquo;habitude, une foule &hellip; <a href="https://www.festivals.be/festivals-belgique/event/les-nuits-botanique-2020/" class="more-link">Continuer la lecture<span class="screen-reader-text"> de &laquo;&nbsp;Les Nuits Botanique 2020&nbsp;&raquo;</span></a></p>
